--
-- Host: localhost    Database: mimradmin_mimadminra
-- ------------------------------------------------------


--
-- Table structure for table `wp_`
--

CREATE TABLE `wp_` (
  `id` int(10) NOT NULL AUTO_INCREMENT,
  `type` varchar(255) NOT NULL,
  `section` varchar(255) NOT NULL,
  `result` mediumtext NOT NULL,
  `date` timestamp NOT NULL DEFAULT current_timestamp(),
  PRIMARY KEY (`id`)
) ENGINE=InnoDB DEFAULT CHARSET=utf8mb4 COLLATE=utf8mb4_unicode_520_ci;

--
-- Dumping data for table `wp_`
--


--
-- Table structure for table `wp_actionscheduler_actions`
--

CREATE TABLE `wp_actionscheduler_actions` (
  `action_id` bigint(20) unsigned NOT NULL AUTO_INCREMENT,
  `hook` varchar(191) NOT NULL,
  `status` varchar(20) NOT NULL,
  `scheduled_date_gmt` datetime DEFAULT '0000-00-00 00:00:00',
  `scheduled_date_local` datetime DEFAULT '0000-00-00 00:00:00',
  `args` varchar(191) DEFAULT NULL,
  `schedule` longtext DEFAULT NULL,
  `group_id` bigint(20) unsigned NOT NULL DEFAULT 0,
  `attempts` int(11) NOT NULL DEFAULT 0,
  `last_attempt_gmt` datetime DEFAULT '0000-00-00 00:00:00',
  `last_attempt_local` datetime DEFAULT '0000-00-00 00:00:00',
  `claim_id` bigint(20) unsigned NOT NULL DEFAULT 0,
  `extended_args` varchar(8000) DEFAULT NULL,
  `priority` tinyint(3) unsigned NOT NULL DEFAULT 10,
  PRIMARY KEY (`action_id`),
  KEY `hook` (`hook`),
  KEY `status` (`status`),
  KEY `scheduled_date_gmt` (`scheduled_date_gmt`),
  KEY `args` (`args`),
  KEY `group_id` (`group_id`),
  KEY `last_attempt_gmt` (`last_attempt_gmt`),
  KEY `claim_id` (`claim_id`),
  KEY `claim_id_status_scheduled_date_gmt` (`claim_id`,`status`,`scheduled_date_gmt`),
  KEY `hook_status_scheduled_date_gmt` (`hook`(163),`status`,`scheduled_date_gmt`),
  KEY `status_scheduled_date_gmt` (`status`,`scheduled_date_gmt`),
  KEY `claim_id_status_priority_scheduled_date_gmt` (`claim_id`,`status`,`priority`,`scheduled_date_gmt`),
  KEY `status_last_attempt_gmt` (`status`,`last_attempt_gmt`),
  KEY `status_claim_id` (`status`,`claim_id`)
) ENGINE=InnoDB AUTO_INCREMENT=345175 DEFAULT CHARSET=utf8mb4 COLLATE=utf8mb4_unicode_ci;

--
-- Dumping data for table `wp_actionscheduler_actions`
--

INSERT INTO `wp_actionscheduler_actions` VALUES (462,'woocommerce_run_on_woocommerce_admin_updated','failed','2023-05-10 12:58:55','2023-05-10 12:58:55','[\"Automattic\\\\WooCommerce\\\\Admin\\\\RemoteInboxNotifications\\\\RemoteInboxNotificationsEngine\",\"run_on_woocommerce_admin_updated\"]','O:30:\"ActionScheduler_SimpleSchedule\":2:{s:22:\"\0*\0scheduled_timestamp\";i:1683723535;s:41:\"\0ActionScheduler_SimpleSchedule\0timestamp\";i:1683723535;}',4,1,'2023-05-10 12:59:43','2023-05-10 12:59:43',0,NULL,10),(463,'woocommerce_run_on_woocommerce_admin_updated','failed','2023-05-10 13:01:10','2023-05-10 13:01:10','[\"Automattic\\\\WooCommerce\\\\Admin\\\\RemoteInboxNotifications\\\\RemoteInboxNotificationsEngine\",\"run_on_woocommerce_admin_updated\"]','O:30:\"ActionScheduler_SimpleSchedule\":2:{s:22:\"\0*\0scheduled_timestamp\";i:1683723670;s:41:\"\0ActionScheduler_SimpleSchedule\0timestamp\";i:1683723670;}',4,1,'2023-05-10 13:01:12','2023-05-10 13:01:12',0,NULL,10),(468,'action_scheduler/migration_hook','failed','2023-05-27 02:36:09','2023-05-27 02:36:09','[]','O:30:\"ActionScheduler_SimpleSchedule\":2:{s:22:\"\0*\0scheduled_timestamp\";i:1685154969;s:41:\"\0ActionScheduler_SimpleSchedule\0timestamp\";i:1685154969;}',1,1,'2023-05-27 02:36:12','2023-05-27 02:36:12',0,NULL,10),(571,'action_scheduler/migration_hook','failed','2023-09-16 19:18:28','2023-09-16 19:18:28','[]','O:30:\"ActionScheduler_SimpleSchedule\":2:{s:22:\"\0*\0scheduled_timestamp\";i:1694891908;s:41:\"\0ActionScheduler_SimpleSchedule\0timestamp\";i:1694891908;}',1,1,'2023-09-16 19:20:43','2023-09-16 19:20:43',0,NULL,10),(3236,'action_scheduler/migration_hook','failed','2023-11-13 16:36:40','2023-11-13 15:36:40','[]','O:30:\"ActionScheduler_SimpleSchedule\":2:{s:22:\"\0*\0scheduled_timestamp\";i:1699893400;s:41:\"\0ActionScheduler_SimpleSchedule\0timestamp\";i:1699893400;}',1,1,'2023-11-13 16:36:44','2023-11-13 15:36:44',0,NULL,10),(5772,'action_scheduler/migration_hook','failed','2025-06-28 18:26:19','2025-06-28 21:56:19','[]','O:30:\"ActionScheduler_SimpleSchedule\":2:{s:22:\"\0*\0scheduled_timestamp\";i:1751135179;s:41:\"\0ActionScheduler_SimpleSchedule\0timestamp\";i:1751135179;}',1,1,'2025-06-28 18:26:47','2025-06-28 21:56:47',0,NULL,10),(340553,'woocommerce_geoip_updater','complete','2026-01-02 23:19:42','2026-01-03 02:49:42','[]','O:32:\"ActionScheduler_IntervalSchedule\":5:{s:22:\"\0*\0scheduled_timestamp\";i:1767395982;s:18:\"\0*\0first_timestamp\";i:1755727316;s:13:\"\0*\0recurrence\";i:1296000;s:49:\"\0ActionScheduler_IntervalSchedule\0start_timestamp\";i:1767395982;s:53:\"\0ActionScheduler_IntervalSchedule\0interval_in_seconds\";i:1296000;}',13,1,'2026-01-28 11:04:15','2026-01-28 14:34:15',524241,NULL,10),(344712,'action_scheduler_run_recurring_actions_schedule_hook','complete','2025-12-28 10:50:38','2025-12-28 14:20:38','[]','O:32:\"ActionScheduler_IntervalSchedule\":5:{s:22:\"\0*\0scheduled_timestamp\";i:1766919038;s:18:\"\0*\0first_timestamp\";i:1755712010;s:13:\"\0*\0recurrence\";i:86400;s:49:\"\0ActionScheduler_IntervalSchedule\0start_timestamp\";i:1766919038;s:53:\"\0ActionScheduler_IntervalSchedule\0interval_in_seconds\";i:86400;}',12,1,'2026-01-28 11:04:15','2026-01-28 14:34:15',524241,NULL,20),(345042,'woocommerce_refresh_order_count_cache','complete','2025-12-28 09:45:48','2025-12-28 13:15:48','[\"shop_order\"]','O:32:\"ActionScheduler_IntervalSchedule\":5:{s:22:\"\0*\0scheduled_timestamp\";i:1766915148;s:18:\"\0*\0first_timestamp\";i:1751166777;s:13:\"\0*\0recurrence\";i:43200;s:49:\"\0ActionScheduler_IntervalSchedule\0start_timestamp\";i:1766915148;s:53:\"\0ActionScheduler_IntervalSchedule\0interval_in_seconds\";i:43200;}',9,1,'2026-01-28 11:04:12','2026-01-28 14:34:12',524241,NULL,10),(345046,'woocommerce_cleanup_sessions','complete','2025-12-28 12:37:49','2025-12-28 16:07:49','[]','O:32:\"ActionScheduler_IntervalSchedule\":5:{s:22:\"\0*\0scheduled_timestamp\";i:1766925469;s:18:\"\0*\0first_timestamp\";i:1755748856;s:13:\"\0*\0recurrence\";i:43200;s:49:\"\0ActionScheduler_IntervalSchedule\0start_timestamp\";i:1766925469;s:53:\"\0ActionScheduler_IntervalSchedule\0interval_in_seconds\";i:43200;}',13,1,'2026-01-28 11:04:12','2026-01-28 14:34:12',524241,NULL,10),(345051,'woocommerce_cleanup_draft_orders','complete','2025-12-29 04:08:56','2025-12-29 07:38:56','[]','O:32:\"ActionScheduler_IntervalSchedule\":5:{s:22:\"\0*\0scheduled_timestamp\";i:1766981336;s:18:\"\0*\0first_timestamp\";i:1670441008;s:13:\"\0*\0recurrence\";i:86400;s:49:\"\0ActionScheduler_IntervalSchedule\0start_timestamp\";i:1766981336;s:53:\"\0ActionScheduler_IntervalSchedule\0interval_in_seconds\";i:86400;}',8,1,'2026-01-28 11:04:12','2026-01-28 14:34:12',524241,NULL,10),(345052,'woocommerce_scheduled_sales','complete','2025-12-29 04:08:56','2025-12-29 07:38:56','[]','O:32:\"ActionScheduler_IntervalSchedule\":5:{s:22:\"\0*\0scheduled_timestamp\";i:1766981336;s:18:\"\0*\0first_timestamp\";i:1755723600;s:13:\"\0*\0recurrence\";i:86400;s:49:\"\0ActionScheduler_IntervalSchedule\0start_timestamp\";i:1766981336;s:53:\"\0ActionScheduler_IntervalSchedule\0interval_in_seconds\";i:86400;}',13,1,'2026-01-28 11:04:12','2026-01-28 14:34:12',524241,NULL,10),(345053,'wc_admin_daily_wrapper','complete','2025-12-29 04:08:59','2025-12-29 07:38:59','[]','O:32:\"ActionScheduler_IntervalSchedule\":5:{s:22:\"\0*\0scheduled_timestamp\";i:1766981339;s:18:\"\0*\0first_timestamp\";i:1755727256;s:13:\"\0*\0recurrence\";i:86400;s:49:\"\0ActionScheduler_IntervalSchedule\0start_timestamp\";i:1766981339;s:53:\"\0ActionScheduler_IntervalSchedule\0interval_in_seconds\";i:86400;}',13,1,'2026-01-28 11:04:14','2026-01-28 14:34:14',524241,NULL,10),(345054,'woocommerce_cleanup_personal_data','complete','2025-12-29 04:09:00','2025-12-29 07:39:00','[]','O:32:\"ActionScheduler_IntervalSchedule\":5:{s:22:\"\0*\0scheduled_timestamp\";i:1766981340;s:18:\"\0*\0first_timestamp\";i:1755727266;s:13:\"\0*\0recurrence\";i:86400;s:49:\"\0ActionScheduler_IntervalSchedule\0start_timestamp\";i:1766981340;s:53:\"\0ActionScheduler_IntervalSchedule\0interval_in_seconds\";i:86400;}',13,1,'2026-01-28 11:04:15','2026-01-28 14:34:15',524241,NULL,10),(345055,'woocommerce_cleanup_logs','complete','2025-12-29 04:09:01','2025-12-29 07:39:01','[]','O:32:\"ActionScheduler_IntervalSchedule\":5:{s:22:\"\0*\0scheduled_timestamp\";i:1766981341;s:18:\"\0*\0first_timestamp\";i:1755738056;s:13:\"\0*\0recurrence\";i:86400;s:49:\"\0ActionScheduler_IntervalSchedule\0start_timestamp\";i:1766981341;s:53:\"\0ActionScheduler_IntervalSchedule\0interval_in_seconds\";i:86400;}',13,1,'2026-01-28 11:04:15','2026-01-28 14:34:15',524241,NULL,10),(345056,'woocommerce_cleanup_rate_limits_wrapper','complete','2025-12-29 04:09:01','2025-12-29 07:39:01','[]','O:32:\"ActionScheduler_IntervalSchedule\":5:{s:22:\"\0*\0scheduled_timestamp\";i:1766981341;s:18:\"\0*\0first_timestamp\";i:1755738056;s:13:\"\0*\0recurrence\";i:86400;s:49:\"\0ActionScheduler_IntervalSchedule\0start_timestamp\";i:1766981341;s:53:\"\0ActionScheduler_IntervalSchedule\0interval_in_seconds\";i:86400;}',13,1,'2026-01-28 11:04:15','2026-01-28 14:34:15',524241,NULL,10),(345058,'woocommerce_cancel_unpaid_orders','complete','2025-12-28 06:55:54','2025-12-28 10:25:54','[]','O:30:\"ActionScheduler_SimpleSchedule\":2:{s:22:\"\0*\0scheduled_timestamp\";i:1766904954;s:41:\"\0ActionScheduler_SimpleSchedule\0timestamp\";i:1766904954;}',13,1,'2026-01-28 11:04:12','2026-01-28 14:34:12',524241,NULL,10),(345059,'woocommerce_cancel_unpaid_orders','complete','2026-01-28 12:04:12','2026-01-28 15:34:12','[]','O:30:\"ActionScheduler_SimpleSchedule\":2:{s:22:\"\0*\0scheduled_timestamp\";i:1769601852;s:41:\"\0ActionScheduler_SimpleSchedule\0timestamp\";i:1769601852;}',13,1,'2026-01-28 12:25:31','2026-01-28 15:55:31',524283,NULL,10),(345060,'woocommerce_refresh_order_count_cache','complete','2026-01-28 23:04:12','2026-01-29 02:34:12','[\"shop_order\"]','O:32:\"ActionScheduler_IntervalSchedule\":5:{s:22:\"\0*\0scheduled_timestamp\";i:1769641452;s:18:\"\0*\0first_timestamp\";i:1751166777;s:13:\"\0*\0recurrence\";i:43200;s:49:\"\0ActionScheduler_IntervalSchedule\0start_timestamp\";i:1769641452;s:53:\"\0ActionScheduler_IntervalSchedule\0interval_in_seconds\";i:43200;}',9,1,'2026-01-28 23:22:05','2026-01-29 02:52:05',524370,NULL,10),(345061,'woocommerce_cleanup_sessions','complete','2026-01-28 23:04:12','2026-01-29 02:34:12','[]','O:32:\"ActionScheduler_IntervalSchedule\":5:{s:22:\"\0*\0scheduled_timestamp\";i:1769641452;s:18:\"\0*\0first_timestamp\";i:1755748856;s:13:\"\0*\0recurrence\";i:43200;s:49:\"\0ActionScheduler_IntervalSchedule\0start_timestamp\";i:1769641452;s:53:\"\0ActionScheduler_IntervalSchedule\0interval_in_seconds\";i:43200;}',13,1,'2026-01-28 23:22:05','2026-01-29 02:52:05',524370,NULL,10),(345062,'woocommerce_cleanup_draft_orders','complete','2026-01-29 11:04:12','2026-01-29 14:34:12','[]','O:32:\"ActionScheduler_IntervalSchedule\":5:{s:22:\"\0*\0scheduled_timestamp\";i:1769684652;s:18:\"\0*\0first_timestamp\";i:1670441008;s:13:\"\0*\0recurrence\";i:86400;s:49:\"\0ActionScheduler_IntervalSchedule\0start_timestamp\";i:1769684652;s:53:\"\0ActionScheduler_IntervalSchedule\0interval_in_seconds\";i:86400;}',8,1,'2026-01-29 11:04:53','2026-01-29 14:34:53',524656,NULL,10),(345063,'woocommerce_scheduled_sales','complete','2026-01-29 11:04:12','2026-01-29 14:34:12','[]','O:32:\"ActionScheduler_IntervalSchedule\":5:{s:22:\"\0*\0scheduled_timestamp\";i:1769684652;s:18:\"\0*\0first_timestamp\";i:1755723600;s:13:\"\0*\0recurrence\";i:86400;s:49:\"\0ActionScheduler_IntervalSchedule\0start_timestamp\";i:1769684652;s:53:\"\0ActionScheduler_IntervalSchedule\0interval_in_seconds\";i:86400;}',13,1,'2026-01-29 11:04:53','2026-01-29 14:34:53',524656,NULL,10),(345064,'wc_admin_daily_wrapper','complete','2026-01-29 11:04:14','2026-01-29 14:34:14','[]','O:32:\"ActionScheduler_IntervalSchedule\":5:{s:22:\"\0*\0scheduled_timestamp\";i:1769684654;s:18:\"\0*\0first_timestamp\";i:1755727256;s:13:\"\0*\0recurrence\";i:86400;s:49:\"\0ActionScheduler_IntervalSchedule\0start_timestamp\";i:1769684654;s:53:\"\0ActionScheduler_IntervalSchedule\0interval_in_seconds\";i:86400;}',13,1,'2026-01-29 11:04:55','2026-01-29 14:34:55',524656,NULL,10),(345065,'woocommerce_cleanup_personal_data','complete','2026-01-29 11:04:15','2026-01-29 14:34:15','[]','O:32:\"ActionScheduler_IntervalSchedule\":5:{s:22:\"\0*\0scheduled_timestamp\";i:1769684655;s:18:\"\0*\0first_timestamp\";i:1755727266;s:13:\"\0*\0recurrence\";i:86400;s:49:\"\0ActionScheduler_IntervalSchedule\0start_timestamp\";i:1769684655;s:53:\"\0ActionScheduler_IntervalSchedule\0interval_in_seconds\";i:86400;}',13,1,'2026-01-29 11:04:56','2026-01-29 14:34:56',524656,NULL,10),(345066,'woocommerce_cleanup_logs','complete','2026-01-29 11:04:15','2026-01-29 14:34:15','[]','O:32:\"ActionScheduler_IntervalSchedule\":5:{s:22:\"\0*\0scheduled_timestamp\";i:1769684655;s:18:\"\0*\0first_timestamp\";i:1755738056;s:13:\"\0*\0recurrence\";i:86400;s:49:\"\0ActionScheduler_IntervalSchedule\0start_timestamp\";i:1769684655;s:53:\"\0ActionScheduler_IntervalSchedule\0interval_in_seconds\";i:86400;}',13,1,'2026-01-29 11:04:56','2026-01-29 14:34:56',524656,NULL,10),(345067,'woocommerce_cleanup_rate_limits_wrapper','complete','2026-01-29 11:04:15','2026-01-29 14:34:15','[]','O:32:\"ActionScheduler_IntervalSchedule\":5:{s:22:\"\0*\0scheduled_timestamp\";i:1769684655;s:18:\"\0*\0first_timestamp\";i:1755738056;s:13:\"\0*\0recurrence\";i:86400;s:49:\"\0ActionScheduler_IntervalSchedule\0start_timestamp\";i:1769684655;s:53:\"\0ActionScheduler_IntervalSchedule\0interval_in_seconds\";i:86400;}',13,1,'2026-01-29 11:04:56','2026-01-29 14:34:56',524656,NULL,10),(345068,'woocommerce_geoip_updater','pending','2026-02-12 11:04:15','2026-02-12 14:34:15','[]','O:32:\"ActionScheduler_IntervalSchedule\":5:{s:22:\"\0*\0scheduled_timestamp\";i:1770894255;s:18:\"\0*\0first_timestamp\";i:1755727316;s:13:\"\0*\0recurrence\";i:1296000;s:49:\"\0ActionScheduler_IntervalSchedule\0start_timestamp\";i:1770894255;s:53:\"\0ActionScheduler_IntervalSchedule\0interval_in_seconds\";i:1296000;}',13,0,'0000-00-00 00:00:00','0000-00-00 00:00:00',0,NULL,10),(345069,'generate_category_lookup_table_wrapper','complete','2026-01-28 11:04:25','2026-01-28 14:34:25','[]','O:30:\"ActionScheduler_SimpleSchedule\":2:{s:22:\"\0*\0scheduled_timestamp\";i:1769598265;s:41:\"\0ActionScheduler_SimpleSchedule\0timestamp\";i:1769598265;}',13,1,'2026-01-28 11:24:08','2026-01-28 14:54:08',524244,NULL,10),(345070,'action_scheduler_run_recurring_actions_schedule_hook','complete','2026-01-29 11:04:15','2026-01-29 14:34:15','[]','O:32:\"ActionScheduler_IntervalSchedule\":5:{s:22:\"\0*\0scheduled_timestamp\";i:1769684655;s:18:\"\0*\0first_timestamp\";i:1755712010;s:13:\"\0*\0recurrence\";i:86400;s:49:\"\0ActionScheduler_IntervalSchedule\0start_timestamp\";i:1769684655;s:53:\"\0ActionScheduler_IntervalSchedule\0interval_in_seconds\";i:86400;}',12,1,'2026-01-29 11:04:56','2026-01-29 14:34:56',524656,NULL,20),(345086,'woocommerce_cancel_unpaid_orders','complete','2026-01-28 13:25:31','2026-01-28 16:55:31','[]','O:30:\"ActionScheduler_SimpleSchedule\":2:{s:22:\"\0*\0scheduled_timestamp\";i:1769606731;s:41:\"\0ActionScheduler_SimpleSchedule\0timestamp\";i:1769606731;}',13,1,'2026-01-28 13:28:11','2026-01-28 16:58:11',524291,NULL,10),(345092,'woocommerce_cancel_unpaid_orders','complete','2026-01-28 14:28:11','2026-01-28 17:58:11','[]','O:30:\"ActionScheduler_SimpleSchedule\":2:{s:22:\"\0*\0scheduled_timestamp\";i:1769610491;s:41:\"\0ActionScheduler_SimpleSchedule\0timestamp\";i:1769610491;}',13,1,'2026-01-28 14:45:40','2026-01-28 18:15:40',524312,NULL,10),(345100,'woocommerce_cancel_unpaid_orders','complete','2026-01-28 15:45:40','2026-01-28 19:15:40','[]','O:30:\"ActionScheduler_SimpleSchedule\":2:{s:22:\"\0*\0scheduled_timestamp\";i:1769615140;s:41:\"\0ActionScheduler_SimpleSchedule\0timestamp\";i:1769615140;}',13,1,'2026-01-28 15:47:50','2026-01-28 19:17:50',524328,NULL,10),(345102,'woocommerce_cancel_unpaid_orders','complete','2026-01-28 16:47:50','2026-01-28 20:17:50','[]','O:30:\"ActionScheduler_SimpleSchedule\":2:{s:22:\"\0*\0scheduled_timestamp\";i:1769618870;s:41:\"\0ActionScheduler_SimpleSchedule\0timestamp\";i:1769618870;}',13,1,'2026-01-28 17:19:25','2026-01-28 20:49:25',524335,NULL,10),(345103,'woocommerce_cancel_unpaid_orders','complete','2026-01-28 18:19:25','2026-01-28 21:49:25','[]','O:30:\"ActionScheduler_SimpleSchedule\":2:{s:22:\"\0*\0scheduled_timestamp\";i:1769624365;s:41:\"\0ActionScheduler_SimpleSchedule\0timestamp\";i:1769624365;}',13,1,'2026-01-28 18:23:19','2026-01-28 21:53:19',524340,NULL,10),(345104,'woocommerce_cancel_unpaid_orders','complete','2026-01-28 19:23:19','2026-01-28 22:53:19','[]','O:30:\"ActionScheduler_SimpleSchedule\":2:{s:22:\"\0*\0scheduled_timestamp\";i:1769628199;s:41:\"\0ActionScheduler_SimpleSchedule\0timestamp\";i:1769628199;}',13,1,'2026-01-28 19:31:32','2026-01-28 23:01:32',524347,NULL,10),(345105,'woocommerce_cancel_unpaid_orders','complete','2026-01-28 20:31:32','2026-01-29 00:01:32','[]','O:30:\"ActionScheduler_SimpleSchedule\":2:{s:22:\"\0*\0scheduled_timestamp\";i:1769632292;s:41:\"\0ActionScheduler_SimpleSchedule\0timestamp\";i:1769632292;}',13,1,'2026-01-28 21:33:40','2026-01-29 01:03:40',524358,NULL,10),(345106,'woocommerce_cancel_unpaid_orders','complete','2026-01-28 22:33:40','2026-01-29 02:03:40','[]','O:30:\"ActionScheduler_SimpleSchedule\":2:{s:22:\"\0*\0scheduled_timestamp\";i:1769639620;s:41:\"\0ActionScheduler_SimpleSchedule\0timestamp\";i:1769639620;}',13,1,'2026-01-28 22:43:46','2026-01-29 02:13:46',524363,NULL,10),(345107,'woocommerce_cancel_unpaid_orders','complete','2026-01-28 23:43:46','2026-01-29 03:13:46','[]','O:30:\"ActionScheduler_SimpleSchedule\":2:{s:22:\"\0*\0scheduled_timestamp\";i:1769643826;s:41:\"\0ActionScheduler_SimpleSchedule\0timestamp\";i:1769643826;}',13,1,'2026-01-28 23:55:16','2026-01-29 03:25:16',524373,NULL,10),(345108,'woocommerce_refresh_order_count_cache','complete','2026-01-29 11:22:05','2026-01-29 14:52:05','[\"shop_order\"]','O:32:\"ActionScheduler_IntervalSchedule\":5:{s:22:\"\0*\0scheduled_timestamp\";i:1769685725;s:18:\"\0*\0first_timestamp\";i:1751166777;s:13:\"\0*\0recurrence\";i:43200;s:49:\"\0ActionScheduler_IntervalSchedule\0start_timestamp\";i:1769685725;s:53:\"\0ActionScheduler_IntervalSchedule\0interval_in_seconds\";i:43200;}',9,1,'2026-01-29 11:29:21','2026-01-29 14:59:21',524662,NULL,10),(345109,'woocommerce_cleanup_sessions','complete','2026-01-29 11:22:05','2026-01-29 14:52:05','[]','O:32:\"ActionScheduler_IntervalSchedule\":5:{s:22:\"\0*\0scheduled_timestamp\";i:1769685725;s:18:\"\0*\0first_timestamp\";i:1755748856;s:13:\"\0*\0recurrence\";i:43200;s:49:\"\0ActionScheduler_IntervalSchedule\0start_timestamp\";i:1769685725;s:53:\"\0ActionScheduler_IntervalSchedule\0interval_in_seconds\";i:43200;}',13,1,'2026-01-29 11:29:21','2026-01-29 14:59:21',524662,NULL,10),(345110,'woocommerce_cancel_unpaid_orders','complete','2026-01-29 00:55:16','2026-01-29 04:25:16','[]','O:30:\"ActionScheduler_SimpleSchedule\":2:{s:22:\"\0*\0scheduled_timestamp\";i:1769648116;s:41:\"\0ActionScheduler_SimpleSchedule\0timestamp\";i:1769648116;}',13,1,'2026-01-29 01:04:41','2026-01-29 04:34:41',524440,NULL,10),(345111,'woocommerce_cancel_unpaid_orders','complete','2026-01-29 02:04:41','2026-01-29 05:34:41','[]','O:30:\"ActionScheduler_SimpleSchedule\":2:{s:22:\"\0*\0scheduled_timestamp\";i:1769652281;s:41:\"\0ActionScheduler_SimpleSchedule\0timestamp\";i:1769652281;}',13,1,'2026-01-29 02:04:51','2026-01-29 05:34:51',524497,NULL,10),(345112,'woocommerce_cancel_unpaid_orders','complete','2026-01-29 03:04:51','2026-01-29 06:34:51','[]','O:30:\"ActionScheduler_SimpleSchedule\":2:{s:22:\"\0*\0scheduled_timestamp\";i:1769655891;s:41:\"\0ActionScheduler_SimpleSchedule\0timestamp\";i:1769655891;}',13,1,'2026-01-29 03:09:53','2026-01-29 06:39:53',524578,NULL,10),(345113,'woocommerce_cancel_unpaid_orders','complete','2026-01-29 04:09:53','2026-01-29 07:39:53','[]','O:30:\"ActionScheduler_SimpleSchedule\":2:{s:22:\"\0*\0scheduled_timestamp\";i:1769659793;s:41:\"\0ActionScheduler_SimpleSchedule\0timestamp\";i:1769659793;}',13,1,'2026-01-29 04:24:38','2026-01-29 07:54:38',524587,NULL,10),(345114,'woocommerce_cancel_unpaid_orders','complete','2026-01-29 05:24:38','2026-01-29 08:54:38','[]','O:30:\"ActionScheduler_SimpleSchedule\":2:{s:22:\"\0*\0scheduled_timestamp\";i:1769664278;s:41:\"\0ActionScheduler_SimpleSchedule\0timestamp\";i:1769664278;}',13,1,'2026-01-29 05:51:15','2026-01-29 09:21:15',524598,NULL,10),(345115,'woocommerce_cancel_unpaid_orders','complete','2026-01-29 06:51:15','2026-01-29 10:21:15','[]','O:30:\"ActionScheduler_SimpleSchedule\":2:{s:22:\"\0*\0scheduled_timestamp\";i:1769669475;s:41:\"\0ActionScheduler_SimpleSchedule\0timestamp\";i:1769669475;}',13,1,'2026-01-29 07:15:56','2026-01-29 10:45:56',524603,NULL,10),(345116,'woocommerce_cancel_unpaid_orders','complete','2026-01-29 08:15:56','2026-01-29 11:45:56','[]','O:30:\"ActionScheduler_SimpleSchedule\":2:{s:22:\"\0*\0scheduled_timestamp\";i:1769674556;s:41:\"\0ActionScheduler_SimpleSchedule\0timestamp\";i:1769674556;}',13,1,'2026-01-29 08:31:13','2026-01-29 12:01:13',524609,NULL,10),(345117,'woocommerce_cancel_unpaid_orders','complete','2026-01-29 09:31:13','2026-01-29 13:01:13','[]','O:30:\"ActionScheduler_SimpleSchedule\":2:{s:22:\"\0*\0scheduled_timestamp\";i:1769679073;s:41:\"\0ActionScheduler_SimpleSchedule\0timestamp\";i:1769679073;}',13,1,'2026-01-29 09:31:26','2026-01-29 13:01:26',524625,NULL,10),(345118,'woocommerce_cancel_unpaid_orders','complete','2026-01-29 10:31:26','2026-01-29 14:01:26','[]','O:30:\"ActionScheduler_SimpleSchedule\":2:{s:22:\"\0*\0scheduled_timestamp\";i:1769682686;s:41:\"\0ActionScheduler_SimpleSchedule\0timestamp\";i:1769682686;}',13,1,'2026-01-29 10:58:22','2026-01-29 14:28:22',524641,NULL,10),(345119,'woocommerce_cancel_unpaid_orders','complete','2026-01-29 11:58:22','2026-01-29 15:28:22','[]','O:30:\"ActionScheduler_SimpleSchedule\":2:{s:22:\"\0*\0scheduled_timestamp\";i:1769687902;s:41:\"\0ActionScheduler_SimpleSchedule\0timestamp\";i:1769687902;}',13,1,'2026-01-29 12:49:01','2026-01-29 16:19:01',524667,NULL,10),(345120,'woocommerce_cleanup_draft_orders','complete','2026-01-30 11:04:53','2026-01-30 14:34:53','[]','O:32:\"ActionScheduler_IntervalSchedule\":5:{s:22:\"\0*\0scheduled_timestamp\";i:1769771093;s:18:\"\0*\0first_timestamp\";i:1670441008;s:13:\"\0*\0recurrence\";i:86400;s:49:\"\0ActionScheduler_IntervalSchedule\0start_timestamp\";i:1769771093;s:53:\"\0ActionScheduler_IntervalSchedule\0interval_in_seconds\";i:86400;}',8,1,'2026-01-30 11:06:30','2026-01-30 14:36:30',524848,NULL,10),(345121,'woocommerce_scheduled_sales','complete','2026-01-30 11:04:53','2026-01-30 14:34:53','[]','O:32:\"ActionScheduler_IntervalSchedule\":5:{s:22:\"\0*\0scheduled_timestamp\";i:1769771093;s:18:\"\0*\0first_timestamp\";i:1755723600;s:13:\"\0*\0recurrence\";i:86400;s:49:\"\0ActionScheduler_IntervalSchedule\0start_timestamp\";i:1769771093;s:53:\"\0ActionScheduler_IntervalSchedule\0interval_in_seconds\";i:86400;}',13,1,'2026-01-30 11:06:30','2026-01-30 14:36:30',524848,NULL,10),(345122,'wc_admin_daily_wrapper','complete','2026-01-30 11:04:55','2026-01-30 14:34:55','[]','O:32:\"ActionScheduler_IntervalSchedule\":5:{s:22:\"\0*\0scheduled_timestamp\";i:1769771095;s:18:\"\0*\0first_timestamp\";i:1755727256;s:13:\"\0*\0recurrence\";i:86400;s:49:\"\0ActionScheduler_IntervalSchedule\0start_timestamp\";i:1769771095;s:53:\"\0ActionScheduler_IntervalSchedule\0interval_in_seconds\";i:86400;}',13,1,'2026-01-30 11:06:31','2026-01-30 14:36:31',524848,NULL,10),(345123,'woocommerce_cleanup_personal_data','complete','2026-01-30 11:04:56','2026-01-30 14:34:56','[]','O:32:\"ActionScheduler_IntervalSchedule\":5:{s:22:\"\0*\0scheduled_timestamp\";i:1769771096;s:18:\"\0*\0first_timestamp\";i:1755727266;s:13:\"\0*\0recurrence\";i:86400;s:49:\"\0ActionScheduler_IntervalSchedule\0start_timestamp\";i:1769771096;s:53:\"\0ActionScheduler_IntervalSchedule\0interval_in_seconds\";i:86400;}',13,1,'2026-01-30 11:06:33','2026-01-30 14:36:33',524848,NULL,10),(345124,'woocommerce_cleanup_logs','complete','2026-01-30 11:04:56','2026-01-30 14:34:56','[]','O:32:\"ActionScheduler_IntervalSchedule\":5:{s:22:\"\0*\0scheduled_timestamp\";i:1769771096;s:18:\"\0*\0first_timestamp\";i:1755738056;s:13:\"\0*\0recurrence\";i:86400;s:49:\"\0ActionScheduler_IntervalSchedule\0start_timestamp\";i:1769771096;s:53:\"\0ActionScheduler_IntervalSchedule\0interval_in_seconds\";i:86400;}',13,1,'2026-01-30 11:06:33','2026-01-30 14:36:33',524848,NULL,10),(345125,'woocommerce_cleanup_rate_limits_wrapper','complete','2026-01-30 11:04:56','2026-01-30 14:34:56','[]','O:32:\"ActionScheduler_IntervalSchedule\":5:{s:22:\"\0*\0scheduled_timestamp\";i:1769771096;s:18:\"\0*\0first_timestamp\";i:1755738056;s:13:\"\0*\0recurrence\";i:86400;s:49:\"\0ActionScheduler_IntervalSchedule\0start_timestamp\";i:1769771096;s:53:\"\0ActionScheduler_IntervalSchedule\0interval_in_seconds\";i:86400;}',13,1,'2026-01-30 11:06:33','2026-01-30 14:36:33',524848,NULL,10),(345126,'generate_category_lookup_table_wrapper','complete','2026-01-29 11:05:06','2026-01-29 14:35:06','[]','O:30:\"ActionScheduler_SimpleSchedule\":2:{s:22:\"\0*\0scheduled_timestamp\";i:1769684706;s:41:\"\0ActionScheduler_SimpleSchedule\0timestamp\";i:1769684706;}',13,1,'2026-01-29 11:12:08','2026-01-29 14:42:08',524659,NULL,10),(345127,'action_scheduler_run_recurring_actions_schedule_hook','complete','2026-01-30 11:04:56','2026-01-30 14:34:56','[]','O:32:\"ActionScheduler_IntervalSchedule\":5:{s:22:\"\0*\0scheduled_timestamp\";i:1769771096;s:18:\"\0*\0first_timestamp\";i:1755712010;s:13:\"\0*\0recurrence\";i:86400;s:49:\"\0ActionScheduler_IntervalSchedule\0start_timestamp\";i:1769771096;s:53:\"\0ActionScheduler_IntervalSchedule\0interval_in_seconds\";i:86400;}',12,1,'2026-01-30 11:06:33','2026-01-30 14:36:33',524848,NULL,20),(345128,'woocommerce_refresh_order_count_cache','complete','2026-01-29 23:29:21','2026-01-30 02:59:21','[\"shop_order\"]','O:32:\"ActionScheduler_IntervalSchedule\":5:{s:22:\"\0*\0scheduled_timestamp\";i:1769729361;s:18:\"\0*\0first_timestamp\";i:1751166777;s:13:\"\0*\0recurrence\";i:43200;s:49:\"\0ActionScheduler_IntervalSchedule\0start_timestamp\";i:1769729361;s:53:\"\0ActionScheduler_IntervalSchedule\0interval_in_seconds\";i:43200;}',9,1,'2026-01-30 00:05:58','2026-01-30 03:35:58',524718,NULL,10),(345129,'woocommerce_cleanup_sessions','complete','2026-01-29 23:29:21','2026-01-30 02:59:21','[]','O:32:\"ActionScheduler_IntervalSchedule\":5:{s:22:\"\0*\0scheduled_timestamp\";i:1769729361;s:18:\"\0*\0first_timestamp\";i:1755748856;s:13:\"\0*\0recurrence\";i:43200;s:49:\"\0ActionScheduler_IntervalSchedule\0start_timestamp\";i:1769729361;s:53:\"\0ActionScheduler_IntervalSchedule\0interval_in_seconds\";i:43200;}',13,1,'2026-01-30 00:05:58','2026-01-30 03:35:58',524718,NULL,10),(345130,'woocommerce_cancel_unpaid_orders','complete','2026-01-29 13:49:01','2026-01-29 17:19:01','[]','O:30:\"ActionScheduler_SimpleSchedule\":2:{s:22:\"\0*\0scheduled_timestamp\";i:1769694541;s:41:\"\0ActionScheduler_SimpleSchedule\0timestamp\";i:1769694541;}',13,1,'2026-01-29 14:04:48','2026-01-29 17:34:48',524674,NULL,10),(345131,'woocommerce_cancel_unpaid_orders','complete','2026-01-29 15:04:48','2026-01-29 18:34:48','[]','O:30:\"ActionScheduler_SimpleSchedule\":2:{s:22:\"\0*\0scheduled_timestamp\";i:1769699088;s:41:\"\0ActionScheduler_SimpleSchedule\0timestamp\";i:1769699088;}',13,1,'2026-01-29 15:11:17','2026-01-29 18:41:17',524678,NULL,10),(345132,'woocommerce_cancel_unpaid_orders','complete','2026-01-29 16:11:17','2026-01-29 19:41:17','[]','O:30:\"ActionScheduler_SimpleSchedule\":2:{s:22:\"\0*\0scheduled_timestamp\";i:1769703077;s:41:\"\0ActionScheduler_SimpleSchedule\0timestamp\";i:1769703077;}',13,1,'2026-01-29 17:05:09','2026-01-29 20:35:09',524680,NULL,10),(345133,'woocommerce_cancel_unpaid_orders','complete','2026-01-29 18:05:09','2026-01-29 21:35:09','[]','O:30:\"ActionScheduler_SimpleSchedule\":2:{s:22:\"\0*\0scheduled_timestamp\";i:1769709909;s:41:\"\0ActionScheduler_SimpleSchedule\0timestamp\";i:1769709909;}',13,1,'2026-01-29 19:20:38','2026-01-29 22:50:38',524695,NULL,10),(345134,'woocommerce_cancel_unpaid_orders','complete','2026-01-29 20:20:38','2026-01-29 23:50:38','[]','O:30:\"ActionScheduler_SimpleSchedule\":2:{s:22:\"\0*\0scheduled_timestamp\";i:1769718038;s:41:\"\0ActionScheduler_SimpleSchedule\0timestamp\";i:1769718038;}',13,1,'2026-01-29 20:31:26','2026-01-30 00:01:26',524702,NULL,10),(345135,'woocommerce_cancel_unpaid_orders','complete','2026-01-29 21:31:26','2026-01-30 01:01:26','[]','O:30:\"ActionScheduler_SimpleSchedule\":2:{s:22:\"\0*\0scheduled_timestamp\";i:1769722286;s:41:\"\0ActionScheduler_SimpleSchedule\0timestamp\";i:1769722286;}',13,1,'2026-01-29 22:23:45','2026-01-30 01:53:45',524711,NULL,10),(345136,'woocommerce_cancel_unpaid_orders','complete','2026-01-29 23:23:45','2026-01-30 02:53:45','[]','O:30:\"ActionScheduler_SimpleSchedule\":2:{s:22:\"\0*\0scheduled_timestamp\";i:1769729025;s:41:\"\0ActionScheduler_SimpleSchedule\0timestamp\";i:1769729025;}',13,1,'2026-01-30 00:05:58','2026-01-30 03:35:58',524718,NULL,10),(345137,'woocommerce_cancel_unpaid_orders','complete','2026-01-30 01:05:58','2026-01-30 04:35:58','[]','O:30:\"ActionScheduler_SimpleSchedule\":2:{s:22:\"\0*\0scheduled_timestamp\";i:1769735158;s:41:\"\0ActionScheduler_SimpleSchedule\0timestamp\";i:1769735158;}',13,1,'2026-01-30 01:44:57','2026-01-30 05:14:57',524724,NULL,10),(345138,'woocommerce_refresh_order_count_cache','complete','2026-01-30 12:05:58','2026-01-30 15:35:58','[\"shop_order\"]','O:32:\"ActionScheduler_IntervalSchedule\":5:{s:22:\"\0*\0scheduled_timestamp\";i:1769774758;s:18:\"\0*\0first_timestamp\";i:1751166777;s:13:\"\0*\0recurrence\";i:43200;s:49:\"\0ActionScheduler_IntervalSchedule\0start_timestamp\";i:1769774758;s:53:\"\0ActionScheduler_IntervalSchedule\0interval_in_seconds\";i:43200;}',9,1,'2026-01-30 12:11:49','2026-01-30 15:41:49',524858,NULL,10),(345139,'woocommerce_cleanup_sessions','complete','2026-01-30 12:05:58','2026-01-30 15:35:58','[]','O:32:\"ActionScheduler_IntervalSchedule\":5:{s:22:\"\0*\0scheduled_timestamp\";i:1769774758;s:18:\"\0*\0first_timestamp\";i:1755748856;s:13:\"\0*\0recurrence\";i:43200;s:49:\"\0ActionScheduler_IntervalSchedule\0start_timestamp\";i:1769774758;s:53:\"\0ActionScheduler_IntervalSchedule\0interval_in_seconds\";i:43200;}',13,1,'2026-01-30 12:11:49','2026-01-30 15:41:49',524858,NULL,10),(345140,'woocommerce_cancel_unpaid_orders','complete','2026-01-30 02:44:57','2026-01-30 06:14:57','[]','O:30:\"ActionScheduler_SimpleSchedule\":2:{s:22:\"\0*\0scheduled_timestamp\";i:1769741097;s:41:\"\0ActionScheduler_SimpleSchedule\0timestamp\";i:1769741097;}',13,1,'2026-01-30 02:45:04','2026-01-30 06:15:04',524728,NULL,10),(345141,'woocommerce_cancel_unpaid_orders','complete','2026-01-30 03:45:04','2026-01-30 07:15:04','[]','O:30:\"ActionScheduler_SimpleSchedule\":2:{s:22:\"\0*\0scheduled_timestamp\";i:1769744704;s:41:\"\0ActionScheduler_SimpleSchedule\0timestamp\";i:1769744704;}',13,1,'2026-01-30 04:47:59','2026-01-30 08:17:59',524735,NULL,10),(345142,'woocommerce_cancel_unpaid_orders','complete','2026-01-30 05:47:59','2026-01-30 09:17:59','[]','O:30:\"ActionScheduler_SimpleSchedule\":2:{s:22:\"\0*\0scheduled_timestamp\";i:1769752079;s:41:\"\0ActionScheduler_SimpleSchedule\0timestamp\";i:1769752079;}',13,1,'2026-01-30 06:08:38','2026-01-30 09:38:38',524741,NULL,10),(345143,'woocommerce_cancel_unpaid_orders','complete','2026-01-30 07:08:38','2026-01-30 10:38:38','[]','O:30:\"ActionScheduler_SimpleSchedule\":2:{s:22:\"\0*\0scheduled_timestamp\";i:1769756918;s:41:\"\0ActionScheduler_SimpleSchedule\0timestamp\";i:1769756918;}',13,1,'2026-01-30 07:08:53','2026-01-30 10:38:53',524813,NULL,10),(345144,'woocommerce_cancel_unpaid_orders','complete','2026-01-30 08:08:53','2026-01-30 11:38:53','[]','O:30:\"ActionScheduler_SimpleSchedule\":2:{s:22:\"\0*\0scheduled_timestamp\";i:1769760533;s:41:\"\0ActionScheduler_SimpleSchedule\0timestamp\";i:1769760533;}',13,1,'2026-01-30 08:16:30','2026-01-30 11:46:30',524836,NULL,10),(345145,'woocommerce_cancel_unpaid_orders','complete','2026-01-30 09:16:30','2026-01-30 12:46:30','[]','O:30:\"ActionScheduler_SimpleSchedule\":2:{s:22:\"\0*\0scheduled_timestamp\";i:1769764590;s:41:\"\0ActionScheduler_SimpleSchedule\0timestamp\";i:1769764590;}',13,1,'2026-01-30 10:08:59','2026-01-30 13:38:59',524845,NULL,10),(345146,'woocommerce_cancel_unpaid_orders','complete','2026-01-30 11:08:59','2026-01-30 14:38:59','[]','O:30:\"ActionScheduler_SimpleSchedule\":2:{s:22:\"\0*\0scheduled_timestamp\";i:1769771339;s:41:\"\0ActionScheduler_SimpleSchedule\0timestamp\";i:1769771339;}',13,1,'2026-01-30 11:23:31','2026-01-30 14:53:31',524852,NULL,10),(345147,'woocommerce_cleanup_draft_orders','pending','2026-01-31 11:06:30','2026-01-31 14:36:30','[]','O:32:\"ActionScheduler_IntervalSchedule\":5:{s:22:\"\0*\0scheduled_timestamp\";i:1769857590;s:18:\"\0*\0first_timestamp\";i:1670441008;s:13:\"\0*\0recurrence\";i:86400;s:49:\"\0ActionScheduler_IntervalSchedule\0start_timestamp\";i:1769857590;s:53:\"\0ActionScheduler_IntervalSchedule\0interval_in_seconds\";i:86400;}',8,0,'0000-00-00 00:00:00','0000-00-00 00:00:00',0,NULL,10),(345148,'woocommerce_scheduled_sales','pending','2026-01-31 11:06:30','2026-01-31 14:36:30','[]','O:32:\"ActionScheduler_IntervalSchedule\":5:{s:22:\"\0*\0scheduled_timestamp\";i:1769857590;s:18:\"\0*\0first_timestamp\";i:1755723600;s:13:\"\0*\0recurrence\";i:86400;s:49:\"\0ActionScheduler_IntervalSchedule\0start_timestamp\";i:1769857590;s:53:\"\0ActionScheduler_IntervalSchedule\0interval_in_seconds\";i:86400;}',13,0,'0000-00-00 00:00:00','0000-00-00 00:00:00',0,NULL,10),(345149,'wc_admin_daily_wrapper','pending','2026-01-31 11:06:31','2026-01-31 14:36:31','[]','O:32:\"ActionScheduler_IntervalSchedule\":5:{s:22:\"\0*\0scheduled_timestamp\";i:1769857591;s:18:\"\0*\0first_timestamp\";i:1755727256;s:13:\"\0*\0recurrence\";i:86400;s:49:\"\0ActionScheduler_IntervalSchedule\0start_timestamp\";i:1769857591;s:53:\"\0ActionScheduler_IntervalSchedule\0interval_in_seconds\";i:86400;}',13,0,'0000-00-00 00:00:00','0000-00-00 00:00:00',0,NULL,10),(345150,'woocommerce_cleanup_personal_data','pending','2026-01-31 11:06:33','2026-01-31 14:36:33','[]','O:32:\"ActionScheduler_IntervalSchedule\":5:{s:22:\"\0*\0scheduled_timestamp\";i:1769857593;s:18:\"\0*\0first_timestamp\";i:1755727266;s:13:\"\0*\0recurrence\";i:86400;s:49:\"\0ActionScheduler_IntervalSchedule\0start_timestamp\";i:1769857593;s:53:\"\0ActionScheduler_IntervalSchedule\0interval_in_seconds\";i:86400;}',13,0,'0000-00-00 00:00:00','0000-00-00 00:00:00',0,NULL,10),(345151,'woocommerce_cleanup_logs','pending','2026-01-31 11:06:33','2026-01-31 14:36:33','[]','O:32:\"ActionScheduler_IntervalSchedule\":5:{s:22:\"\0*\0scheduled_timestamp\";i:1769857593;s:18:\"\0*\0first_timestamp\";i:1755738056;s:13:\"\0*\0recurrence\";i:86400;s:49:\"\0ActionScheduler_IntervalSchedule\0start_timestamp\";i:1769857593;s:53:\"\0ActionScheduler_IntervalSchedule\0interval_in_seconds\";i:86400;}',13,0,'0000-00-00 00:00:00','0000-00-00 00:00:00',0,NULL,10),(345152,'woocommerce_cleanup_rate_limits_wrapper','pending','2026-01-31 11:06:33','2026-01-31 14:36:33','[]','O:32:\"ActionScheduler_IntervalSchedule\":5:{s:22:\"\0*\0scheduled_timestamp\";i:1769857593;s:18:\"\0*\0first_timestamp\";i:1755738056;s:13:\"\0*\0recurrence\";i:86400;s:49:\"\0ActionScheduler_IntervalSchedule\0start_timestamp\";i:1769857593;s:53:\"\0ActionScheduler_IntervalSchedule\0interval_in_seconds\";i:86400;}',13,0,'0000-00-00 00:00:00','0000-00-00 00:00:00',0,NULL,10),(345153,'generate_category_lookup_table_wrapper','complete','2026-01-30 11:06:43','2026-01-30 14:36:43','[]','O:30:\"ActionScheduler_SimpleSchedule\":2:{s:22:\"\0*\0scheduled_timestamp\";i:1769771203;s:41:\"\0ActionScheduler_SimpleSchedule\0timestamp\";i:1769771203;}',13,1,'2026-01-30 11:23:31','2026-01-30 14:53:31',524852,NULL,10),(345154,'action_scheduler_run_recurring_actions_schedule_hook','pending','2026-01-31 11:06:33','2026-01-31 14:36:33','[]','O:32:\"ActionScheduler_IntervalSchedule\":5:{s:22:\"\0*\0scheduled_timestamp\";i:1769857593;s:18:\"\0*\0first_timestamp\";i:1755712010;s:13:\"\0*\0recurrence\";i:86400;s:49:\"\0ActionScheduler_IntervalSchedule\0start_timestamp\";i:1769857593;s:53:\"\0ActionScheduler_IntervalSchedule\0interval_in_seconds\";i:86400;}',12,0,'0000-00-00 00:00:00','0000-00-00 00:00:00',0,NULL,20),(345155,'woocommerce_cancel_unpaid_orders','complete','2026-01-30 12:23:31','2026-01-30 15:53:31','[]','O:30:\"ActionScheduler_SimpleSchedule\":2:{s:22:\"\0*\0scheduled_timestamp\";i:1769775811;s:41:\"\0ActionScheduler_SimpleSchedule\0timestamp\";i:1769775811;}',13,1,'2026-01-30 12:47:34','2026-01-30 16:17:34',524862,NULL,10),(345156,'woocommerce_refresh_order_count_cache','complete','2026-01-31 00:11:49','2026-01-31 03:41:49','[\"shop_order\"]','O:32:\"ActionScheduler_IntervalSchedule\":5:{s:22:\"\0*\0scheduled_timestamp\";i:1769818309;s:18:\"\0*\0first_timestamp\";i:1751166777;s:13:\"\0*\0recurrence\";i:43200;s:49:\"\0ActionScheduler_IntervalSchedule\0start_timestamp\";i:1769818309;s:53:\"\0ActionScheduler_IntervalSchedule\0interval_in_seconds\";i:43200;}',9,1,'2026-01-31 00:34:45','2026-01-31 04:04:45',524905,NULL,10),(345157,'woocommerce_cleanup_sessions','complete','2026-01-31 00:11:49','2026-01-31 03:41:49','[]','O:32:\"ActionScheduler_IntervalSchedule\":5:{s:22:\"\0*\0scheduled_timestamp\";i:1769818309;s:18:\"\0*\0first_timestamp\";i:1755748856;s:13:\"\0*\0recurrence\";i:43200;s:49:\"\0ActionScheduler_IntervalSchedule\0start_timestamp\";i:1769818309;s:53:\"\0ActionScheduler_IntervalSchedule\0interval_in_seconds\";i:43200;}',13,1,'2026-01-31 00:34:45','2026-01-31 04:04:45',524905,NULL,10),(345158,'woocommerce_cancel_unpaid_orders','complete','2026-01-30 13:47:34','2026-01-30 17:17:34','[]','O:30:\"ActionScheduler_SimpleSchedule\":2:{s:22:\"\0*\0scheduled_timestamp\";i:1769780854;s:41:\"\0ActionScheduler_SimpleSchedule\0timestamp\";i:1769780854;}',13,1,'2026-01-30 14:04:52','2026-01-30 17:34:52',524864,NULL,10),(345159,'woocommerce_cancel_unpaid_orders','complete','2026-01-30 15:04:52','2026-01-30 18:34:52','[]','O:30:\"ActionScheduler_SimpleSchedule\":2:{s:22:\"\0*\0scheduled_timestamp\";i:1769785492;s:41:\"\0ActionScheduler_SimpleSchedule\0timestamp\";i:1769785492;}',13,1,'2026-01-30 15:24:01','2026-01-30 18:54:01',524873,NULL,10),(345160,'woocommerce_cancel_unpaid_orders','complete','2026-01-30 16:24:01','2026-01-30 19:54:01','[]','O:30:\"ActionScheduler_SimpleSchedule\":2:{s:22:\"\0*\0scheduled_timestamp\";i:1769790241;s:41:\"\0ActionScheduler_SimpleSchedule\0timestamp\";i:1769790241;}',13,1,'2026-01-30 16:29:38','2026-01-30 19:59:38',524882,NULL,10),(345161,'woocommerce_cancel_unpaid_orders','complete','2026-01-30 17:29:38','2026-01-30 20:59:38','[]','O:30:\"ActionScheduler_SimpleSchedule\":2:{s:22:\"\0*\0scheduled_timestamp\";i:1769794178;s:41:\"\0ActionScheduler_SimpleSchedule\0timestamp\";i:1769794178;}',13,1,'2026-01-30 19:50:44','2026-01-30 23:20:44',524889,NULL,10),(345162,'woocommerce_cancel_unpaid_orders','complete','2026-01-30 20:50:44','2026-01-31 00:20:44','[]','O:30:\"ActionScheduler_SimpleSchedule\":2:{s:22:\"\0*\0scheduled_timestamp\";i:1769806244;s:41:\"\0ActionScheduler_SimpleSchedule\0timestamp\";i:1769806244;}',13,1,'2026-01-30 21:46:13','2026-01-31 01:16:13',524892,NULL,10),(345163,'woocommerce_cancel_unpaid_orders','complete','2026-01-30 22:46:13','2026-01-31 02:16:13','[]','O:30:\"ActionScheduler_SimpleSchedule\":2:{s:22:\"\0*\0scheduled_timestamp\";i:1769813173;s:41:\"\0ActionScheduler_SimpleSchedule\0timestamp\";i:1769813173;}',13,1,'2026-01-30 23:37:08','2026-01-31 03:07:08',524902,NULL,10),(345164,'woocommerce_cancel_unpaid_orders','complete','2026-01-31 00:37:08','2026-01-31 04:07:08','[]','O:30:\"ActionScheduler_SimpleSchedule\":2:{s:22:\"\0*\0scheduled_timestamp\";i:1769819828;s:41:\"\0ActionScheduler_SimpleSchedule\0timestamp\";i:1769819828;}',13,1,'2026-01-31 00:50:40','2026-01-31 04:20:40',524909,NULL,10),(345165,'woocommerce_refresh_order_count_cache','pending','2026-01-31 12:34:45','2026-01-31 16:04:45','[\"shop_order\"]','O:32:\"ActionScheduler_IntervalSchedule\":5:{s:22:\"\0*\0scheduled_timestamp\";i:1769862885;s:18:\"\0*\0first_timestamp\";i:1751166777;s:13:\"\0*\0recurrence\";i:43200;s:49:\"\0ActionScheduler_IntervalSchedule\0start_timestamp\";i:1769862885;s:53:\"\0ActionScheduler_IntervalSchedule\0interval_in_seconds\";i:43200;}',9,0,'0000-00-00 00:00:00','0000-00-00 00:00:00',0,NULL,10),(345166,'woocommerce_cleanup_sessions','pending','2026-01-31 12:34:45','2026-01-31 16:04:45','[]','O:32:\"ActionScheduler_IntervalSchedule\":5:{s:22:\"\0*\0scheduled_timestamp\";i:1769862885;s:18:\"\0*\0first_timestamp\";i:1755748856;s:13:\"\0*\0recurrence\";i:43200;s:49:\"\0ActionScheduler_IntervalSchedule\0start_timestamp\";i:1769862885;s:53:\"\0ActionScheduler_IntervalSchedule\0interval_in_seconds\";i:43200;}',13,0,'0000-00-00 00:00:00','0000-00-00 00:00:00',0,NULL,10),(345167,'woocommerce_cancel_unpaid_orders','complete','2026-01-31 01:50:40','2026-01-31 05:20:40','[]','O:30:\"ActionScheduler_SimpleSchedule\":2:{s:22:\"\0*\0scheduled_timestamp\";i:1769824240;s:41:\"\0ActionScheduler_SimpleSchedule\0timestamp\";i:1769824240;}',13,1,'2026-01-31 01:53:02','2026-01-31 05:23:02',524917,NULL,10),(345168,'woocommerce_cancel_unpaid_orders','complete','2026-01-31 02:53:02','2026-01-31 06:23:02','[]','O:30:\"ActionScheduler_SimpleSchedule\":2:{s:22:\"\0*\0scheduled_timestamp\";i:1769827982;s:41:\"\0ActionScheduler_SimpleSchedule\0timestamp\";i:1769827982;}',13,1,'2026-01-31 03:50:39','2026-01-31 07:20:39',524924,NULL,10),(345169,'woocommerce_cancel_unpaid_orders','complete','2026-01-31 04:50:39','2026-01-31 08:20:39','[]','O:30:\"ActionScheduler_SimpleSchedule\":2:{s:22:\"\0*\0scheduled_timestamp\";i:1769835039;s:41:\"\0ActionScheduler_SimpleSchedule\0timestamp\";i:1769835039;}',13,1,'2026-01-31 05:04:38','2026-01-31 08:34:38',524937,NULL,10),(345170,'woocommerce_cancel_unpaid_orders','complete','2026-01-31 06:04:38','2026-01-31 09:34:38','[]','O:30:\"ActionScheduler_SimpleSchedule\":2:{s:22:\"\0*\0scheduled_timestamp\";i:1769839478;s:41:\"\0ActionScheduler_SimpleSchedule\0timestamp\";i:1769839478;}',13,1,'2026-01-31 06:56:58','2026-01-31 10:26:58',524944,NULL,10),(345171,'woocommerce_cancel_unpaid_orders','complete','2026-01-31 07:56:58','2026-01-31 11:26:58','[]','O:30:\"ActionScheduler_SimpleSchedule\":2:{s:22:\"\0*\0scheduled_timestamp\";i:1769846218;s:41:\"\0ActionScheduler_SimpleSchedule\0timestamp\";i:1769846218;}',13,1,'2026-01-31 08:25:28','2026-01-31 11:55:28',524947,NULL,10),(345172,'woocommerce_cancel_unpaid_orders','complete','2026-01-31 09:25:28','2026-01-31 12:55:28','[]','O:30:\"ActionScheduler_SimpleSchedule\":2:{s:22:\"\0*\0scheduled_timestamp\";i:1769851528;s:41:\"\0ActionScheduler_SimpleSchedule\0timestamp\";i:1769851528;}',13,1,'2026-01-31 09:54:00','2026-01-31 13:24:00',524950,NULL,10),(345173,'woocommerce_cancel_unpaid_orders','complete','2026-01-31 10:54:00','2026-01-31 14:24:00','[]','O:30:\"ActionScheduler_SimpleSchedule\":2:{s:22:\"\0*\0scheduled_timestamp\";i:1769856840;s:41:\"\0ActionScheduler_SimpleSchedule\0timestamp\";i:1769856840;}',13,1,'2026-01-31 11:00:42','2026-01-31 14:30:42',524957,NULL,10),(345174,'woocommerce_cancel_unpaid_orders','pending','2026-01-31 12:00:42','2026-01-31 15:30:42','[]','O:30:\"ActionScheduler_SimpleSchedule\":2:{s:22:\"\0*\0scheduled_timestamp\";i:1769860842;s:41:\"\0ActionScheduler_SimpleSchedule\0timestamp\";i:1769860842;}',13,0,'0000-00-00 00:00:00','0000-00-00 00:00:00',0,NULL,10);

--
-- Table structure for table `wp_actionscheduler_claims`
--

CREATE TABLE `wp_actionscheduler_claims` (
  `claim_id` bigint(20) unsigned NOT NULL AUTO_INCREMENT,
  `date_created_gmt` datetime NOT NULL DEFAULT '0000-00-00 00:00:00',
  PRIMARY KEY (`claim_id`),
  KEY `date_created_gmt` (`date_created_gmt`)
) ENGINE=InnoDB AUTO_INCREMENT=524960 DEFAULT CHARSET=utf8mb4 COLLATE=utf8mb4_unicode_ci;

--
-- Dumping data for table `wp_actionscheduler_claims`
--

INSERT INTO `wp_actionscheduler_claims` VALUES (110547,'2023-09-16 19:22:38'),(303988,'2025-08-23 19:40:59'),(332853,'2025-08-30 19:41:10');

--
-- Table structure for table `wp_actionscheduler_groups`
--

CREATE TABLE `wp_actionscheduler_groups` (
  `group_id` bigint(20) unsigned NOT NULL AUTO_INCREMENT,
  `slug` varchar(255) NOT NULL,
  PRIMARY KEY (`group_id`),
  KEY `slug` (`slug`(191))
) ENGINE=InnoDB AUTO_INCREMENT=14 DEFAULT CHARSET=utf8mb4 COLLATE=utf8mb4_unicode_ci;

--
-- Dumping data for table `wp_actionscheduler_groups`
--

INSERT INTO `wp_actionscheduler_groups` VALUES (1,'action-scheduler-migration'),(2,'woocommerce-db-updates'),(3,'wc-admin-data'),(4,'woocommerce-remote-inbox-engine'),(5,'rocket-preload'),(6,'rocket-rucss'),(7,'wc_update_product_default_cat'),(8,''),(9,'count'),(10,'wc_delete_related_product_transients_group'),(11,'rocket-performance-hints-warmup'),(12,'ActionScheduler'),(13,'woocommerce');

--
-- Table structure for table `wp_actionscheduler_logs`
--

CREATE TABLE `wp_actionscheduler_logs` (
  `log_id` bigint(20) unsigned NOT NULL AUTO_INCREMENT,
  `action_id` bigint(20) unsigned NOT NULL,
  `message` text NOT NULL,
  `log_date_gmt` datetime DEFAULT '0000-00-00 00:00:00',
  `log_date_local` datetime DEFAULT '0000-00-00 00:00:00',
  PRIMARY KEY (`log_id`),
  KEY `action_id` (`action_id`),
  KEY `log_date_gmt` (`log_date_gmt`)
) ENGINE=InnoDB AUTO_INCREMENT=1035518 DEFAULT CHARSET=utf8mb4 COLLATE=utf8mb4_unicode_ci;

--
-- Dumping data for table `wp_actionscheduler_logs`
--

INSERT INTO `wp_actionscheduler_logs` VALUES (1367,462,'ایجاد فعالیت','2023-05-10 12:58:55','2023-05-10 12:58:55'),(1368,462,'عملیات توسط Async Request شروع شد','2023-05-10 12:59:43','2023-05-10 12:59:43'),(1369,462,'action failed via Async Request: Scheduled action for woocommerce_run_on_woocommerce_admin_updated will not be executed as no callbacks are registered.','2023-05-10 12:59:43','2023-05-10 12:59:43'),(1370,463,'ایجاد فعالیت','2023-05-10 13:01:10','2023-05-10 13:01:10'),(1371,463,'عملیات توسط WP Cron شروع شد','2023-05-10 13:01:12','2023-05-10 13:01:12'),(1372,463,'اقدام از طریق WP Cron انجام نشد: Scheduled action for woocommerce_run_on_woocommerce_admin_updated will not be executed as no callbacks are registered.','2023-05-10 13:01:12','2023-05-10 13:01:12'),(1385,468,'ایجاد فعالیت','2023-05-27 02:35:09','2023-05-27 02:35:09'),(1386,468,'عملیات توسط WP Cron شروع شد','2023-05-27 02:36:12','2023-05-27 02:36:12'),(1387,468,'اقدام از طریق WP Cron انجام نشد: Scheduled action for action_scheduler/migration_hook will not be executed as no callbacks are registered.','2023-05-27 02:36:12','2023-05-27 02:36:12'),(1694,571,'ایجاد فعالیت','2023-09-16 19:17:28','2023-09-16 19:17:28'),(1695,571,'عملیات توسط WP Cron شروع شد','2023-09-16 19:20:43','2023-09-16 19:20:43'),(1696,571,'اقدام از طریق WP Cron انجام نشد: Scheduled action for action_scheduler/migration_hook will not be executed as no callbacks are registered.','2023-09-16 19:20:43','2023-09-16 19:20:43'),(9689,3236,'ایجاد فعالیت','2023-11-13 16:35:40','2023-11-13 15:35:40'),(9690,3236,'عملیات توسط Async Request شروع شد','2023-11-13 16:36:44','2023-11-13 15:36:44'),(9691,3236,'اقدام از طریق Async Request انجام نشد: Scheduled action for action_scheduler/migration_hook will not be executed as no callbacks are registered.','2023-11-13 16:36:44','2023-11-13 15:36:44'),(17295,5772,'ایجاد فعالیت','2025-06-28 18:25:19','2025-06-28 21:55:19'),(17296,5772,'عملیات توسط Async Request شروع شد','2025-06-28 18:26:47','2025-06-28 21:56:47'),(17297,5772,'اقدام از طریق Async Request انجام نشد: اقدام زمان‌بندی‌شده برای action_scheduler/migration_hook اجرا نخواهد شد زیرا هیچ فراخوانی برگشتی ثبت نشده است.','2025-06-28 18:26:47','2025-06-28 21:56:47'),(438261,146102,'عملیات ایجاد شد','2025-08-13 18:39:16','2025-08-13 22:09:16'),(438293,146102,'عملیات با WP Cron شروع شد','2025-08-13 18:40:52','2025-08-13 22:10:52'),(438294,146102,'عملیات با WP Cron تکمیل شد','2025-08-13 18:41:02','2025-08-13 22:11:02'),(1021656,340553,'عملیات ایجاد شد','2025-12-18 23:19:42','2025-12-19 02:49:42'),(1034129,344712,'عملیات ایجاد شد','2025-12-27 10:50:38','2025-12-27 14:20:38'),(1035121,345042,'عملیات ایجاد شد','2025-12-27 21:45:48','2025-12-28 01:15:48'),(1035133,345046,'عملیات ایجاد شد','2025-12-28 00:37:49','2025-12-28 04:07:49'),(1035148,345051,'عملیات ایجاد شد','2025-12-28 04:08:56','2025-12-28 07:38:56'),(1035151,345052,'عملیات ایجاد شد','2025-12-28 04:08:56','2025-12-28 07:38:56'),(1035154,345053,'عملیات ایجاد شد','2025-12-28 04:08:59','2025-12-28 07:38:59'),(1035157,345054,'عملیات ایجاد شد','2025-12-28 04:09:00','2025-12-28 07:39:00'),(1035160,345055,'عملیات ایجاد شد','2025-12-28 04:09:01','2025-12-28 07:39:01'),(1035163,345056,'عملیات ایجاد شد','2025-12-28 04:09:01','2025-12-28 07:39:01'),(1035168,345058,'عملیات ایجاد شد','2025-12-28 05:55:54','2025-12-28 09:25:54'),(1035170,345058,'عملیات با WP Cron شروع شد','2026-01-28 11:04:12','2026-01-28 14:34:12'),(1035171,345059,'عملیات ایجاد شد','2026-01-28 11:04:12','2026-01-28 14:34:12'),(1035172,345058,'عملیات با WP Cron تکمیل شد','2026-01-28 11:04:12','2026-01-28 14:34:12'),(1035173,345042,'عملیات با WP Cron شروع شد','2026-01-28 11:04:12','2026-01-28 14:34:12'),(1035174,345042,'عملیات با WP Cron تکمیل شد','2026-01-28 11:04:12','2026-01-28 14:34:12'),(1035175,345060,'عملیات ایجاد شد','2026-01-28 11:04:12','2026-01-28 14:34:12'),(1035176,345046,'عملیات با WP Cron شروع شد','2026-01-28 11:04:12','2026-01-28 14:34:12'),(1035177,345046,'عملیات با WP Cron تکمیل شد','2026-01-28 11:04:12','2026-01-28 14:34:12'),(1035178,345061,'عملیات ایجاد شد','2026-01-28 11:04:12','2026-01-28 14:34:12'),(1035179,345051,'عملیات با WP Cron شروع شد','2026-01-28 11:04:12','2026-01-28 14:34:12'),(1035180,345051,'عملیات با WP Cron تکمیل شد','2026-01-28 11:04:12','2026-01-28 14:34:12'),(1035181,345062,'عملیات ایجاد شد','2026-01-28 11:04:12','2026-01-28 14:34:12'),(1035182,345052,'عملیات با WP Cron شروع شد','2026-01-28 11:04:12','2026-01-28 14:34:12'),(1035183,345052,'عملیات با WP Cron تکمیل شد','2026-01-28 11:04:12','2026-01-28 14:34:12'),(1035184,345063,'عملیات ایجاد شد','2026-01-28 11:04:12','2026-01-28 14:34:12'),(1035185,345053,'عملیات با WP Cron شروع شد','2026-01-28 11:04:12','2026-01-28 14:34:12'),(1035186,345053,'عملیات با WP Cron تکمیل شد','2026-01-28 11:04:14','2026-01-28 14:34:14'),(1035187,345064,'عملیات ایجاد شد','2026-01-28 11:04:14','2026-01-28 14:34:14'),(1035188,345054,'عملیات با WP Cron شروع شد','2026-01-28 11:04:14','2026-01-28 14:34:14'),(1035189,345054,'عملیات با WP Cron تکمیل شد','2026-01-28 11:04:15','2026-01-28 14:34:15'),(1035190,345065,'عملیات ایجاد شد','2026-01-28 11:04:15','2026-01-28 14:34:15'),(1035191,345055,'عملیات با WP Cron شروع شد','2026-01-28 11:04:15','2026-01-28 14:34:15'),(1035192,345055,'عملیات با WP Cron تکمیل شد','2026-01-28 11:04:15','2026-01-28 14:34:15'),(1035193,345066,'عملیات ایجاد شد','2026-01-28 11:04:15','2026-01-28 14:34:15'),(1035194,345056,'عملیات با WP Cron شروع شد','2026-01-28 11:04:15','2026-01-28 14:34:15'),(1035195,345056,'عملیات با WP Cron تکمیل شد','2026-01-28 11:04:15','2026-01-28 14:34:15'),(1035196,345067,'عملیات ایجاد شد','2026-01-28 11:04:15','2026-01-28 14:34:15'),(1035197,340553,'عملیات با WP Cron شروع شد','2026-01-28 11:04:15','2026-01-28 14:34:15'),(1035198,340553,'عملیات با WP Cron تکمیل شد','2026-01-28 11:04:15','2026-01-28 14:34:15'),(1035199,345068,'عملیات ایجاد شد','2026-01-28 11:04:15','2026-01-28 14:34:15'),(1035200,344712,'عملیات با WP Cron شروع شد','2026-01-28 11:04:15','2026-01-28 14:34:15'),(1035201,345069,'عملیات ایجاد شد','2026-01-28 11:04:15','2026-01-28 14:34:15'),(1035202,344712,'عملیات با WP Cron تکمیل شد','2026-01-28 11:04:15','2026-01-28 14:34:15'),(1035203,345070,'عملیات ایجاد شد','2026-01-28 11:04:15','2026-01-28 14:34:15'),(1035205,345069,'عملیات با WP Cron شروع شد','2026-01-28 11:24:08','2026-01-28 14:54:08'),(1035206,345069,'عملیات با WP Cron تکمیل شد','2026-01-28 11:24:08','2026-01-28 14:54:08'),(1035249,345059,'عملیات با WP Cron شروع شد','2026-01-28 12:25:31','2026-01-28 15:55:31'),(1035250,345086,'عملیات ایجاد شد','2026-01-28 12:25:31','2026-01-28 15:55:31'),(1035251,345059,'عملیات با WP Cron تکمیل شد','2026-01-28 12:25:31','2026-01-28 15:55:31'),(1035267,345086,'عملیات با WP Cron شروع شد','2026-01-28 13:28:11','2026-01-28 16:58:11'),(1035268,345092,'عملیات ایجاد شد','2026-01-28 13:28:11','2026-01-28 16:58:11'),(1035269,345086,'عملیات با WP Cron تکمیل شد','2026-01-28 13:28:11','2026-01-28 16:58:11'),(1035293,345092,'عملیات با WP Cron شروع شد','2026-01-28 14:45:40','2026-01-28 18:15:40'),(1035294,345100,'عملیات ایجاد شد','2026-01-28 14:45:40','2026-01-28 18:15:40'),(1035295,345092,'عملیات با WP Cron تکمیل شد','2026-01-28 14:45:40','2026-01-28 18:15:40'),(1035299,345100,'عملیات با WP Cron شروع شد','2026-01-28 15:47:50','2026-01-28 19:17:50'),(1035300,345102,'عملیات ایجاد شد','2026-01-28 15:47:50','2026-01-28 19:17:50'),(1035301,345100,'عملیات با WP Cron تکمیل شد','2026-01-28 15:47:50','2026-01-28 19:17:50'),(1035302,345102,'عملیات با WP Cron شروع شد','2026-01-28 17:19:25','2026-01-28 20:49:25'),(1035303,345103,'عملیات ایجاد شد','2026-01-28 17:19:25','2026-01-28 20:49:25'),(1035304,345102,'عملیات با WP Cron تکمیل شد','2026-01-28 17:19:25','2026-01-28 20:49:25'),(1035305,345103,'عملیات با WP Cron شروع شد','2026-01-28 18:23:19','2026-01-28 21:53:19'),(1035306,345104,'عملیات ایجاد شد','2026-01-28 18:23:19','2026-01-28 21:53:19'),(1035307,345103,'عملیات با WP Cron تکمیل شد','2026-01-28 18:23:19','2026-01-28 21:53:19'),(1035308,345104,'عملیات با WP Cron شروع شد','2026-01-28 19:31:32','2026-01-28 23:01:32'),(1035309,345105,'عملیات ایجاد شد','2026-01-28 19:31:32','2026-01-28 23:01:32'),(1035310,345104,'عملیات با WP Cron تکمیل شد','2026-01-28 19:31:32','2026-01-28 23:01:32'),(1035311,345105,'عملیات با WP Cron شروع شد','2026-01-28 21:33:40','2026-01-29 01:03:40'),(1035312,345106,'عملیات ایجاد شد','2026-01-28 21:33:40','2026-01-29 01:03:40'),(1035313,345105,'عملیات با WP Cron تکمیل شد','2026-01-28 21:33:40','2026-01-29 01:03:40'),(1035314,345106,'عملیات با WP Cron شروع شد','2026-01-28 22:43:46','2026-01-29 02:13:46'),(1035315,345107,'عملیات ایجاد شد','2026-01-28 22:43:46','2026-01-29 02:13:46'),(1035316,345106,'عملیات با WP Cron تکمیل شد','2026-01-28 22:43:46','2026-01-29 02:13:46'),(1035317,345060,'عملیات با WP Cron شروع شد','2026-01-28 23:22:05','2026-01-29 02:52:05'),(1035318,345060,'عملیات با WP Cron تکمیل شد','2026-01-28 23:22:05','2026-01-29 02:52:05'),(1035319,345108,'عملیات ایجاد شد','2026-01-28 23:22:05','2026-01-29 02:52:05'),(1035320,345061,'عملیات با WP Cron شروع شد','2026-01-28 23:22:05','2026-01-29 02:52:05'),(1035321,345061,'عملیات با WP Cron تکمیل شد','2026-01-28 23:22:05','2026-01-29 02:52:05'),(1035322,345109,'عملیات ایجاد شد','2026-01-28 23:22:05','2026-01-29 02:52:05'),(1035323,345107,'عملیات با WP Cron شروع شد','2026-01-28 23:55:16','2026-01-29 03:25:16'),(1035324,345110,'عملیات ایجاد شد','2026-01-28 23:55:16','2026-01-29 03:25:16'),(1035325,345107,'عملیات با WP Cron تکمیل شد','2026-01-28 23:55:16','2026-01-29 03:25:16'),(1035326,345110,'عملیات با WP Cron شروع شد','2026-01-29 01:04:41','2026-01-29 04:34:41'),(1035327,345111,'عملیات ایجاد شد','2026-01-29 01:04:41','2026-01-29 04:34:41'),(1035328,345110,'عملیات با WP Cron تکمیل شد','2026-01-29 01:04:41','2026-01-29 04:34:41'),(1035329,345111,'عملیات با WP Cron شروع شد','2026-01-29 02:04:51','2026-01-29 05:34:51'),(1035330,345112,'عملیات ایجاد شد','2026-01-29 02:04:51','2026-01-29 05:34:51'),(1035331,345111,'عملیات با WP Cron تکمیل شد','2026-01-29 02:04:51','2026-01-29 05:34:51'),(1035332,345112,'عملیات با WP Cron شروع شد','2026-01-29 03:09:53','2026-01-29 06:39:53'),(1035333,345113,'عملیات ایجاد شد','2026-01-29 03:09:53','2026-01-29 06:39:53'),(1035334,345112,'عملیات با WP Cron تکمیل شد','2026-01-29 03:09:53','2026-01-29 06:39:53'),(1035335,345113,'عملیات با WP Cron شروع شد','2026-01-29 04:24:38','2026-01-29 07:54:38'),(1035336,345114,'عملیات ایجاد شد','2026-01-29 04:24:38','2026-01-29 07:54:38'),(1035337,345113,'عملیات با WP Cron تکمیل شد','2026-01-29 04:24:38','2026-01-29 07:54:38'),(1035338,345114,'عملیات با WP Cron شروع شد','2026-01-29 05:51:15','2026-01-29 09:21:15'),(1035339,345115,'عملیات ایجاد شد','2026-01-29 05:51:15','2026-01-29 09:21:15'),(1035340,345114,'عملیات با WP Cron تکمیل شد','2026-01-29 05:51:15','2026-01-29 09:21:15'),(1035341,345115,'عملیات با WP Cron شروع شد','2026-01-29 07:15:56','2026-01-29 10:45:56'),(1035342,345116,'عملیات ایجاد شد','2026-01-29 07:15:56','2026-01-29 10:45:56'),(1035343,345115,'عملیات با WP Cron تکمیل شد','2026-01-29 07:15:56','2026-01-29 10:45:56'),(1035344,345116,'عملیات با WP Cron شروع شد','2026-01-29 08:31:13','2026-01-29 12:01:13'),(1035345,345117,'عملیات ایجاد شد','2026-01-29 08:31:13','2026-01-29 12:01:13'),(1035346,345116,'عملیات با WP Cron تکمیل شد','2026-01-29 08:31:13','2026-01-29 12:01:13'),(1035347,345117,'عملیات با Async Request شروع شد','2026-01-29 09:31:26','2026-01-29 13:01:26'),(1035348,345118,'عملیات ایجاد شد','2026-01-29 09:31:26','2026-01-29 13:01:26'),(1035349,345117,'عملیات با Async Request تکمیل شد','2026-01-29 09:31:26','2026-01-29 13:01:26'),(1035350,345118,'عملیات با WP Cron شروع شد','2026-01-29 10:58:22','2026-01-29 14:28:22'),(1035351,345119,'عملیات ایجاد شد','2026-01-29 10:58:22','2026-01-29 14:28:22'),(1035352,345118,'عملیات با WP Cron تکمیل شد','2026-01-29 10:58:22','2026-01-29 14:28:22'),(1035353,345062,'عملیات با WP Cron شروع شد','2026-01-29 11:04:53','2026-01-29 14:34:53'),(1035354,345062,'عملیات با WP Cron تکمیل شد','2026-01-29 11:04:53','2026-01-29 14:34:53'),(1035355,345120,'عملیات ایجاد شد','2026-01-29 11:04:53','2026-01-29 14:34:53'),(1035356,345063,'عملیات با WP Cron شروع شد','2026-01-29 11:04:53','2026-01-29 14:34:53'),(1035357,345063,'عملیات با WP Cron تکمیل شد','2026-01-29 11:04:53','2026-01-29 14:34:53'),(1035358,345121,'عملیات ایجاد شد','2026-01-29 11:04:53','2026-01-29 14:34:53'),(1035359,345064,'عملیات با WP Cron شروع شد','2026-01-29 11:04:53','2026-01-29 14:34:53'),(1035360,345064,'عملیات با WP Cron تکمیل شد','2026-01-29 11:04:55','2026-01-29 14:34:55'),(1035361,345122,'عملیات ایجاد شد','2026-01-29 11:04:55','2026-01-29 14:34:55'),(1035362,345065,'عملیات با WP Cron شروع شد','2026-01-29 11:04:55','2026-01-29 14:34:55'),(1035363,345065,'عملیات با WP Cron تکمیل شد','2026-01-29 11:04:56','2026-01-29 14:34:56'),(1035364,345123,'عملیات ایجاد شد','2026-01-29 11:04:56','2026-01-29 14:34:56'),(1035365,345066,'عملیات با WP Cron شروع شد','2026-01-29 11:04:56','2026-01-29 14:34:56'),(1035366,345066,'عملیات با WP Cron تکمیل شد','2026-01-29 11:04:56','2026-01-29 14:34:56'),(1035367,345124,'عملیات ایجاد شد','2026-01-29 11:04:56','2026-01-29 14:34:56'),(1035368,345067,'عملیات با WP Cron شروع شد','2026-01-29 11:04:56','2026-01-29 14:34:56'),(1035369,345067,'عملیات با WP Cron تکمیل شد','2026-01-29 11:04:56','2026-01-29 14:34:56'),(1035370,345125,'عملیات ایجاد شد','2026-01-29 11:04:56','2026-01-29 14:34:56'),(1035371,345070,'عملیات با WP Cron شروع شد','2026-01-29 11:04:56','2026-01-29 14:34:56'),(1035372,345126,'عملیات ایجاد شد','2026-01-29 11:04:56','2026-01-29 14:34:56'),(1035373,345070,'عملیات با WP Cron تکمیل شد','2026-01-29 11:04:56','2026-01-29 14:34:56'),(1035374,345127,'عملیات ایجاد شد','2026-01-29 11:04:56','2026-01-29 14:34:56'),(1035375,345126,'عملیات با WP Cron شروع شد','2026-01-29 11:12:08','2026-01-29 14:42:08'),(1035376,345126,'عملیات با WP Cron تکمیل شد','2026-01-29 11:12:08','2026-01-29 14:42:08'),(1035377,345108,'عملیات با WP Cron شروع شد','2026-01-29 11:29:21','2026-01-29 14:59:21'),(1035378,345108,'عملیات با WP Cron تکمیل شد','2026-01-29 11:29:21','2026-01-29 14:59:21'),(1035379,345128,'عملیات ایجاد شد','2026-01-29 11:29:21','2026-01-29 14:59:21'),(1035380,345109,'عملیات با WP Cron شروع شد','2026-01-29 11:29:21','2026-01-29 14:59:21'),(1035381,345109,'عملیات با WP Cron تکمیل شد','2026-01-29 11:29:21','2026-01-29 14:59:21'),(1035382,345129,'عملیات ایجاد شد','2026-01-29 11:29:21','2026-01-29 14:59:21'),(1035383,345119,'عملیات با WP Cron شروع شد','2026-01-29 12:49:01','2026-01-29 16:19:01'),(1035384,345130,'عملیات ایجاد شد','2026-01-29 12:49:01','2026-01-29 16:19:01'),(1035385,345119,'عملیات با WP Cron تکمیل شد','2026-01-29 12:49:01','2026-01-29 16:19:01'),(1035386,345130,'عملیات با WP Cron شروع شد','2026-01-29 14:04:48','2026-01-29 17:34:48'),(1035387,345131,'عملیات ایجاد شد','2026-01-29 14:04:48','2026-01-29 17:34:48'),(1035388,345130,'عملیات با WP Cron تکمیل شد','2026-01-29 14:04:48','2026-01-29 17:34:48'),(1035389,345131,'عملیات با WP Cron شروع شد','2026-01-29 15:11:17','2026-01-29 18:41:17'),(1035390,345132,'عملیات ایجاد شد','2026-01-29 15:11:17','2026-01-29 18:41:17'),(1035391,345131,'عملیات با WP Cron تکمیل شد','2026-01-29 15:11:17','2026-01-29 18:41:17'),(1035392,345132,'عملیات با WP Cron شروع شد','2026-01-29 17:05:09','2026-01-29 20:35:09'),(1035393,345133,'عملیات ایجاد شد','2026-01-29 17:05:09','2026-01-29 20:35:09'),(1035394,345132,'عملیات با WP Cron تکمیل شد','2026-01-29 17:05:09','2026-01-29 20:35:09'),(1035395,345133,'عملیات با WP Cron شروع شد','2026-01-29 19:20:38','2026-01-29 22:50:38'),(1035396,345134,'عملیات ایجاد شد','2026-01-29 19:20:38','2026-01-29 22:50:38'),(1035397,345133,'عملیات با WP Cron تکمیل شد','2026-01-29 19:20:38','2026-01-29 22:50:38'),(1035398,345134,'عملیات با WP Cron شروع شد','2026-01-29 20:31:26','2026-01-30 00:01:26'),(1035399,345135,'عملیات ایجاد شد','2026-01-29 20:31:26','2026-01-30 00:01:26'),(1035400,345134,'عملیات با WP Cron تکمیل شد','2026-01-29 20:31:26','2026-01-30 00:01:26'),(1035401,345135,'عملیات با WP Cron شروع شد','2026-01-29 22:23:45','2026-01-30 01:53:45'),(1035402,345136,'عملیات ایجاد شد','2026-01-29 22:23:45','2026-01-30 01:53:45'),(1035403,345135,'عملیات با WP Cron تکمیل شد','2026-01-29 22:23:45','2026-01-30 01:53:45'),(1035404,345136,'عملیات با WP Cron شروع شد','2026-01-30 00:05:58','2026-01-30 03:35:58'),(1035405,345137,'عملیات ایجاد شد','2026-01-30 00:05:58','2026-01-30 03:35:58'),(1035406,345136,'عملیات با WP Cron تکمیل شد','2026-01-30 00:05:58','2026-01-30 03:35:58'),(1035407,345128,'عملیات با WP Cron شروع شد','2026-01-30 00:05:58','2026-01-30 03:35:58'),(1035408,345128,'عملیات با WP Cron تکمیل شد','2026-01-30 00:05:58','2026-01-30 03:35:58'),(1035409,345138,'عملیات ایجاد شد','2026-01-30 00:05:58','2026-01-30 03:35:58'),(1035410,345129,'عملیات با WP Cron شروع شد','2026-01-30 00:05:58','2026-01-30 03:35:58'),(1035411,345129,'عملیات با WP Cron تکمیل شد','2026-01-30 00:05:58','2026-01-30 03:35:58'),(1035412,345139,'عملیات ایجاد شد','2026-01-30 00:05:58','2026-01-30 03:35:58'),(1035413,345137,'عملیات با WP Cron شروع شد','2026-01-30 01:44:57','2026-01-30 05:14:57'),(1035414,345140,'عملیات ایجاد شد','2026-01-30 01:44:57','2026-01-30 05:14:57'),(1035415,345137,'عملیات با WP Cron تکمیل شد','2026-01-30 01:44:57','2026-01-30 05:14:57'),(1035416,345140,'عملیات با WP Cron شروع شد','2026-01-30 02:45:04','2026-01-30 06:15:04'),(1035417,345141,'عملیات ایجاد شد','2026-01-30 02:45:04','2026-01-30 06:15:04'),(1035418,345140,'عملیات با WP Cron تکمیل شد','2026-01-30 02:45:04','2026-01-30 06:15:04'),(1035419,345141,'عملیات با WP Cron شروع شد','2026-01-30 04:47:59','2026-01-30 08:17:59'),(1035420,345142,'عملیات ایجاد شد','2026-01-30 04:47:59','2026-01-30 08:17:59'),(1035421,345141,'عملیات با WP Cron تکمیل شد','2026-01-30 04:47:59','2026-01-30 08:17:59'),(1035422,345142,'عملیات با WP Cron شروع شد','2026-01-30 06:08:38','2026-01-30 09:38:38'),(1035423,345143,'عملیات ایجاد شد','2026-01-30 06:08:38','2026-01-30 09:38:38'),(1035424,345142,'عملیات با WP Cron تکمیل شد','2026-01-30 06:08:38','2026-01-30 09:38:38'),(1035425,345143,'عملیات با WP Cron شروع شد','2026-01-30 07:08:53','2026-01-30 10:38:53'),(1035426,345144,'عملیات ایجاد شد','2026-01-30 07:08:53','2026-01-30 10:38:53'),(1035427,345143,'عملیات با WP Cron تکمیل شد','2026-01-30 07:08:53','2026-01-30 10:38:53'),(1035428,345144,'عملیات با WP Cron شروع شد','2026-01-30 08:16:30','2026-01-30 11:46:30'),(1035429,345145,'عملیات ایجاد شد','2026-01-30 08:16:30','2026-01-30 11:46:30'),(1035430,345144,'عملیات با WP Cron تکمیل شد','2026-01-30 08:16:30','2026-01-30 11:46:30'),(1035431,345145,'عملیات با WP Cron شروع شد','2026-01-30 10:08:59','2026-01-30 13:38:59'),(1035432,345146,'عملیات ایجاد شد','2026-01-30 10:08:59','2026-01-30 13:38:59'),(1035433,345145,'عملیات با WP Cron تکمیل شد','2026-01-30 10:08:59','2026-01-30 13:38:59'),(1035434,345120,'عملیات با WP Cron شروع شد','2026-01-30 11:06:30','2026-01-30 14:36:30'),(1035435,345120,'عملیات با WP Cron تکمیل شد','2026-01-30 11:06:30','2026-01-30 14:36:30'),(1035436,345147,'عملیات ایجاد شد','2026-01-30 11:06:30','2026-01-30 14:36:30'),(1035437,345121,'عملیات با WP Cron شروع شد','2026-01-30 11:06:30','2026-01-30 14:36:30'),(1035438,345121,'عملیات با WP Cron تکمیل شد','2026-01-30 11:06:30','2026-01-30 14:36:30'),(1035439,345148,'عملیات ایجاد شد','2026-01-30 11:06:30','2026-01-30 14:36:30'),(1035440,345122,'عملیات با WP Cron شروع شد','2026-01-30 11:06:30','2026-01-30 14:36:30'),(1035441,345122,'عملیات با WP Cron تکمیل شد','2026-01-30 11:06:31','2026-01-30 14:36:31'),(1035442,345149,'عملیات ایجاد شد','2026-01-30 11:06:31','2026-01-30 14:36:31'),(1035443,345123,'عملیات با WP Cron شروع شد','2026-01-30 11:06:31','2026-01-30 14:36:31'),(1035444,345123,'عملیات با WP Cron تکمیل شد','2026-01-30 11:06:33','2026-01-30 14:36:33'),(1035445,345150,'عملیات ایجاد شد','2026-01-30 11:06:33','2026-01-30 14:36:33'),(1035446,345124,'عملیات با WP Cron شروع شد','2026-01-30 11:06:33','2026-01-30 14:36:33'),(1035447,345124,'عملیات با WP Cron تکمیل شد','2026-01-30 11:06:33','2026-01-30 14:36:33'),(1035448,345151,'عملیات ایجاد شد','2026-01-30 11:06:33','2026-01-30 14:36:33'),(1035449,345125,'عملیات با WP Cron شروع شد','2026-01-30 11:06:33','2026-01-30 14:36:33'),(1035450,345125,'عملیات با WP Cron تکمیل شد','2026-01-30 11:06:33','2026-01-30 14:36:33'),(1035451,345152,'عملیات ایجاد شد','2026-01-30 11:06:33','2026-01-30 14:36:33'),(1035452,345127,'عملیات با WP Cron شروع شد','2026-01-30 11:06:33','2026-01-30 14:36:33'),(1035453,345153,'عملیات ایجاد شد','2026-01-30 11:06:33','2026-01-30 14:36:33'),(1035454,345127,'عملیات با WP Cron تکمیل شد','2026-01-30 11:06:33','2026-01-30 14:36:33'),(1035455,345154,'عملیات ایجاد شد','2026-01-30 11:06:33','2026-01-30 14:36:33'),(1035456,345153,'عملیات با WP Cron شروع شد','2026-01-30 11:23:31','2026-01-30 14:53:31'),(1035457,345153,'عملیات با WP Cron تکمیل شد','2026-01-30 11:23:31','2026-01-30 14:53:31'),(1035458,345146,'عملیات با WP Cron شروع شد','2026-01-30 11:23:31','2026-01-30 14:53:31'),(1035459,345155,'عملیات ایجاد شد','2026-01-30 11:23:31','2026-01-30 14:53:31'),(1035460,345146,'عملیات با WP Cron تکمیل شد','2026-01-30 11:23:31','2026-01-30 14:53:31'),(1035461,345138,'عملیات با WP Cron شروع شد','2026-01-30 12:11:49','2026-01-30 15:41:49'),(1035462,345138,'عملیات با WP Cron تکمیل شد','2026-01-30 12:11:49','2026-01-30 15:41:49'),(1035463,345156,'عملیات ایجاد شد','2026-01-30 12:11:49','2026-01-30 15:41:49'),(1035464,345139,'عملیات با WP Cron شروع شد','2026-01-30 12:11:49','2026-01-30 15:41:49'),(1035465,345139,'عملیات با WP Cron تکمیل شد','2026-01-30 12:11:49','2026-01-30 15:41:49'),(1035466,345157,'عملیات ایجاد شد','2026-01-30 12:11:49','2026-01-30 15:41:49'),(1035467,345155,'عملیات با WP Cron شروع شد','2026-01-30 12:47:34','2026-01-30 16:17:34'),(1035468,345158,'عملیات ایجاد شد','2026-01-30 12:47:34','2026-01-30 16:17:34'),(1035469,345155,'عملیات با WP Cron تکمیل شد','2026-01-30 12:47:34','2026-01-30 16:17:34'),(1035470,345158,'عملیات با WP Cron شروع شد','2026-01-30 14:04:52','2026-01-30 17:34:52'),(1035471,345159,'عملیات ایجاد شد','2026-01-30 14:04:52','2026-01-30 17:34:52'),(1035472,345158,'عملیات با WP Cron تکمیل شد','2026-01-30 14:04:52','2026-01-30 17:34:52'),(1035473,345159,'عملیات با WP Cron شروع شد','2026-01-30 15:24:01','2026-01-30 18:54:01'),(1035474,345160,'عملیات ایجاد شد','2026-01-30 15:24:01','2026-01-30 18:54:01'),(1035475,345159,'عملیات با WP Cron تکمیل شد','2026-01-30 15:24:01','2026-01-30 18:54:01'),(1035476,345160,'عملیات با WP Cron شروع شد','2026-01-30 16:29:38','2026-01-30 19:59:38'),(1035477,345161,'عملیات ایجاد شد','2026-01-30 16:29:38','2026-01-30 19:59:38'),(1035478,345160,'عملیات با WP Cron تکمیل شد','2026-01-30 16:29:38','2026-01-30 19:59:38'),(1035479,345161,'عملیات با WP Cron شروع شد','2026-01-30 19:50:44','2026-01-30 23:20:44'),(1035480,345162,'عملیات ایجاد شد','2026-01-30 19:50:44','2026-01-30 23:20:44'),(1035481,345161,'عملیات با WP Cron تکمیل شد','2026-01-30 19:50:44','2026-01-30 23:20:44'),(1035482,345162,'عملیات با WP Cron شروع شد','2026-01-30 21:46:13','2026-01-31 01:16:13'),(1035483,345163,'عملیات ایجاد شد','2026-01-30 21:46:13','2026-01-31 01:16:13'),(1035484,345162,'عملیات با WP Cron تکمیل شد','2026-01-30 21:46:13','2026-01-31 01:16:13'),(1035485,345163,'عملیات با WP Cron شروع شد','2026-01-30 23:37:08','2026-01-31 03:07:08'),(1035486,345164,'عملیات ایجاد شد','2026-01-30 23:37:08','2026-01-31 03:07:08'),(1035487,345163,'عملیات با WP Cron تکمیل شد','2026-01-30 23:37:08','2026-01-31 03:07:08'),(1035488,345156,'عملیات با WP Cron شروع شد','2026-01-31 00:34:45','2026-01-31 04:04:45'),(1035489,345156,'عملیات با WP Cron تکمیل شد','2026-01-31 00:34:45','2026-01-31 04:04:45'),(1035490,345165,'عملیات ایجاد شد','2026-01-31 00:34:45','2026-01-31 04:04:45'),(1035491,345157,'عملیات با WP Cron شروع شد','2026-01-31 00:34:45','2026-01-31 04:04:45'),(1035492,345157,'عملیات با WP Cron تکمیل شد','2026-01-31 00:34:45','2026-01-31 04:04:45'),(1035493,345166,'عملیات ایجاد شد','2026-01-31 00:34:45','2026-01-31 04:04:45'),(1035494,345164,'عملیات با WP Cron شروع شد','2026-01-31 00:50:40','2026-01-31 04:20:40'),(1035495,345167,'عملیات ایجاد شد','2026-01-31 00:50:40','2026-01-31 04:20:40'),(1035496,345164,'عملیات با WP Cron تکمیل شد','2026-01-31 00:50:40','2026-01-31 04:20:40'),(1035497,345167,'عملیات با WP Cron شروع شد','2026-01-31 01:53:02','2026-01-31 05:23:02'),(1035498,345168,'عملیات ایجاد شد','2026-01-31 01:53:02','2026-01-31 05:23:02'),(1035499,345167,'عملیات با WP Cron تکمیل شد','2026-01-31 01:53:02','2026-01-31 05:23:02'),(1035500,345168,'عملیات با WP Cron شروع شد','2026-01-31 03:50:39','2026-01-31 07:20:39'),(1035501,345169,'عملیات ایجاد شد','2026-01-31 03:50:39','2026-01-31 07:20:39'),(1035502,345168,'عملیات با WP Cron تکمیل شد','2026-01-31 03:50:39','2026-01-31 07:20:39'),(1035503,345169,'عملیات با WP Cron شروع شد','2026-01-31 05:04:38','2026-01-31 08:34:38'),(1035504,345170,'عملیات ایجاد شد','2026-01-31 05:04:38','2026-01-31 08:34:38'),(1035505,345169,'عملیات با WP Cron تکمیل شد','2026-01-31 05:04:38','2026-01-31 08:34:38'),(1035506,345170,'عملیات با WP Cron شروع شد','2026-01-31 06:56:58','2026-01-31 10:26:58'),(1035507,345171,'عملیات ایجاد شد','2026-01-31 06:56:58','2026-01-31 10:26:58'),(1035508,345170,'عملیات با WP Cron تکمیل شد','2026-01-31 06:56:58','2026-01-31 10:26:58'),(1035509,345171,'عملیات با WP Cron شروع شد','2026-01-31 08:25:28','2026-01-31 11:55:28'),(1035510,345172,'عملیات ایجاد شد','2026-01-31 08:25:28','2026-01-31 11:55:28'),(1035511,345171,'عملیات با WP Cron تکمیل شد','2026-01-31 08:25:28','2026-01-31 11:55:28'),(1035512,345172,'عملیات با WP Cron شروع شد','2026-01-31 09:54:00','2026-01-31 13:24:00'),(1035513,345173,'عملیات ایجاد شد','2026-01-31 09:54:00','2026-01-31 13:24:00'),(1035514,345172,'عملیات با WP Cron تکمیل شد','2026-01-31 09:54:00','2026-01-31 13:24:00'),(1035515,345173,'عملیات با WP Cron شروع شد','2026-01-31 11:00:42','2026-01-31 14:30:42'),(1035516,345174,'عملیات ایجاد شد','2026-01-31 11:00:42','2026-01-31 14:30:42'),(1035517,345173,'عملیات با WP Cron تکمیل شد','2026-01-31 11:00:42','2026-01-31 14:30:42');

--
-- Table structure for table `wp_cli_csv_template`
--

CREATE TABLE `wp_cli_csv_template` (
  `ID` int(10) NOT NULL AUTO_INCREMENT,
  `template_name` varchar(255) DEFAULT NULL,
  `file_name` varchar(255) DEFAULT NULL,
  `type` varchar(255) DEFAULT NULL,
  `templatekey` varchar(32) NOT NULL,
  `month` varchar(60) DEFAULT NULL,
  `year` varchar(60) DEFAULT NULL,
  PRIMARY KEY (`ID`)
) ENGINE=InnoDB DEFAULT CHARSET=latin1 COLLATE=latin1_swedish_ci;

--
-- Dumping data for table `wp_cli_csv_template`
--


--
-- Table structure for table `wp_commentmeta`
--

CREATE TABLE `wp_commentmeta` (
  `meta_id` bigint(20) unsigned NOT NULL AUTO_INCREMENT,
  `comment_id` bigint(20) unsigned NOT NULL DEFAULT 0,
  `meta_key` varchar(255) DEFAULT NULL,
  `meta_value` longtext DEFAULT NULL,
  PRIMARY KEY (`meta_id`),
  KEY `comment_id` (`comment_id`),
  KEY `meta_key` (`meta_key`(191))
) ENGINE=InnoDB AUTO_INCREMENT=427 DEFAULT CHARSET=utf8mb4 COLLATE=utf8mb4_unicode_ci;

--
-- Dumping data for table `wp_commentmeta`
--

INSERT INTO `wp_commentmeta` VALUES (51,88,'rating','4'),(52,88,'verified','0'),(53,88,'wd_likes','0'),(54,88,'wd_dislikes','0'),(55,88,'wd_total_vote','0'),(56,89,'rating','5'),(57,89,'verified','0'),(58,89,'wd_likes','0'),(59,89,'wd_dislikes','0'),(60,89,'wd_total_vote','0'),(61,91,'is_customer_note','1'),(62,96,'is_customer_note','1'),(63,99,'is_customer_note','1'),(64,108,'is_customer_note','1'),(65,111,'is_customer_note','1'),(66,117,'is_customer_note','1'),(67,119,'is_customer_note','1'),(68,120,'is_customer_note','1'),(69,127,'is_customer_note','1'),(70,129,'is_customer_note','1'),(71,134,'is_customer_note','1'),(72,143,'is_customer_note','1'),(73,148,'is_customer_note','1'),(74,155,'is_customer_note','1'),(75,163,'is_customer_note','1'),(76,166,'is_customer_note','1'),(77,172,'is_customer_note','1'),(78,180,'is_customer_note','1'),(79,182,'is_customer_note','1'),(80,187,'is_customer_note','1'),(81,192,'is_customer_note','1'),(82,218,'is_customer_note','1'),(83,221,'is_customer_note','1'),(84,230,'is_customer_note','1'),(85,259,'is_customer_note','1'),(86,280,'is_customer_note','1'),(87,292,'is_customer_note','1'),(88,309,'is_customer_note','1'),(89,326,'is_customer_note','1'),(90,339,'is_customer_note','1'),(91,352,'is_customer_note','1'),(92,365,'is_customer_note','1'),(93,378,'is_customer_note','1'),(94,400,'is_customer_note','1'),(95,401,'is_customer_note','1'),(96,402,'is_customer_note','1'),(97,507,'is_customer_note','1'),(98,510,'is_customer_note','1'),(99,512,'is_customer_note','1'),(100,516,'is_customer_note','1'),(101,521,'is_customer_note','1'),(102,668,'rating','1'),(103,668,'verified','0'),(104,668,'wd_likes','0'),(105,668,'wd_dislikes','0'),(106,668,'wd_total_vote','0'),(107,669,'rating','1'),(108,669,'verified','0'),(109,669,'wd_likes','0'),(110,669,'wd_dislikes','0'),(111,669,'wd_total_vote','0'),(112,670,'rating','1'),(113,670,'verified','0'),(114,670,'wd_likes','0'),(115,670,'wd_dislikes','0'),(116,670,'wd_total_vote','0'),(117,671,'rating','1'),(118,671,'verified','0'),(119,671,'wd_likes','0'),(120,671,'wd_dislikes','0'),(121,671,'wd_total_vote','0'),(122,672,'rating','1'),(123,672,'verified','0'),(124,672,'wd_likes','0'),(125,672,'wd_dislikes','0'),(126,672,'wd_total_vote','0'),(127,673,'rating','1'),(128,673,'verified','0'),(129,673,'wd_likes','0'),(130,673,'wd_dislikes','0'),(131,673,'wd_total_vote','0'),(132,674,'rating','1'),(133,674,'verified','0'),(134,674,'wd_likes','0'),(135,674,'wd_dislikes','0'),(136,674,'wd_total_vote','0'),(137,675,'rating','1'),(138,675,'verified','0'),(139,675,'wd_likes','0'),(140,675,'wd_dislikes','0'),(141,675,'wd_total_vote','0'),(142,676,'rating','1'),(143,676,'verified','0'),(144,676,'wd_likes','0'),(145,676,'wd_dislikes','0'),(146,676,'wd_total_vote','0'),(147,677,'rating','1'),(148,677,'verified','0'),(149,677,'wd_likes','0'),(150,677,'wd_dislikes','0'),(151,677,'wd_total_vote','0'),(152,678,'rating','1'),(153,678,'verified','0'),(154,678,'wd_likes','0'),(155,678,'wd_dislikes','0'),(156,678,'wd_total_vote','0'),(157,679,'rating','1'),(158,679,'verified','0'),(159,679,'wd_likes','0'),(160,679,'wd_dislikes','0'),(161,679,'wd_total_vote','0'),(162,680,'rating','1'),(163,680,'verified','0'),(164,680,'wd_likes','0'),(165,680,'wd_dislikes','0'),(166,680,'wd_total_vote','0'),(167,681,'rating','1'),(168,681,'verified','0'),(169,681,'wd_likes','0'),(170,681,'wd_dislikes','0'),(171,681,'wd_total_vote','0'),(172,682,'rating','1'),(173,682,'verified','0'),(174,682,'wd_likes','0'),(175,682,'wd_dislikes','0'),(176,682,'wd_total_vote','0'),(182,697,'rating','1'),(183,697,'verified','0'),(184,697,'wd_likes','0'),(185,697,'wd_dislikes','0'),(186,697,'wd_total_vote','0'),(187,698,'rating','1'),(188,698,'verified','0'),(189,698,'wd_likes','0'),(190,698,'wd_dislikes','0'),(191,698,'wd_total_vote','0'),(192,699,'rating','1'),(193,699,'verified','0'),(194,699,'wd_likes','0'),(195,699,'wd_dislikes','0'),(196,699,'wd_total_vote','0'),(197,700,'rating','1'),(198,700,'verified','0'),(199,700,'wd_likes','0'),(200,700,'wd_dislikes','0'),(201,700,'wd_total_vote','0'),(202,701,'rating','1'),(203,701,'verified','0'),(204,701,'wd_likes','0'),(205,701,'wd_dislikes','0'),(206,701,'wd_total_vote','0'),(212,703,'rating','1'),(213,703,'verified','0'),(214,703,'wd_likes','0'),(215,703,'wd_dislikes','0'),(216,703,'wd_total_vote','0'),(217,704,'rating','1'),(218,704,'verified','0'),(219,704,'wd_likes','0'),(220,704,'wd_dislikes','0'),(221,704,'wd_total_vote','0'),(222,705,'rating','1'),(223,705,'verified','0'),(224,705,'wd_likes','0'),(225,705,'wd_dislikes','0'),(226,705,'wd_total_vote','0'),(227,706,'rating','1'),(228,706,'verified','0'),(229,706,'wd_likes','0'),(230,706,'wd_dislikes','0'),(231,706,'wd_total_vote','0'),(232,707,'rating','1'),(233,707,'verified','0'),(234,707,'wd_likes','0'),(235,707,'wd_dislikes','0'),(236,707,'wd_total_vote','0'),(237,708,'rating','1'),(238,708,'verified','0'),(239,708,'wd_likes','0'),(240,708,'wd_dislikes','0'),(241,708,'wd_total_vote','0'),(242,709,'rating','1'),(243,709,'verified','0'),(244,709,'wd_likes','0'),(245,709,'wd_dislikes','0'),(246,709,'wd_total_vote','0'),(247,710,'rating','1'),(248,710,'verified','0'),(249,710,'wd_likes','0'),(250,710,'wd_dislikes','0'),(251,710,'wd_total_vote','0'),(252,711,'rating','1'),(253,711,'verified','0'),(254,711,'wd_likes','0'),(255,711,'wd_dislikes','0'),(256,711,'wd_total_vote','0'),(257,715,'rating','1'),(258,715,'verified','0'),(259,715,'wd_likes','0'),(260,715,'wd_dislikes','0'),(261,715,'wd_total_vote','0'),(262,716,'rating','1'),(263,716,'verified','0'),(264,716,'wd_likes','0'),(265,716,'wd_dislikes','0'),(266,716,'wd_total_vote','0'),(267,717,'rating','1'),(268,717,'verified','0'),(269,717,'wd_likes','0'),(270,717,'wd_dislikes','0'),(271,717,'wd_total_vote','0'),(272,718,'rating','1'),(273,718,'verified','0'),(274,718,'wd_likes','0'),(275,718,'wd_dislikes','0'),(276,718,'wd_total_vote','0'),(282,720,'rating','1'),(283,720,'verified','0'),(284,720,'wd_likes','0'),(285,720,'wd_dislikes','0'),(286,720,'wd_total_vote','0'),(287,721,'rating','1'),(288,721,'verified','0'),(289,721,'wd_likes','0'),(290,721,'wd_dislikes','0'),(291,721,'wd_total_vote','0'),(292,726,'rating','1'),(293,726,'verified','0'),(294,726,'wd_likes','0'),(295,726,'wd_dislikes','0'),(296,726,'wd_total_vote','0'),(297,727,'rating','1'),(298,727,'verified','0'),(299,727,'wd_likes','0'),(300,727,'wd_dislikes','0'),(301,727,'wd_total_vote','0'),(302,728,'rating','1'),(303,728,'verified','0'),(304,728,'wd_likes','0'),(305,728,'wd_dislikes','0'),(306,728,'wd_total_vote','0'),(307,732,'rating','1'),(308,732,'verified','0'),(309,732,'wd_likes','0'),(310,732,'wd_dislikes','0'),(311,732,'wd_total_vote','0'),(312,733,'rating','1'),(313,733,'verified','0'),(314,733,'wd_likes','0'),(315,733,'wd_dislikes','0'),(316,733,'wd_total_vote','0'),(317,734,'rating','1'),(318,734,'verified','0'),(319,734,'wd_likes','0'),(320,734,'wd_dislikes','0'),(321,734,'wd_total_vote','0'),(322,740,'rating','1'),(323,740,'verified','0'),(324,740,'wd_likes','0'),(325,740,'wd_dislikes','0'),(326,740,'wd_total_vote','0'),(327,741,'rating','1'),(328,741,'verified','0'),(329,741,'wd_likes','0'),(330,741,'wd_dislikes','0'),(331,741,'wd_total_vote','0'),(332,742,'rating','1'),(333,742,'verified','0'),(334,742,'wd_likes','0'),(335,742,'wd_dislikes','0'),(336,742,'wd_total_vote','0'),(337,746,'rating','1'),(338,746,'verified','0'),(339,746,'wd_likes','0'),(340,746,'wd_dislikes','0'),(341,746,'wd_total_vote','0'),(342,747,'rating','1'),(343,747,'verified','0'),(344,747,'wd_likes','0'),(345,747,'wd_dislikes','0'),(346,747,'wd_total_vote','0'),(347,748,'rating','1'),(348,748,'verified','0'),(349,748,'wd_likes','0'),(350,748,'wd_dislikes','0'),(351,748,'wd_total_vote','0'),(352,749,'rating','1'),(353,749,'verified','0'),(354,749,'wd_likes','0'),(355,749,'wd_dislikes','0'),(356,749,'wd_total_vote','0'),(357,754,'rating','1'),(358,754,'verified','0'),(359,754,'wd_likes','0'),(360,754,'wd_dislikes','0'),(361,754,'wd_total_vote','0'),(362,758,'rating','1'),(363,758,'verified','0'),(364,758,'wd_likes','0'),(365,758,'wd_dislikes','0'),(366,758,'wd_total_vote','0'),(367,761,'rating','1'),(368,761,'verified','0'),(369,761,'wd_likes','0'),(370,761,'wd_dislikes','0'),(371,761,'wd_total_vote','0'),(372,768,'rating','1'),(373,768,'verified','0'),(374,768,'wd_likes','0'),(375,768,'wd_dislikes','0'),(376,768,'wd_total_vote','0'),(377,770,'rating','1'),(378,770,'verified','0'),(379,770,'wd_likes','0'),(380,770,'wd_dislikes','0'),(381,770,'wd_total_vote','0'),(382,771,'rating','1'),(383,771,'verified','0'),(384,771,'wd_likes','0'),(385,771,'wd_dislikes','0'),(386,771,'wd_total_vote','0'),(387,772,'rating','1'),(388,772,'verified','0'),(389,772,'wd_likes','0'),(390,772,'wd_dislikes','0'),(391,772,'wd_total_vote','0'),(392,773,'rating','1'),(393,773,'verified','0'),(394,773,'wd_likes','0'),(395,773,'wd_dislikes','0'),(396,773,'wd_total_vote','0'),(397,776,'rating','1'),(398,776,'verified','0'),(399,776,'wd_likes','0'),(400,776,'wd_dislikes','0'),(401,776,'wd_total_vote','0'),(402,779,'rating','1'),(403,779,'verified','0'),(404,779,'wd_likes','0'),(405,779,'wd_dislikes','0'),(406,779,'wd_total_vote','0'),(407,784,'rating','1'),(408,784,'verified','0'),(409,784,'wd_likes','0'),(410,784,'wd_dislikes','0'),(411,784,'wd_total_vote','0'),(412,786,'rating','1'),(413,786,'verified','0'),(414,786,'wd_likes','0'),(415,786,'wd_dislikes','0'),(416,786,'wd_total_vote','0'),(417,789,'rating','1'),(418,789,'verified','0'),(419,789,'wd_likes','0'),(420,789,'wd_dislikes','0'),(421,789,'wd_total_vote','0'),(422,792,'rating','1'),(423,792,'verified','0'),(424,792,'wd_likes','0'),(425,792,'wd_dislikes','0'),(426,792,'wd_total_vote','0');

--
-- Table structure for table `wp_comments`
--

CREATE TABLE `wp_comments` (
  `comment_ID` bigint(20) unsigned NOT NULL AUTO_INCREMENT,
  `comment_post_ID` bigint(20) unsigned NOT NULL DEFAULT 0,
  `comment_author` tinytext NOT NULL,
  `comment_author_email` varchar(100) NOT NULL DEFAULT '',
  `comment_author_url` varchar(200) NOT NULL DEFAULT '',
  `comment_author_IP` varchar(100) NOT NULL DEFAULT '',
  `comment_date` datetime NOT NULL DEFAULT '0000-00-00 00:00:00',
  `comment_date_gmt` datetime NOT NULL DEFAULT '0000-00-00 00:00:00',
  `comment_content` text NOT NULL,
  `comment_karma` int(11) NOT NULL DEFAULT 0,
  `comment_approved` varchar(20) NOT NULL DEFAULT '1',
  `comment_agent` varchar(255) NOT NULL DEFAULT '',
  `comment_type` varchar(20) NOT NULL DEFAULT 'comment',
  `comment_parent` bigint(20) unsigned NOT NULL DEFAULT 0,
  `user_id` bigint(20) unsigned NOT NULL DEFAULT 0,
  PRIMARY KEY (`comment_ID`),
  KEY `comment_post_ID` (`comment_post_ID`),
  KEY `comment_approved_date_gmt` (`comment_approved`,`comment_date_gmt`),
  KEY `comment_date_gmt` (`comment_date_gmt`),
  KEY `comment_parent` (`comment_parent`),
  KEY `comment_author_email` (`comment_author_email`(10)),
  KEY `woo_idx_comment_type` (`comment_type`)
) ENGINE=InnoDB AUTO_INCREMENT=793 DEFAULT CHARSET=utf8mb4 COLLATE=utf8mb4_unicode_ci;

--
-- Dumping data for table `wp_comments`
--

INSERT INTO `wp_comments` VALUES (10,4651,'ووکامرس','','','','2021-05-20 11:43:40','2021-05-20 11:43:40','در هنگام اتصال به درگاه Pay.ir خطای زیر رخ داده است.<br>API Key ارسال نمی شود',0,'1','WooCommerce','order_note',0,0),(11,4651,'ووکامرس','','','','2021-05-20 13:03:34','2021-05-20 13:03:34','سفارش پرداخت نشده لغو شد - حد زمانی پایان یافت وضعیت سفارش از در انتظار پرداخت به لغو شده تغییر کرد.',0,'1','WooCommerce','order_note',0,0),(12,4652,'ووکامرس','','','','2021-05-21 13:52:58','2021-05-21 13:52:58','در هنگام اتصال به درگاه Pay.ir خطای زیر رخ داده است.<br>API Key ارسال نمی شود',0,'1','WooCommerce','order_note',0,0),(13,4652,'ووکامرس','','','','2021-05-21 13:54:35','2021-05-21 13:54:35','در هنگام اتصال به درگاه Pay.ir خطای زیر رخ داده است.<br>API Key ارسال نمی شود',0,'1','WooCommerce','order_note',0,0),(14,4652,'ووکامرس','','','','2021-05-21 17:07:55','2021-05-21 17:07:55','سفارش پرداخت نشده لغو شد - حد زمانی پایان یافت وضعیت سفارش از در انتظار پرداخت به لغو شده تغییر کرد.',0,'1','WooCommerce','order_note',0,0),(15,4653,'ووکامرس','','','','2021-05-26 11:51:29','2021-05-26 11:51:29','در هنگام اتصال به درگاه Pay.ir خطای زیر رخ داده است.<br>API Key ارسال نمی شود',0,'1','WooCommerce','order_note',0,0),(16,4653,'ووکامرس','','','','2021-05-26 13:29:29','2021-05-26 13:29:29','سفارش پرداخت نشده لغو شد - حد زمانی پایان یافت وضعیت سفارش از در انتظار پرداخت به لغو شده تغییر کرد.',0,'1','WooCommerce','order_note',0,0),(17,4666,'ووکامرس','','','','2021-06-08 10:03:04','2021-06-08 10:03:04','سفارش پرداخت نشده لغو شد - حد زمانی پایان یافت وضعیت سفارش از در انتظار پرداخت به لغو شده تغییر کرد.',0,'1','WooCommerce','order_note',0,0),(19,4719,'ووکامرس','','','','2021-07-03 10:09:02','2021-07-03 10:09:02','در هنگام اتصال به درگاه Pay.ir خطای زیر رخ داده است.<br>API Key ارسال نمی شود',0,'1','WooCommerce','order_note',0,0),(20,4719,'ووکامرس','','','','2021-07-03 11:22:03','2021-07-03 11:22:03','سفارش پرداخت نشده لغو شد - حد زمانی پایان یافت وضعیت سفارش از در انتظار پرداخت به لغو شده تغییر کرد.',0,'1','WooCommerce','order_note',0,0),(21,4720,'ووکامرس','','','','2021-07-03 14:13:01','2021-07-03 14:13:01','در هنگام اتصال به درگاه Pay.ir خطای زیر رخ داده است.<br>API Key ارسال نمی شود',0,'1','WooCommerce','order_note',0,0),(22,4720,'ووکامرس','','','','2021-07-03 15:53:36','2021-07-03 15:53:36','سفارش پرداخت نشده لغو شد - حد زمانی پایان یافت وضعیت سفارش از در انتظار پرداخت به لغو شده تغییر کرد.',0,'1','WooCommerce','order_note',0,0),(23,4721,'ووکامرس','','','','2021-07-07 19:00:30','2021-07-07 19:00:30','در هنگام اتصال به درگاه Pay.ir خطای زیر رخ داده است.<br>API Key ارسال نمی شود',0,'1','WooCommerce','order_note',0,0),(24,4721,'ووکامرس','','','','2021-07-07 19:00:39','2021-07-07 19:00:39','در هنگام اتصال به درگاه Pay.ir خطای زیر رخ داده است.<br>API Key ارسال نمی شود',0,'1','WooCommerce','order_note',0,0),(25,4721,'ووکامرس','','','','2021-07-07 19:00:48','2021-07-07 19:00:48','در هنگام اتصال به درگاه Pay.ir خطای زیر رخ داده است.<br>API Key ارسال نمی شود',0,'1','WooCommerce','order_note',0,0),(26,4721,'ووکامرس','','','','2021-07-07 20:50:45','2021-07-07 20:50:45','سفارش پرداخت نشده لغو شد - حد زمانی پایان یافت وضعیت سفارش از در انتظار پرداخت به لغو شده تغییر کرد.',0,'1','WooCommerce','order_note',0,0),(27,4723,'ووکامرس','','','','2021-07-10 07:14:34','2021-07-10 07:14:34','سفارش پرداخت نشده لغو شد - حد زمانی پایان یافت وضعیت سفارش از در انتظار پرداخت به لغو شده تغییر کرد.',0,'1','WooCommerce','order_note',0,0),(28,4725,'ووکامرس','','','','2021-07-26 10:53:25','2021-07-26 10:53:25','در هنگام اتصال به درگاه Pay.ir خطای زیر رخ داده است.<br>API Key ارسال نمی شود',0,'1','WooCommerce','order_note',0,0),(29,4725,'ووکامرس','','','','2021-07-26 10:53:31','2021-07-26 10:53:31','در هنگام اتصال به درگاه Pay.ir خطای زیر رخ داده است.<br>API Key ارسال نمی شود',0,'1','WooCommerce','order_note',0,0),(30,4725,'ووکامرس','','','','2021-07-26 12:19:50','2021-07-26 12:19:50','سفارش پرداخت نشده لغو شد - حد زمانی پایان یافت وضعیت سفارش از در انتظار پرداخت به لغو شده تغییر کرد.',0,'1','WooCommerce','order_note',0,0),(31,4726,'ووکامرس','','','','2021-07-30 20:11:29','2021-07-30 20:11:29','در هنگام اتصال به درگاه Pay.ir خطای زیر رخ داده است.<br>API Key ارسال نمی شود',0,'1','WooCommerce','order_note',0,0),(32,4726,'ووکامرس','','','','2021-07-30 21:41:41','2021-07-30 21:41:41','سفارش پرداخت نشده لغو شد - حد زمانی پایان یافت وضعیت سفارش از در انتظار پرداخت به لغو شده تغییر کرد.',0,'1','WooCommerce','order_note',0,0),(33,4739,'ووکامرس','','','','2021-08-01 13:19:07','2021-08-01 13:19:07','در هنگام اتصال به درگاه Pay.ir خطای زیر رخ داده است.<br>API Key ارسال نمی شود',0,'1','WooCommerce','order_note',0,0),(34,4739,'ووکامرس','','','','2021-08-01 13:19:18','2021-08-01 13:19:18','در هنگام اتصال به درگاه Pay.ir خطای زیر رخ داده است.<br>API Key ارسال نمی شود',0,'1','WooCommerce','order_note',0,0),(35,4739,'ووکامرس','','','','2021-08-01 14:19:21','2021-08-01 14:19:21','سفارش پرداخت نشده لغو شد - حد زمانی پایان یافت وضعیت سفارش از در انتظار پرداخت به لغو شده تغییر کرد.',0,'1','WooCommerce','order_note',0,0),(36,4741,'ووکامرس','','','','2021-08-02 18:17:01','2021-08-02 18:17:01','در هنگام اتصال به درگاه Pay.ir خطای زیر رخ داده است.<br>API Key ارسال نمی شود',0,'1','WooCommerce','order_note',0,0),(37,4741,'ووکامرس','','','','2021-08-02 18:17:10','2021-08-02 18:17:10','در هنگام اتصال به درگاه Pay.ir خطای زیر رخ داده است.<br>API Key ارسال نمی شود',0,'1','WooCommerce','order_note',0,0),(38,4741,'ووکامرس','','','','2021-08-02 19:49:45','2021-08-02 19:49:45','سفارش پرداخت نشده لغو شد - حد زمانی پایان یافت وضعیت سفارش از در انتظار پرداخت به لغو شده تغییر کرد.',0,'1','WooCommerce','order_note',0,0),(39,4742,'ووکامرس','','','','2021-08-03 10:30:09','2021-08-03 10:30:09','در هنگام اتصال به درگاه Pay.ir خطای زیر رخ داده است.<br>API Key ارسال نمی شود',0,'1','WooCommerce','order_note',0,0),(40,4742,'ووکامرس','','','','2021-08-03 10:30:24','2021-08-03 10:30:24','در هنگام اتصال به درگاه Pay.ir خطای زیر رخ داده است.<br>API Key ارسال نمی شود',0,'1','WooCommerce','order_note',0,0),(41,4742,'ووکامرس','','','','2021-08-03 10:30:33','2021-08-03 10:30:33','در هنگام اتصال به درگاه Pay.ir خطای زیر رخ داده است.<br>API Key ارسال نمی شود',0,'1','WooCommerce','order_note',0,0),(42,4742,'ووکامرس','','','','2021-08-03 12:47:13','2021-08-03 12:47:13','سفارش پرداخت نشده لغو شد - حد زمانی پایان یافت وضعیت سفارش از در انتظار پرداخت به لغو شده تغییر کرد.',0,'1','WooCommerce','order_note',0,0),(44,4744,'ووکامرس','','','','2021-08-11 17:05:24','2021-08-11 17:05:24','در هنگام اتصال به درگاه Pay.ir خطای زیر رخ داده است.<br>API Key ارسال نمی شود',0,'1','WooCommerce','order_note',0,0),(45,4744,'ووکامرس','','','','2021-08-11 17:05:35','2021-08-11 17:05:35','در هنگام اتصال به درگاه Pay.ir خطای زیر رخ داده است.<br>API Key ارسال نمی شود',0,'1','WooCommerce','order_note',0,0),(46,4744,'ووکامرس','','','','2021-08-11 17:05:35','2021-08-11 17:05:35','در هنگام اتصال به درگاه Pay.ir خطای زیر رخ داده است.<br>API Key ارسال نمی شود',0,'1','WooCommerce','order_note',0,0),(47,4744,'ووکامرس','','','','2021-08-11 17:05:35','2021-08-11 17:05:35','در هنگام اتصال به درگاه Pay.ir خطای زیر رخ داده است.<br>API Key ارسال نمی شود',0,'1','WooCommerce','order_note',0,0),(48,4744,'ووکامرس','','','','2021-08-11 17:05:35','2021-08-11 17:05:35','در هنگام اتصال به درگاه Pay.ir خطای زیر رخ داده است.<br>API Key ارسال نمی شود',0,'1','WooCommerce','order_note',0,0),(49,4744,'ووکامرس','','','','2021-08-11 18:19:28','2021-08-11 18:19:28','سفارش پرداخت نشده لغو شد - حد زمانی پایان یافت وضعیت سفارش از در انتظار پرداخت به لغو شده تغییر کرد.',0,'1','WooCommerce','order_note',0,0),(50,4746,'ووکامرس','','','','2021-08-18 16:45:53','2021-08-18 16:45:53','در هنگام اتصال به درگاه Pay.ir خطای زیر رخ داده است.<br>API Key ارسال نمی شود',0,'1','WooCommerce','order_note',0,0),(51,4746,'ووکامرس','','','','2021-08-18 16:46:01','2021-08-18 16:46:01','در هنگام اتصال به درگاه Pay.ir خطای زیر رخ داده است.<br>API Key ارسال نمی شود',0,'1','WooCommerce','order_note',0,0),(52,4746,'ووکامرس','','','','2021-08-18 18:01:49','2021-08-18 18:01:49','سفارش پرداخت نشده لغو شد - حد زمانی پایان یافت وضعیت سفارش از در انتظار پرداخت به لغو شده تغییر کرد.',0,'1','WooCommerce','order_note',0,0),(53,4748,'ووکامرس','','','','2021-08-21 13:21:23','2021-08-21 13:21:23','در هنگام اتصال به درگاه Pay.ir خطای زیر رخ داده است.<br>API Key ارسال نمی شود',0,'1','WooCommerce','order_note',0,0),(54,4748,'ووکامرس','','','','2021-08-21 13:21:31','2021-08-21 13:21:31','در هنگام اتصال به درگاه Pay.ir خطای زیر رخ داده است.<br>API Key ارسال نمی شود',0,'1','WooCommerce','order_note',0,0),(55,4748,'ووکامرس','','','','2021-08-21 15:04:10','2021-08-21 15:04:10','سفارش پرداخت نشده لغو شد - حد زمانی پایان یافت وضعیت سفارش از در انتظار پرداخت به لغو شده تغییر کرد.',0,'1','WooCommerce','order_note',0,0),(57,4758,'ووکامرس','','','','2021-09-02 05:51:12','2021-09-02 05:51:12','میزان موجودی کاهش یافته: لب تاپ core i 7 ایسوس (#375) 13&rarr;7, لب تاپ 15 اینچی ایسوس (#381) 10&rarr;7, لب تاپ ایسوس کینگ مستر (#379) 15&rarr;14, لب تاپ ایسوس 50 i (#380) 12&rarr;11, لب تاپ a50 سری 33 (#378) 17&rarr;16, لب تاپ 15 اینچی ایسوس (#364) 10&rarr;9',0,'1','WooCommerce','order_note',0,0),(58,4758,'ووکامرس','','','','2021-09-02 05:51:13','2021-09-02 05:51:13','پرداخت پس از تحویل وضعیت سفارش از در انتظار پرداخت به در حال انجام تغییر کرد.',0,'1','WooCommerce','order_note',0,0),(59,4758,'admina','info@dev-wp.ir','','','2021-09-02 05:53:39','2021-09-02 05:53:39','وضعیت سفارش از در حال انجام به تکمیل شده تغییر کرد.',0,'1','WooCommerce','order_note',0,0),(60,4781,'ووکامرس','','','','2021-10-01 07:39:37','2021-10-01 07:39:37','در هنگام اتصال به درگاه Pay.ir خطای زیر رخ داده است.<br>API Key ارسال نمی شود',0,'1','WooCommerce','order_note',0,0),(61,4781,'ووکامرس','','','','2021-10-01 07:39:42','2021-10-01 07:39:42','در هنگام اتصال به درگاه Pay.ir خطای زیر رخ داده است.<br>API Key ارسال نمی شود',0,'1','WooCommerce','order_note',0,0),(62,4781,'ووکامرس','','','','2021-10-01 07:39:50','2021-10-01 07:39:50','در هنگام اتصال به درگاه Pay.ir خطای زیر رخ داده است.<br>API Key ارسال نمی شود',0,'1','WooCommerce','order_note',0,0),(63,4781,'ووکامرس','','','','2021-10-01 07:39:53','2021-10-01 07:39:53','در هنگام اتصال به درگاه Pay.ir خطای زیر رخ داده است.<br>API Key ارسال نمی شود',0,'1','WooCommerce','order_note',0,0),(64,4781,'ووکامرس','','','','2021-10-01 07:39:57','2021-10-01 07:39:57','در هنگام اتصال به درگاه Pay.ir خطای زیر رخ داده است.<br>API Key ارسال نمی شود',0,'1','WooCommerce','order_note',0,0),(65,4781,'ووکامرس','','','','2021-10-01 07:40:00','2021-10-01 07:40:00','در هنگام اتصال به درگاه Pay.ir خطای زیر رخ داده است.<br>API Key ارسال نمی شود',0,'1','WooCommerce','order_note',0,0),(66,4781,'ووکامرس','','','','2021-10-01 07:40:13','2021-10-01 07:40:13','در هنگام اتصال به درگاه Pay.ir خطای زیر رخ داده است.<br>API Key ارسال نمی شود',0,'1','WooCommerce','order_note',0,0),(67,4781,'ووکامرس','','','','2021-10-01 08:52:51','2021-10-01 08:52:51','سفارش پرداخت نشده لغو شد - حد زمانی پایان یافت وضعیت سفارش از در انتظار پرداخت به لغو شده تغییر کرد.',0,'1','WooCommerce','order_note',0,0),(68,4782,'ووکامرس','','','','2021-10-05 18:45:11','2021-10-05 18:45:11','در هنگام اتصال به درگاه Pay.ir خطای زیر رخ داده است.<br>API Key ارسال نمی شود',0,'1','WooCommerce','order_note',0,0),(69,4782,'ووکامرس','','','','2021-10-05 18:45:23','2021-10-05 18:45:23','در هنگام اتصال به درگاه Pay.ir خطای زیر رخ داده است.<br>API Key ارسال نمی شود',0,'1','WooCommerce','order_note',0,0),(70,4782,'ووکامرس','','','','2021-10-05 20:22:29','2021-10-05 20:22:29','سفارش پرداخت نشده لغو شد - حد زمانی پایان یافت وضعیت سفارش از در انتظار پرداخت به لغو شده تغییر کرد.',0,'1','WooCommerce','order_note',0,0),(71,4783,'ووکامرس','','','','2021-10-11 13:30:28','2021-10-11 13:30:28','در هنگام اتصال به درگاه Pay.ir خطای زیر رخ داده است.<br>API Key ارسال نمی شود',0,'1','WooCommerce','order_note',0,0),(72,4783,'ووکامرس','','','','2021-10-11 13:30:42','2021-10-11 13:30:42','در هنگام اتصال به درگاه Pay.ir خطای زیر رخ داده است.<br>API Key ارسال نمی شود',0,'1','WooCommerce','order_note',0,0),(73,4783,'ووکامرس','','','','2021-10-11 15:27:53','2021-10-11 15:27:53','سفارش پرداخت نشده لغو شد - حد زمانی پایان یافت وضعیت سفارش از در انتظار پرداخت به لغو شده تغییر کرد.',0,'1','WooCommerce','order_note',0,0),(74,4878,'ووکامرس','','','','2022-11-21 10:52:47','2022-11-21 11:52:47','در هنگام اتصال به درگاه Pay.ir خطای زیر رخ داده است.<br>API Key ارسال نمی شود',0,'1','WooCommerce','order_note',0,0),(75,4878,'ووکامرس','','','','2022-11-21 10:52:54','2022-11-21 11:52:54','در هنگام اتصال به درگاه Pay.ir خطای زیر رخ داده است.<br>API Key ارسال نمی شود',0,'1','WooCommerce','order_note',0,0),(76,4878,'ووکامرس','','','','2022-11-21 10:53:02','2022-11-21 11:53:02','در هنگام اتصال به درگاه Pay.ir خطای زیر رخ داده است.<br>API Key ارسال نمی شود',0,'1','WooCommerce','order_note',0,0),(77,4878,'ووکامرس','','','','2022-11-21 10:53:13','2022-11-21 11:53:13','در هنگام اتصال به درگاه Pay.ir خطای زیر رخ داده است.<br>API Key ارسال نمی شود',0,'1','WooCommerce','order_note',0,0),(78,4844,'ووکامرس','','','','2022-12-07 19:24:01','2022-12-07 20:24:01','سفارش پرداخت نشده لغو شد - حد زمانی پایان یافت وضعیت سفارش از در انتظار پرداخت به لغو شده تغییر کرد.',0,'1','WooCommerce','order_note',0,0),(79,4845,'ووکامرس','','','','2022-12-07 19:24:01','2022-12-07 20:24:01','سفارش پرداخت نشده لغو شد - حد زمانی پایان یافت وضعیت سفارش از در انتظار پرداخت به لغو شده تغییر کرد.',0,'1','WooCommerce','order_note',0,0),(80,4878,'ووکامرس','','','','2022-12-07 19:24:01','2022-12-07 20:24:01','سفارش پرداخت نشده لغو شد - حد زمانی پایان یافت وضعیت سفارش از در انتظار پرداخت به لغو شده تغییر کرد.',0,'1','WooCommerce','order_note',0,0),(81,4883,'ووکامرس','','','','2022-12-29 11:24:41','2022-12-29 12:24:41','سفارش پرداخت نشده لغو شد - حد زمانی پایان یافت وضعیت سفارش از در انتظار پرداخت به لغو شده تغییر کرد.',0,'1','WooCommerce','order_note',0,0),(82,4884,'ووکامرس','','','','2023-01-19 18:02:31','2023-01-19 19:02:31','در هنگام اتصال به درگاه Pay.ir خطای زیر رخ داده است.<br>API Key ارسال نمی شود',0,'1','WooCommerce','order_note',0,0),(83,4884,'ووکامرس','','','','2023-01-19 18:02:46','2023-01-19 19:02:46','در هنگام اتصال به درگاه Pay.ir خطای زیر رخ داده است.<br>API Key ارسال نمی شود',0,'1','WooCommerce','order_note',0,0),(84,4884,'ووکامرس','','','','2023-01-19 19:06:41','2023-01-19 20:06:41','سفارش پرداخت نشده لغو شد - حد زمانی پایان یافت وضعیت سفارش از در انتظار پرداخت به لغو شده تغییر کرد.',0,'1','WooCommerce','order_note',0,0),(87,4886,'ووکامرس','','','','2023-02-14 07:51:59','2023-02-14 08:51:59','سفارش پرداخت نشده لغو شد - حد زمانی پایان یافت وضعیت سفارش از در انتظار پرداخت به لغو شده تغییر کرد.',0,'1','WooCommerce','order_note',0,0),(88,4805,'1','testing@example.com','','209.141.58.72','2024-05-01 01:57:25','2024-05-01 01:57:25','555',0,'0','Mozilla/5.0 (Windows NT 10.0; Win64; x64) AppleWebKit/537.36 (KHTML, like Gecko) Chrome/119.0.0.0 Safari/537.36','review',0,0),(89,4805,'1xbqxSYtO','testing@example.com','','209.141.58.72','2024-05-01 01:57:58','2024-05-01 01:57:58','555',0,'0','Mozilla/5.0 (Windows NT 10.0; Win64; x64) AppleWebKit/537.36 (KHTML, like Gecko) Chrome/119.0.0.0 Safari/537.36','review',0,0),(90,11678,'ووکامرس','','','','2024-04-03 16:33:39','2024-04-03 13:03:39','وضعیت سفارش از در انتظار پرداخت به در حال انجام تغییر کرد.',0,'1','','order_note',0,0),(91,11678,'ووکامرس','','','','2024-04-03 16:33:39','2024-04-03 13:03:39','پرداخت موفقیت آمیز بود .<br/> کد رهگیری : 52243198202',0,'1','','order_note',0,0),(92,11678,'سید محمد رسولی','sed@gmail.com','','','2024-06-01 10:11:20','2024-06-01 06:41:20','جزئیات سفارش به صورت دستی به مشتری ارسال شد.',0,'1','','order_note',0,0),(93,11678,'سید محمد رسولی','sed@gmail.com','','','2024-06-01 10:11:53','2024-06-01 06:41:53','وضعیت سفارش از در حال انجام به تحویل پیک تغییر کرد.',0,'1','','order_note',0,0),(94,11678,'سید محمد رسولی','sed@gmail.com','','','2024-06-01 10:12:35','2024-06-01 06:42:35','وضعیت سفارش از تحویل پیک به تکمیل شده تغییر کرد.',0,'1','','order_note',0,0),(95,12805,'ووکامرس','','','','2024-05-21 15:31:32','2024-05-21 12:01:32','وضعیت سفارش از در انتظار پرداخت به در حال انجام تغییر کرد.',0,'1','','order_note',0,0),(96,12805,'ووکامرس','','','','2024-05-21 15:31:33','2024-05-21 12:01:33','پرداخت موفقیت آمیز بود .<br/> کد رهگیری : 53837138701',0,'1','','order_note',0,0),(97,12805,'سید محمد رسولی','sed@gmail.com','','','2024-06-08 16:06:55','2024-06-08 12:36:55','وضعیت سفارش از در حال انجام به تکمیل شده تغییر کرد.',0,'1','','order_note',0,0),(98,13049,'ووکامرس','','','','2024-06-09 15:09:35','2024-06-09 11:39:35','وضعیت سفارش از در انتظار پرداخت به در حال انجام تغییر کرد.',0,'1','','order_note',0,0),(99,13049,'ووکامرس','','','','2024-06-09 15:09:36','2024-06-09 11:39:36','پرداخت موفقیت آمیز بود .<br/> کد رهگیری : 54485685101',0,'1','','order_note',0,0),(100,13049,'سید محمد رسولی','sed@gmail.com','','','2024-06-09 17:01:12','2024-06-09 13:31:12','وضعیت سفارش از در حال انجام به در انتظار بررسی تغییر کرد.',0,'1','','order_note',0,0),(101,13049,'سید محمد رسولی','sed@gmail.com','','','2024-06-09 17:24:15','2024-06-09 13:54:15','موارد اضافه شده: باتری چهارتایی قلمی پلاس آلکالاین کملیون مدل Camelion Plus Alkaline LR6-BP4 1.5V AA (#10231)',0,'1','','order_note',0,0),(102,13049,'سید محمد رسولی','sed@gmail.com','','','2024-06-10 12:24:18','2024-06-10 08:54:18','تنظیم موجودی: باتری چهارتایی قلمی پلاس آلکالاین کملیون مدل Camelion Plus Alkaline LR6-BP4 1.5V AA (96&rarr;93)',0,'1','','order_note',0,0),(103,13049,'سید محمد رسولی','sed@gmail.com','','','2024-06-10 14:37:09','2024-06-10 11:07:09','وضعیت سفارش از در انتظار بررسی به در حال انجام تغییر کرد.',0,'1','','order_note',0,0),(104,13049,'سید محمد رسولی','sed@gmail.com','','','2024-06-10 20:24:02','2024-06-10 16:54:02','وضعیت سفارش از در حال انجام به تکمیل شده تغییر کرد.',0,'1','','order_note',0,0),(105,13124,'ووکامرس','','','','2024-06-25 09:44:55','2024-06-25 06:14:55','نگهداری سهام 60 دقیقه روی <br>- باتری دوتایی قلمی دیجی آلکالاین کملیون مدل Camelion Digi Alkaline LR6-BP2DG 1.5V AA (#10221) &times; 40<br>- باتری چهارتایی قلمی دیجی آلکالاین کملیون مدل Camelion Digi Alkaline LR6-BP4DG 1.5V AA (#10222) &times; 10 اعمال شد',0,'1','','order_note',0,0),(106,13124,'ووکامرس','','','','2024-06-25 09:45:59','2024-06-25 06:15:59','سطح موجودی کاهش یافت: باتری دوتایی قلمی دیجی آلکالاین کملیون مدل Camelion Digi Alkaline LR6-BP2DG 1.5V AA (#10221) 48&rarr;8, باتری چهارتایی قلمی دیجی آلکالاین کملیون مدل Camelion Digi Alkaline LR6-BP4DG 1.5V AA (#10222) 48&rarr;38',0,'1','','order_note',0,0),(107,13124,'ووکامرس','','','','2024-06-25 09:45:59','2024-06-25 06:15:59','وضعیت سفارش از در انتظار پرداخت به در حال انجام تغییر کرد.',0,'1','','order_note',0,0),(108,13124,'ووکامرس','','','','2024-06-25 09:46:00','2024-06-25 06:16:00','پرداخت موفقیت آمیز بود .<br/> کد رهگیری : 55052727101',0,'1','','order_note',0,0),(109,13124,'سید محمد رسولی','sed@gmail.com','','','2024-06-26 16:37:48','2024-06-26 13:07:48','وضعیت سفارش از در حال انجام به در انتظار بررسی تغییر کرد.',0,'1','','order_note',0,0),(110,13124,'سید محمد رسولی','sed@gmail.com','','','2024-06-29 12:15:15','2024-06-29 08:45:15','وضعیت سفارش از در انتظار بررسی به تحویل پست تغییر کرد.',0,'1','','order_note',0,0),(111,13124,'سید محمد رسولی','sed@gmail.com','','','2024-06-29 12:19:22','2024-06-29 08:49:22','سلام و خداقوت، مرسوله شما با شماره پیگیری زیر به پست تحویل شد. از خرید شما سپاسگزاریم \nمرسوله:\n200660310200124700048111\nاطلاعات تکمیلی: \nhttp://tracking.post.ir/?id=200660310200124700048111',0,'1','','order_note',0,0),(112,13124,'سید محمد رسولی','sed@gmail.com','','','2024-07-01 11:46:57','2024-07-01 08:16:57','وضعیت سفارش از تحویل پست به تکمیل شده تغییر کرد.',0,'1','','order_note',0,0),(113,13154,'ووکامرس','','','','2024-07-08 15:09:28','2024-07-08 11:39:28','نگهداری سهام 60 دقیقه روی <br>- باتری 12تایی قلمی کملیون مدل شیرینگ Ultra Alkaline (#12986) &times; 30<br>- باتری کتابی پلاس آلکالاین کملیون مدل Camelion Plus Alkaline 6LR61-BP1 9V (#10539) &times; 5 اعمال شد',0,'1','','order_note',0,0),(114,13154,'ووکامرس','','','','2024-07-08 15:16:16','2024-07-08 11:46:16','نگهداری سهام 60 دقیقه روی <br>- باتری 12تایی قلمی کملیون مدل شیرینگ Ultra Alkaline (#12986) &times; 30<br>- باتری کتابی پلاس آلکالاین کملیون مدل Camelion Plus Alkaline 6LR61-BP1 9V (#10539) &times; 5 اعمال شد',0,'1','','order_note',0,0),(115,13154,'ووکامرس','','','','2024-07-08 15:19:50','2024-07-08 11:49:50','سطح موجودی کاهش یافت: باتری 12تایی قلمی کملیون مدل شیرینگ Ultra Alkaline (#12986) 30&rarr;0, باتری کتابی پلاس آلکالاین کملیون مدل Camelion Plus Alkaline 6LR61-BP1 9V (#10539) 48&rarr;43',0,'1','','order_note',0,0),(116,13154,'ووکامرس','','','','2024-07-08 15:19:50','2024-07-08 11:49:50','وضعیت سفارش از در انتظار پرداخت به در حال انجام تغییر کرد.',0,'1','','order_note',0,0),(117,13154,'ووکامرس','','','','2024-07-08 15:19:50','2024-07-08 11:49:50','پرداخت موفقیت آمیز بود .<br/> کد رهگیری : 55511804301',0,'1','','order_note',0,0),(118,13154,'سید محمد رسولی','sed@gmail.com','','','2024-07-08 15:24:33','2024-07-08 11:54:33','وضعیت سفارش از در حال انجام به در انتظار بررسی تغییر کرد.',0,'1','','order_note',0,0),(119,13154,'سید محمد رسولی','sed@gmail.com','','','2024-07-08 15:36:58','2024-07-08 12:06:58','تعداد سیزده شیرینگ، باتری 12تایی قلمی کملیون مدل شیرینگ Ultra Alkaline و پنج عدد باتری کتابی پلاس آلکالاین کملیون مدل Camelion Plus Alkaline 6LR61-BP1 9V با پیک ارسال گردید. 17 شیرینپ باقی مانده دو روز بعد ارسال خواهد شد.',0,'1','','order_note',0,0),(120,13154,'سید محمد رسولی','sed@gmail.com','','','2024-07-08 15:37:33','2024-07-08 12:07:33','شماره تماس پیک\n\n09373506892',0,'1','','order_note',0,0),(121,13154,'سید محمد رسولی','sed@gmail.com','','','2024-07-09 12:35:04','2024-07-09 09:05:04','وضعیت سفارش از در انتظار بررسی به در حال انجام تغییر کرد.',0,'1','','order_note',0,0),(122,13154,'سید محمد رسولی','sed@gmail.com','','','2024-07-10 15:57:54','2024-07-10 12:27:54','وضعیت سفارش از در حال انجام به تحویل پیک تغییر کرد.',0,'1','','order_note',0,0),(123,13154,'سید محمد رسولی','sed@gmail.com','','','2024-07-10 16:45:00','2024-07-10 13:15:00','وضعیت سفارش از تحویل پیک به تکمیل شده تغییر کرد.',0,'1','','order_note',0,0),(124,13156,'ووکامرس','','','','2024-07-08 21:38:49','2024-07-08 18:08:49','نگهداری سهام 60 دقیقه روی <br>- باتری کتابی قابل شارژ کملیون مدل Camelion Always Ready NH-9V200ARBP1 9V (#10687) &times; 1 اعمال شد',0,'1','','order_note',0,0),(125,13156,'ووکامرس','','','','2024-07-08 21:43:01','2024-07-08 18:13:01','سطح موجودی کاهش یافت: باتری کتابی قابل شارژ کملیون مدل Camelion Always Ready NH-9V200ARBP1 9V (#10687) 5&rarr;4',0,'1','','order_note',0,0),(126,13156,'ووکامرس','','','','2024-07-08 21:43:01','2024-07-08 18:13:01','وضعیت سفارش از در انتظار پرداخت به در حال انجام تغییر کرد.',0,'1','','order_note',0,0),(127,13156,'ووکامرس','','','','2024-07-08 21:43:02','2024-07-08 18:13:02','پرداخت موفقیت آمیز بود .<br/> کد رهگیری : 55522558001',0,'1','','order_note',0,0),(128,13156,'سید محمد رسولی','sed@gmail.com','','','2024-07-09 13:05:48','2024-07-09 09:35:48','وضعیت سفارش از در حال انجام به در انتظار بررسی تغییر کرد.',0,'1','','order_note',0,0),(129,13156,'سید محمد رسولی','sed@gmail.com','','','2024-07-09 14:56:55','2024-07-09 11:26:55','به آقای جاویدان، تحویل گردید',0,'1','','order_note',0,0),(130,13156,'سید محمد رسولی','sed@gmail.com','','','2024-07-09 14:57:12','2024-07-09 11:27:12','وضعیت سفارش از در انتظار بررسی به تکمیل شده تغییر کرد.',0,'1','','order_note',0,0),(131,13158,'ووکامرس','','','','2024-07-09 09:44:55','2024-07-09 06:14:55','نگهداری سهام 60 دقیقه روی <br>- باتری چهارتایی قلمی بدون باکس کملیون مدل Camelion Super Heavy Duty R6P-SP4B 1.5V AA (#10637) &times; 25<br>- باتری چهارتایی قلمي و باتری چهارتایی نيم قلمي کملیون مدل Super energy (#12992) &times; 5 اعمال شد',0,'1','','order_note',0,0),(132,13158,'ووکامرس','','','','2024-07-09 09:46:19','2024-07-09 06:16:19','سطح موجودی کاهش یافت: باتری چهارتایی قلمی بدون باکس کملیون مدل Camelion Super Heavy Duty R6P-SP4B 1.5V AA (#10637) 100&rarr;75, باتری چهارتایی قلمي و باتری چهارتایی نيم قلمي کملیون مدل Super energy (#12992) 100&rarr;95',0,'1','','order_note',0,0),(133,13158,'ووکامرس','','','','2024-07-09 09:46:19','2024-07-09 06:16:19','وضعیت سفارش از در انتظار پرداخت به در حال انجام تغییر کرد.',0,'1','','order_note',0,0),(134,13158,'ووکامرس','','','','2024-07-09 09:46:19','2024-07-09 06:16:19','پرداخت موفقیت آمیز بود .<br/> کد رهگیری : 55533466901',0,'1','','order_note',0,0),(135,13158,'سید محمد رسولی','sed@gmail.com','','','2024-07-09 13:06:01','2024-07-09 09:36:01','وضعیت سفارش از در حال انجام به در انتظار بررسی تغییر کرد.',0,'1','','order_note',0,0),(136,13158,'سید محمد رسولی','sed@gmail.com','','','2024-07-09 17:05:45','2024-07-09 13:35:45','09125457350',0,'1','','order_note',0,0),(137,13158,'سید محمد رسولی','sed@gmail.com','','','2024-07-09 20:37:19','2024-07-09 17:07:19','وضعیت سفارش از در انتظار بررسی به بسته بندی شده تغییر کرد.',0,'1','','order_note',0,0),(138,13158,'سید محمد رسولی','sed@gmail.com','','','2024-07-10 17:21:31','2024-07-10 13:51:31','حضوری تحویل شد',0,'1','','order_note',0,0),(139,13158,'سید محمد رسولی','sed@gmail.com','','','2024-07-10 17:21:49','2024-07-10 13:51:49','وضعیت سفارش از بسته بندی شده به تکمیل شده تغییر کرد.',0,'1','','order_note',0,0),(140,13163,'ووکامرس','','','','2024-07-10 14:54:30','2024-07-10 11:24:30','نگهداری سهام 60 دقیقه روی <br>- باتری چهارتایی قلمی بدون باکس کملیون مدل Camelion Super Heavy Duty R6P-SP4B 1.5V AA (#10637) &times; 150 اعمال شد',0,'1','','order_note',0,0),(141,13163,'ووکامرس','','','','2024-07-10 14:56:10','2024-07-10 11:26:10','سطح موجودی کاهش یافت: باتری چهارتایی قلمی بدون باکس کملیون مدل Camelion Super Heavy Duty R6P-SP4B 1.5V AA (#10637) 150&rarr;0',0,'1','','order_note',0,0),(142,13163,'ووکامرس','','','','2024-07-10 14:56:10','2024-07-10 11:26:10','وضعیت سفارش از در انتظار پرداخت به در حال انجام تغییر کرد.',0,'1','','order_note',0,0),(143,13163,'ووکامرس','','','','2024-07-10 14:56:10','2024-07-10 11:26:10','پرداخت موفقیت آمیز بود .<br/> کد رهگیری : 55577146801',0,'1','','order_note',0,0),(144,13163,'سید محمد رسولی','sed@gmail.com','','','2024-07-10 16:10:03','2024-07-10 12:40:03','وضعیت سفارش از در حال انجام به تحویل پیک تغییر کرد.',0,'1','','order_note',0,0),(145,13163,'سید محمد رسولی','sed@gmail.com','','','2024-07-10 17:22:22','2024-07-10 13:52:22','وضعیت سفارش از تحویل پیک به تکمیل شده تغییر کرد.',0,'1','','order_note',0,0),(146,13193,'ووکامرس','','','','2024-07-14 09:22:01','2024-07-14 05:52:01','سطح موجودی کاهش یافت: باتری قابل شارژ لیتیوم یون کملیون مدل Camelion Lithium ICR18650-2600BP1 3.7V 2600 (#10698) 4&rarr;2',0,'1','','order_note',0,0),(147,13193,'ووکامرس','','','','2024-07-14 09:22:01','2024-07-14 05:52:01','وضعیت سفارش از در انتظار پرداخت به در حال انجام تغییر کرد.',0,'1','','order_note',0,0),(148,13193,'ووکامرس','','','','2024-07-14 09:22:02','2024-07-14 05:52:02','پرداخت موفقیت آمیز بود .<br/> کد رهگیری : 55684641601',0,'1','','order_note',0,0),(149,13193,'سید محمد رسولی','sed@gmail.com','','','2024-07-14 12:19:16','2024-07-14 08:49:16','وضعیت سفارش از در حال انجام به ارسال شده به انبار تغییر کرد.',0,'1','','order_note',0,0),(150,13193,'سید محمد رسولی','sed@gmail.com','','','2024-07-14 15:45:41','2024-07-14 12:15:41','سلام\nکدرهگیری 330672024714151064687\n1 بسته از تهران به تهران ثبت شد.\nارزش بسته:40,000,000 ریال(سقف مبلغ جبران خسارت)\nهزینه ارسال:881,936 ریال  (0 ریال نقدی و 881,936 ریال پس کرایه)\nرهگیری👇 :https://s.tipax.ir/trackingmQshd \n هزینه ارسال را از طریق لینک امن پرداخت کنید : https://s.tipax.ir/paymentlinkmQshf\n تیپاکس - 0218457',0,'1','','order_note',0,0),(151,13193,'سید محمد رسولی','sed@gmail.com','','','2024-07-18 10:40:23','2024-07-18 07:10:23','سلام\nبسته با کد رهگیری 330672024714151064687،توسط(حاتم فلاح) دریافت شد.\nبا شرکت در نظرسنجی، از جوایز قرعه‌کشی ماهانه تیپاکس بهره‌مند شوید.\nلینک شرکت در نظرسنجی 👇:\nhttps://s.tipax.ir/surveymTNj6\n تیپاکس - 0218457',0,'1','','order_note',0,0),(152,13193,'سید محمد رسولی','sed@gmail.com','','','2024-07-18 10:40:47','2024-07-18 07:10:47','وضعیت سفارش از ارسال شده به انبار به تکمیل شده تغییر کرد.',0,'1','','order_note',0,0),(153,13194,'ووکامرس','','','','2024-07-14 13:37:36','2024-07-14 10:07:36','سطح موجودی کاهش یافت: باتری قابل شارژ لیتیوم یون کملیون مدل Camelion Lithium ICR18650-2600BP1 3.7V 2600 (#10698) 2&rarr;1',0,'1','','order_note',0,0),(154,13194,'ووکامرس','','','','2024-07-14 13:37:37','2024-07-14 10:07:37','وضعیت سفارش از در انتظار پرداخت به در حال انجام تغییر کرد.',0,'1','','order_note',0,0),(155,13194,'ووکامرس','','','','2024-07-14 13:37:37','2024-07-14 10:07:37','پرداخت موفقیت آمیز بود .<br/> کد رهگیری : 55693901301',0,'1','','order_note',0,0),(156,13194,'سید محمد رسولی','sed@gmail.com','','','2024-07-14 13:44:56','2024-07-14 10:14:56','وضعیت سفارش از در حال انجام به ارسال شده به انبار تغییر کرد.',0,'1','','order_note',0,0),(157,13194,'سید محمد رسولی','sed@gmail.com','','','2024-07-14 15:44:56','2024-07-14 12:14:56','سلام\nکدرهگیری 330672024714151064687\n1 بسته از تهران به تهران ثبت شد.\nارزش بسته:40,000,000 ریال(سقف مبلغ جبران خسارت)\nهزینه ارسال:881,936 ریال  (0 ریال نقدی و 881,936 ریال پس کرایه)\nرهگیری👇 :https://s.tipax.ir/trackingmQshd \n هزینه ارسال را از طریق لینک امن پرداخت کنید : https://s.tipax.ir/paymentlinkmQshf\n تیپاکس - 0218457',0,'1','','order_note',0,0),(158,13194,'سید محمد رسولی','sed@gmail.com','','','2024-07-18 10:41:31','2024-07-18 07:11:31','سلام\nبسته با کد رهگیری 330672024714151064687،توسط(حاتم فلاح) دریافت شد.\nبا شرکت در نظرسنجی، از جوایز قرعه‌کشی ماهانه تیپاکس بهره‌مند شوید.\nلینک شرکت در نظرسنجی 👇:\nhttps://s.tipax.ir/surveymTNj6\n تیپاکس - 0218457',0,'1','','order_note',0,0),(159,13194,'سید محمد رسولی','sed@gmail.com','','','2024-07-18 10:42:41','2024-07-18 07:12:41','وضعیت سفارش از ارسال شده به انبار به تکمیل شده تغییر کرد.',0,'1','','order_note',0,0),(160,13318,'ووکامرس','','','','2024-07-21 15:12:34','2024-07-21 11:42:34','نگهداری سهام 60 دقیقه روی <br>- باتری دوتایی متوسط پلاس آلکالاین کملیون مدل Camelion Plus Alkaline R14P-BP2B 1.5V C (#10229) &times; 24 اعمال شد',0,'1','','order_note',0,0),(161,13318,'ووکامرس','','','','2024-07-21 15:14:33','2024-07-21 11:44:33','سطح موجودی کاهش یافت: باتری دوتایی متوسط پلاس آلکالاین کملیون مدل Camelion Plus Alkaline R14P-BP2B 1.5V C (#10229) 24&rarr;0',0,'1','','order_note',0,0),(162,13318,'ووکامرس','','','','2024-07-21 15:14:33','2024-07-21 11:44:33','وضعیت سفارش از در انتظار پرداخت به در حال انجام تغییر کرد.',0,'1','','order_note',0,0),(163,13318,'ووکامرس','','','','2024-07-21 15:14:33','2024-07-21 11:44:33','پرداخت موفقیت آمیز بود .<br/> کد رهگیری : 55896427101',0,'1','','order_note',0,0),(164,13318,'سید محمد رسولی','sed@gmail.com','','','2024-07-21 15:25:44','2024-07-21 11:55:44','وضعیت سفارش از در حال انجام به ارسال شده به انبار تغییر کرد.',0,'1','','order_note',0,0),(165,13318,'سید محمد رسولی','sed@gmail.com','','','2024-07-22 18:09:41','2024-07-22 14:39:41','وضعیت سفارش از ارسال شده به انبار به تحویل پست تغییر کرد.',0,'1','','order_note',0,0),(166,13318,'سید محمد رسولی','sed@gmail.com','','','2024-07-24 11:20:28','2024-07-24 07:50:28','بارکد پستی 200660312500346970000117',0,'1','','order_note',0,0),(167,13318,'سید محمد رسولی','sed@gmail.com','','','2024-07-24 16:48:21','2024-07-24 13:18:21','وضعیت سفارش از تحویل پست به تکمیل شده تغییر کرد.',0,'1','','order_note',0,0),(168,13532,'ووکامرس','','','','2024-08-05 20:05:09','2024-08-05 16:35:09','<br />خطایی در ارسال خودکار ایمیل به مشتری رخ داد، آدرس ایمیل:<br> ',0,'1','','order_note',0,0),(169,13532,'ووکامرس','','','','2024-08-05 20:05:10','2024-08-05 16:35:10','نگهداری سهام 60 دقیقه روی <br>- باتری چهارتایی قلمی اولترا آلکالاین کملیون مدل Camelion Ultra Alkaline LR6 1.5V (#12983) &times; 24 اعمال شد',0,'1','','order_note',0,0),(170,13532,'ووکامرس','','','','2024-08-05 20:06:46','2024-08-05 16:36:46','سطح موجودی کاهش یافت: باتری چهارتایی قلمی اولترا آلکالاین کملیون مدل Camelion Ultra Alkaline LR6 1.5V (#12983) 48&rarr;24',0,'1','','order_note',0,0),(171,13532,'ووکامرس','','','','2024-08-05 20:06:46','2024-08-05 16:36:46','وضعیت سفارش از در انتظار پرداخت به در حال انجام تغییر کرد.',0,'1','','order_note',0,0),(172,13532,'ووکامرس','','','','2024-08-05 20:06:47','2024-08-05 16:36:47','پرداخت موفقیت آمیز بود .<br/> کد رهگیری : 56449710201',0,'1','','order_note',0,0),(173,13532,'سید محمد رسولی','sed@gmail.com','','','2024-08-06 16:21:36','2024-08-06 12:51:36','وضعیت سفارش از در حال انجام به در انتظار بررسی تغییر کرد.',0,'1','','order_note',0,0),(174,13532,'سید محمد رسولی','sed@gmail.com','','','2024-08-06 18:13:15','2024-08-06 14:43:15','وضعیت سفارش از در انتظار بررسی به تحویل پست تغییر کرد.',0,'1','','order_note',0,0),(175,13532,'سید محمد رسولی','sed@gmail.com','','','2024-08-13 11:31:17','2024-08-13 08:01:17','بارکد \n200660314100021310385117',0,'1','','order_note',0,0),(176,13532,'سید محمد رسولی','sed@gmail.com','','','2024-08-13 11:31:40','2024-08-13 08:01:40','وضعیت سفارش از تحویل پست به تکمیل شده تغییر کرد.',0,'1','','order_note',0,0),(177,13532,'ووکامرس','','','','2024-08-13 11:31:42','2024-08-13 08:01:42','<br />خطایی در ارسال خودکار ایمیل به مشتری رخ داد، آدرس ایمیل:<br> ',0,'1','','order_note',0,0),(178,14252,'ووکامرس','','','','2024-10-22 23:34:12','2024-10-22 20:04:12','<br />خطایی در ارسال خودکار ایمیل به مشتری رخ داد، آدرس ایمیل:<br> ',0,'1','','order_note',0,0),(179,14252,'ووکامرس','','','','2024-10-22 23:34:12','2024-10-22 20:04:12','نگهداری سهام 60 دقیقه روی <br>- باتری 12تایی قلمی شیرینگ پلاس آلکالاین کملیون مدل Camelion Plus Alkaline LR6 1.5V AA (#12865) &times; 1<br>- باتری 12تایی قلمی دیجی آلکالاین کملیون مدل Camelion Digi Alkaline LR6 1.5V AA (#12870) &times; 2 اعمال شد',0,'1','','order_note',0,0),(180,14252,'ووکامرس','','','','2024-10-22 23:34:57','2024-10-22 20:04:57','خطا در هنگام بازگشت از بانک : تراکنش انجام نشد . ',0,'1','','order_note',0,0),(181,14252,'ووکامرس','','','','2024-10-22 23:36:14','2024-10-22 20:06:14','نگهداری سهام 60 دقیقه روی <br>- باتری 12تایی قلمی شیرینگ پلاس آلکالاین کملیون مدل Camelion Plus Alkaline LR6 1.5V AA (#12865) &times; 1<br>- باتری 12تایی قلمی دیجی آلکالاین کملیون مدل Camelion Digi Alkaline LR6 1.5V AA (#12870) &times; 2 اعمال شد',0,'1','','order_note',0,0),(182,14252,'ووکامرس','','','','2024-10-22 23:37:42','2024-10-22 20:07:42','خطا در هنگام بازگشت از بانک : تراکنش انجام نشد . ',0,'1','','order_note',0,0),(183,14252,'ووکامرس','','','','2024-10-23 01:07:45','2024-10-22 21:37:45','سفارش پرداخت نشده لغو شد - حد زمانی پایان یافت وضعیت سفارش از در انتظار پرداخت به لغو شده تغییر کرد.',0,'1','','order_note',0,0),(184,14252,'ووکامرس','','','','2024-10-23 01:07:46','2024-10-22 21:37:46','پیامک با موفقیت به مدیر کل با شماره 09123301520 ارسال گردید.',0,'1','','order_note',0,0),(185,14306,'ووکامرس','','','','2024-11-09 18:09:49','2024-11-09 14:39:49','<br />فاکتور به ایمیل مشتری بصورت خودکار ارسال شد<br><p>آدرس ایمیل: smmmha21@yahoo.com</p>',0,'1','','order_note',0,0),(186,14306,'ووکامرس','','','','2024-11-09 18:09:50','2024-11-09 14:39:50','نگهداری سهام 60 دقیقه روی <br>- باتری دوتایی متوسط پلاس آلکالاین کملیون مدل Camelion Plus Alkaline R14P-BP2B 1.5V C (#10229) &times; 1<br>- موس و کیبورد با سیم رپو مدل Rapoo X120pro (#12711) &times; 1 اعمال شد',0,'1','','order_note',0,0),(187,14306,'ووکامرس','','','','2024-11-09 18:10:15','2024-11-09 14:40:15','خطا در هنگام بازگشت از بانک : تراکنش انجام نشد . ',0,'1','','order_note',0,0),(188,14306,'ووکامرس','','','','2024-11-09 19:12:47','2024-11-09 15:42:47','سفارش پرداخت نشده لغو شد - حد زمانی پایان یافت وضعیت سفارش از در انتظار پرداخت به لغو شده تغییر کرد.',0,'1','','order_note',0,0),(189,14306,'ووکامرس','','','','2024-11-09 19:12:48','2024-11-09 15:42:48','پیامک با موفقیت به مدیر کل با شماره 09123301520 ارسال گردید.',0,'1','','order_note',0,0),(190,14373,'ووکامرس','','','','2024-11-27 11:39:32','2024-11-27 08:09:32','<br />خطایی در ارسال خودکار ایمیل به مشتری رخ داد، آدرس ایمیل:<br> ',0,'1','','order_note',0,0),(191,14373,'ووکامرس','','','','2024-11-27 11:39:32','2024-11-27 08:09:32','نگهداری سهام 60 دقیقه روی <br>- باتری قلمی 2+4 کملیون مدل Camelion Super Heavy Duty 4+2R6PBS-BP 1.5V AA (#10611) &times; 24 اعمال شد',0,'1','','order_note',0,0),(192,14373,'ووکامرس','','','','2024-11-27 11:39:58','2024-11-27 08:09:58','خطا در هنگام بازگشت از بانک : تراکنش انجام نشد . ',0,'1','','order_note',0,0),(193,14373,'ووکامرس','','','','2024-11-27 12:54:39','2024-11-27 09:24:39','سفارش پرداخت نشده لغو شد - حد زمانی پایان یافت وضعیت سفارش از در انتظار پرداخت به لغو شده تغییر کرد.',0,'1','','order_note',0,0),(194,14373,'ووکامرس','','','','2024-11-27 12:54:46','2024-11-27 09:24:46','پیامک با موفقیت به مدیر کل با شماره 09123301520 ارسال گردید.',0,'1','','order_note',0,0),(195,14460,'ووکامرس','','','','2024-12-14 00:54:10','2024-12-13 21:24:10','<br />فاکتور به ایمیل مشتری بصورت خودکار ارسال شد<br><p>آدرس ایمیل: amir2jahedi2@gmail.com</p>',0,'1','','order_note',0,0),(196,14460,'ووکامرس','','','','2024-12-14 00:54:10','2024-12-13 21:24:10','نگهداری سهام 60 دقیقه روی <br>- باتری دوتایی نیم قلمی شارژی وستینگهاوس مدل Westinghouse Ni-MH Rechargeable MIGNON HR6 800 mAh AAA (#11677) &times; 1 اعمال شد',0,'1','','order_note',0,0),(197,14460,'ووکامرس','','','','2024-12-14 01:47:26','2024-12-13 22:17:26','نگهداری سهام 60 دقیقه روی <br>- باتری دوتایی نیم قلمی شارژی وستینگهاوس مدل Westinghouse Ni-MH Rechargeable MIGNON HR6 800 mAh AAA (#11677) &times; 1 اعمال شد',0,'1','','order_note',0,0),(198,14460,'ووکامرس','','','','2024-12-14 01:49:15','2024-12-13 22:19:15','نگهداری سهام 60 دقیقه روی <br>- باتری دوتایی نیم قلمی شارژی وستینگهاوس مدل Westinghouse Ni-MH Rechargeable MIGNON HR6 800 mAh AAA (#11677) &times; 1 اعمال شد',0,'1','','order_note',0,0),(199,14460,'ووکامرس','','','','2024-12-14 02:06:19','2024-12-13 22:36:19','سفارش پرداخت نشده لغو شد - حد زمانی پایان یافت وضعیت سفارش از در انتظار پرداخت به لغو شده تغییر کرد.',0,'1','','order_note',0,0),(200,14460,'ووکامرس','','','','2024-12-14 02:06:20','2024-12-13 22:36:20','پیامک با موفقیت به مدیر کل با شماره 09123301520 ارسال گردید.',0,'1','','order_note',0,0),(201,14462,'ووکامرس','','','','2024-12-15 16:04:16','2024-12-15 12:34:16','<br />فاکتور به ایمیل مشتری بصورت خودکار ارسال شد<br><p>آدرس ایمیل: smmmha21@yahoo.com</p>',0,'1','','order_note',0,0),(202,14462,'ووکامرس','','','','2024-12-15 16:04:22','2024-12-15 12:34:22','کاربر به درگاه پرداخت هدایت شد. شناسه تراکنش: A000000000000000000000000000vgng5l61',0,'1','','order_note',0,0),(203,14462,'ووکامرس','','','','2024-12-15 17:16:19','2024-12-15 13:46:19','سفارش پرداخت نشده لغو شد - حد زمانی پایان یافت وضعیت سفارش از در انتظار پرداخت به لغو شده تغییر کرد.',0,'1','','order_note',0,0),(204,14462,'ووکامرس','','','','2024-12-15 17:16:20','2024-12-15 13:46:20','پیامک با موفقیت به مدیر کل با شماره 09123301520 ارسال گردید.',0,'1','','order_note',0,0),(205,14596,'ووکامرس','','','','2025-01-12 21:10:48','2025-01-12 17:40:48','<br />خطایی در ارسال خودکار ایمیل به مشتری رخ داد، آدرس ایمیل:<br> ',0,'1','','order_note',0,0),(206,14596,'ووکامرس','','','','2025-01-12 21:10:49','2025-01-12 17:40:49','نگهداری موجودی 60 دقیقه اعمال شد روی: <br>- باتری سکه‌ای لیتیوم یون کملیون مدل Camelion Lithium CR1220 3V (#10713) &times; 2',0,'1','','order_note',0,0),(207,14596,'ووکامرس','','','','2025-01-12 21:10:54','2025-01-12 17:40:54','کاربر به درگاه پرداخت هدایت شد. شناسه تراکنش: A0000000000000000000000000001qpnj33g',0,'1','','order_note',0,0),(208,14596,'ووکامرس','','','','2025-01-12 22:41:59','2025-01-12 19:11:59','سفارش پرداخت نشده لغو شد - حد زمانی پایان یافت وضعیت سفارش از در انتظار پرداخت به لغو شده تغییر کرد.',0,'1','','order_note',0,0),(209,14596,'ووکامرس','','','','2025-01-12 22:42:00','2025-01-12 19:12:00','پیامک با موفقیت به مدیر کل با شماره 09123301520 ارسال گردید.',0,'1','','order_note',0,0),(210,14726,'ووکامرس','','','','2025-05-04 10:50:58','2025-05-04 07:20:58','<br />خطایی در ارسال خودکار ایمیل به مشتری رخ داد، آدرس ایمیل:<br> ',0,'1','','order_note',0,0),(211,14726,'ووکامرس','','','','2025-05-04 12:36:23','2025-05-04 09:06:23','سفارش پرداخت نشده لغو شد - حد زمانی پایان یافت وضعیت سفارش از در انتظار پرداخت به لغو شده تغییر کرد.',0,'1','','order_note',0,0),(212,14729,'ووکامرس','','','','2025-05-10 13:14:50','2025-05-10 09:44:50','<br />خطایی در ارسال خودکار ایمیل به مشتری رخ داد، آدرس ایمیل:<br> ',0,'1','','order_note',0,0),(213,14729,'ووکامرس','','','','2025-05-10 14:28:10','2025-05-10 10:58:10','سفارش پرداخت نشده لغو شد - حد زمانی پایان یافت وضعیت سفارش از در انتظار پرداخت به لغو شده تغییر کرد.',0,'1','','order_note',0,0),(214,13603,'ووکامرس','','','','2024-08-13 18:00:55','2024-08-13 14:30:55','<br />خطایی در ارسال خودکار ایمیل به مشتری رخ داد، آدرس ایمیل:<br> ',0,'1','','order_note',0,0),(215,13603,'ووکامرس','','','','2024-08-13 18:00:55','2024-08-13 14:30:55','نگهداری سهام 60 دقیقه روی <br>- باتری 12 تایی شیرینگ نیم قلمي پلاس آلکالاین کملیون مدل Camelion Plus Alkaline LR03 AM4 1.5V (#12997) &times; 10 اعمال شد',0,'1','','order_note',0,0),(216,13603,'ووکامرس','','','','2024-08-13 18:06:24','2024-08-13 14:36:24','سطح موجودی کاهش یافت: باتری 12 تایی شیرینگ نیم قلمي پلاس آلکالاین کملیون مدل Camelion Plus Alkaline LR03 AM4 1.5V (#12997) 20&rarr;10',0,'1','','order_note',0,0),(217,13603,'ووکامرس','','','','2024-08-13 18:06:24','2024-08-13 14:36:24','وضعیت سفارش از در انتظار پرداخت به در حال انجام تغییر کرد.',0,'1','','order_note',0,0),(218,13603,'ووکامرس','','','','2024-08-13 18:06:26','2024-08-13 14:36:26','پرداخت موفقیت آمیز بود .<br/> کد رهگیری : 56722723501',0,'1','','order_note',0,0),(219,13603,'سید محمد رسولی','sed@gmail.com','','','2024-08-13 19:18:44','2024-08-13 15:48:44','وضعیت سفارش از در حال انجام به تحویل پیک تغییر کرد.',0,'1','','order_note',0,0),(220,13603,'سید محمد رسولی','sed@gmail.com','','','2024-08-14 12:44:37','2024-08-14 09:14:37','وضعیت سفارش از تحویل پیک به پیش‌نویس تغییر کرد.',0,'1','','order_note',0,0),(221,13603,'سید محمد رسولی','sed@gmail.com','','','2024-08-14 12:46:48','2024-08-14 09:16:48','با باتری قلمی تعویض شد و تحویل داده شد.',0,'1','','order_note',0,0),(222,13603,'سید محمد رسولی','sed@gmail.com','','','2024-08-14 12:53:38','2024-08-14 09:23:38','وضعیت سفارش از پیش‌نویس به تکمیل شده تغییر کرد.',0,'1','','order_note',0,0),(223,13603,'ووکامرس','','','','2024-08-14 12:53:40','2024-08-14 09:23:40','<br />خطایی در ارسال خودکار ایمیل به مشتری رخ داد، آدرس ایمیل:<br> ',0,'1','','order_note',0,0),(224,13808,'ووکامرس','','','','2024-09-01 12:28:38','2024-09-01 08:58:38','<br />خطایی در ارسال خودکار ایمیل به مشتری رخ داد، آدرس ایمیل:<br> ',0,'1','','order_note',0,0),(225,13808,'ووکامرس','','','','2024-09-01 12:28:38','2024-09-01 08:58:38','نگهداری سهام 60 دقیقه روی <br>- موس بی سیم ای فورتک مدل A4TECH FB12S (#12357) &times; 1 اعمال شد',0,'1','','order_note',0,0),(226,13808,'ووکامرس','','','','2024-09-01 12:32:04','2024-09-01 09:02:04','سطح موجودی کاهش یافت: موس بی سیم ای فورتک مدل A4TECH FB12S (#12357) 1&rarr;0',0,'1','','order_note',0,0),(227,13808,'ووکامرس','','','','2024-09-01 12:32:04','2024-09-01 09:02:04','وضعیت سفارش از در انتظار پرداخت به در حال انجام تغییر کرد.',0,'1','','order_note',0,0),(228,13808,'ووکامرس','','','','2024-09-01 12:32:08','2024-09-01 09:02:08','پیامک با موفقیت به مشتری با شماره +989188818794 ارسال گردید.',0,'1','','order_note',0,0),(229,13808,'ووکامرس','','','','2024-09-01 12:32:10','2024-09-01 09:02:10','پیامک با موفقیت به مدیر کل با شماره 09123301520 ارسال گردید.',0,'1','','order_note',0,0),(230,13808,'ووکامرس','','','','2024-09-01 12:32:10','2024-09-01 09:02:10','پرداخت موفقیت آمیز بود .<br/> کد رهگیری : 57479040801',0,'1','','order_note',0,0),(231,13808,'admin','rahmanpour99@gmail.com','','','2024-09-01 13:38:16','2024-09-01 10:08:16','وضعیت سفارش از در حال انجام به ارسال شده به انبار تغییر کرد.',0,'1','','order_note',0,0),(232,13808,'ووکامرس','','','','2024-09-01 13:38:18','2024-09-01 10:08:18','پیامک با موفقیت به مدیر کل با شماره 09123301520 ارسال گردید.',0,'1','','order_note',0,0),(233,13808,'admin','rahmanpour99@gmail.com','','','2024-09-01 13:38:52','2024-09-01 10:08:52','وضعیت سفارش از ارسال شده به انبار به در حال انجام تغییر کرد.',0,'1','','order_note',0,0),(234,13808,'ووکامرس','','','','2024-09-01 13:38:56','2024-09-01 10:08:56','پیامک با موفقیت به مشتری با شماره +989188818794 ارسال گردید.',0,'1','','order_note',0,0),(235,13808,'ووکامرس','','','','2024-09-01 13:39:02','2024-09-01 10:09:02','پیامک با موفقیت به مدیر کل با شماره 09123301520 ارسال گردید.',0,'1','','order_note',0,0),(236,13808,'admin','rahmanpour99@gmail.com','','','2024-09-01 13:41:17','2024-09-01 10:11:17','وضعیت سفارش از در حال انجام به ارسال شده به انبار تغییر کرد.',0,'1','','order_note',0,0),(237,13808,'ووکامرس','','','','2024-09-01 13:42:28','2024-09-01 10:12:28','پیامک بخاطر خطا به مدیر کل با شماره 09123301520 ارسال نشد.<br>پاسخ وبسرویس: Error Fetching http headers',0,'1','','order_note',0,0),(238,13808,'admin','rahmanpour99@gmail.com','','','2024-09-01 13:43:32','2024-09-01 10:13:32','وضعیت سفارش از ارسال شده به انبار به در حال انجام تغییر کرد.',0,'1','','order_note',0,0),(239,13808,'ووکامرس','','','','2024-09-01 13:44:37','2024-09-01 10:14:37','پیامک بخاطر خطا به مشتری با شماره +989188818794 ارسال نشد.<br>پاسخ وبسرویس: Error Fetching http headers',0,'1','','order_note',0,0),(240,13808,'ووکامرس','','','','2024-09-01 13:45:33','2024-09-01 10:15:33','پیامک با موفقیت به مدیر کل با شماره 09123301520 ارسال گردید.',0,'1','','order_note',0,0),(241,13808,'admin','rahmanpour99@gmail.com','','','2024-09-01 14:45:14','2024-09-01 11:15:14','وضعیت سفارش از در حال انجام به تکمیل شده تغییر کرد.',0,'1','','order_note',0,0),(242,13808,'ووکامرس','','','','2024-09-01 14:45:17','2024-09-01 11:15:17','<br />خطایی در ارسال خودکار ایمیل به مشتری رخ داد، آدرس ایمیل:<br> ',0,'1','','order_note',0,0),(243,13808,'ووکامرس','','','','2024-09-01 14:45:43','2024-09-01 11:15:43','پیامک با موفقیت به مشتری با شماره +989188818794 ارسال گردید.',0,'1','','order_note',0,0),(244,13808,'admin','rahmanpour99@gmail.com','','','2024-09-07 14:59:00','2024-09-07 11:29:00','وضعیت سفارش از تکمیل شده به در حال انجام تغییر کرد.',0,'1','','order_note',0,0),(245,13808,'ووکامرس','','','','2024-09-07 14:59:02','2024-09-07 11:29:02','پیامک بخاطر خطا به مشتری با شماره +989188818794 ارسال نشد.<br>پاسخ وبسرویس: 11',0,'1','','order_note',0,0),(246,13808,'ووکامرس','','','','2024-09-07 14:59:03','2024-09-07 11:29:03','پیامک با موفقیت به مدیر کل با شماره 09123301520 ارسال گردید.',0,'1','','order_note',0,0),(247,13808,'ووکامرس','','','','2024-09-07 15:01:43','2024-09-07 11:31:43','پیامک به مشتری با شماره موبایل +989188818794 ارسال نشد.<br>متن پیامک: <br>پاسخ وبسرویس: متن پیامک خالی است.',0,'1','','order_note',0,0),(248,13808,'admin','rahmanpour99@gmail.com','','','2024-09-07 15:01:52','2024-09-07 11:31:52','وضعیت سفارش از در حال انجام به تحویل پیک تغییر کرد.',0,'1','','order_note',0,0),(249,13808,'ووکامرس','','','','2024-09-07 15:01:53','2024-09-07 11:31:53','پیامک بخاطر خطا به مشتری با شماره +989188818794 ارسال نشد.<br>پاسخ وبسرویس: 11',0,'1','','order_note',0,0),(250,13808,'admin','rahmanpour99@gmail.com','','','2024-09-07 15:02:32','2024-09-07 11:32:32','وضعیت سفارش از تحویل پیک به تکمیل شده تغییر کرد.',0,'1','','order_note',0,0),(251,13808,'ووکامرس','','','','2024-09-07 15:02:34','2024-09-07 11:32:34','<br />خطایی در ارسال خودکار ایمیل به مشتری رخ داد، آدرس ایمیل:<br> ',0,'1','','order_note',0,0),(252,13808,'ووکامرس','','','','2024-09-07 15:02:35','2024-09-07 11:32:35','پیامک بخاطر خطا به مشتری با شماره +989188818794 ارسال نشد.<br>پاسخ وبسرویس: 11',0,'1','','order_note',0,0),(253,13882,'ووکامرس','','','','2024-09-07 10:18:29','2024-09-07 06:48:29','<br />فاکتور به ایمیل مشتری بصورت خودکار ارسال شد<br><p>آدرس ایمیل: fhn64@yahoo.com</p>',0,'1','','order_note',0,0),(254,13882,'ووکامرس','','','','2024-09-07 10:18:29','2024-09-07 06:48:29','نگهداری سهام 60 دقیقه روی <br>- موس و کیبورد با سیم رپو مدل Rapoo X120pro (#12711) &times; 5 اعمال شد',0,'1','','order_note',0,0),(255,13882,'ووکامرس','','','','2024-09-07 10:21:03','2024-09-07 06:51:03','سطح موجودی کاهش یافت: موس و کیبورد با سیم رپو مدل Rapoo X120pro (#12711) 5&rarr;0',0,'1','','order_note',0,0),(256,13882,'ووکامرس','','','','2024-09-07 10:21:03','2024-09-07 06:51:03','وضعیت سفارش از در انتظار پرداخت به در حال انجام تغییر کرد.',0,'1','','order_note',0,0),(257,13882,'ووکامرس','','','','2024-09-07 10:21:08','2024-09-07 06:51:08','پیامک با موفقیت به مشتری با شماره +989126232664 ارسال گردید.',0,'1','','order_note',0,0),(258,13882,'ووکامرس','','','','2024-09-07 10:21:09','2024-09-07 06:51:09','پیامک با موفقیت به مدیر کل با شماره 09123301520 ارسال گردید.',0,'1','','order_note',0,0),(259,13882,'ووکامرس','','','','2024-09-07 10:21:09','2024-09-07 06:51:09','پرداخت موفقیت آمیز بود .<br/> کد رهگیری : 57686534301',0,'1','','order_note',0,0),(260,13882,'سید محمد رسولی','sed@gmail.com','','','2024-09-07 13:01:52','2024-09-07 09:31:52','وضعیت سفارش از در حال انجام به در انتظار بررسی تغییر کرد.',0,'1','','order_note',0,0),(261,13882,'سید محمد رسولی','sed@gmail.com','','','2024-09-07 13:42:44','2024-09-07 10:12:44','وضعیت سفارش از در انتظار بررسی به تحویل پیک تغییر کرد.',0,'1','','order_note',0,0),(262,13882,'ووکامرس','','','','2024-09-07 13:42:45','2024-09-07 10:12:45','پیامک با موفقیت به مشتری با شماره +989126232664 ارسال گردید.',0,'1','','order_note',0,0),(263,13882,'سید محمد رسولی','sed@gmail.com','','','2024-09-07 14:01:23','2024-09-07 10:31:23','وضعیت سفارش از تحویل پیک به تکمیل شده تغییر کرد.',0,'1','','order_note',0,0),(264,13882,'ووکامرس','','','','2024-09-07 14:01:24','2024-09-07 10:31:24','<br />فاکتور به ایمیل مشتری بصورت خودکار ارسال شد<br><p>آدرس ایمیل: fhn64@yahoo.com</p>',0,'1','','order_note',0,0),(265,13882,'ووکامرس','','','','2024-09-07 14:01:27','2024-09-07 10:31:27','پیامک با موفقیت به مشتری با شماره +989126232664 ارسال گردید.',0,'1','','order_note',0,0),(266,14105,'ووکامرس','','','','2024-09-15 12:10:25','2024-09-15 08:40:25','<br />فاکتور به ایمیل مشتری بصورت خودکار ارسال شد<br><p>آدرس ایمیل: saeedzare2312@gmail.com</p>',0,'1','','order_note',0,0),(267,14105,'ووکامرس','','','','2024-09-15 12:10:26','2024-09-15 08:40:26','نگهداری سهام 60 دقیقه روی <br>- باتری کتابی قابل شارژ کملیون مدل Camelion Always Ready NH-9V200ARBP1 9V (#10687) &times; 2 اعمال شد',0,'1','','order_note',0,0),(268,14105,'سید محمد رسولی','sed@gmail.com','','','2024-09-16 14:26:40','2024-09-16 10:56:40','تنظیم موجودی: باتری کتابی قابل شارژ کملیون مدل Camelion Always Ready NH-9V200ARBP1 9V (0&rarr;-2)',0,'1','','order_note',0,0),(269,14105,'سید محمد رسولی','sed@gmail.com','','','2024-09-16 14:26:40','2024-09-16 10:56:40','وضعیت سفارش از در حال انجام به تحویل پست تغییر کرد.',0,'1','','order_note',0,0),(270,14105,'ووکامرس','','','','2024-09-16 14:26:46','2024-09-16 10:56:46','پیامک با موفقیت به مشتری با شماره +989375886556 ارسال گردید.',0,'1','','order_note',0,0),(271,14105,'سید محمد رسولی','sed@gmail.com','','','2024-09-29 16:36:33','2024-09-29 13:06:33','وضعیت سفارش از تحویل پست به تکمیل شده تغییر کرد.',0,'1','','order_note',0,0),(272,14105,'ووکامرس','','','','2024-09-29 16:36:34','2024-09-29 13:06:34','<br />فاکتور به ایمیل مشتری بصورت خودکار ارسال شد<br><p>آدرس ایمیل: saeedzare2312@gmail.com</p>',0,'1','','order_note',0,0),(273,14105,'ووکامرس','','','','2024-09-29 16:36:35','2024-09-29 13:06:35','پیامک با موفقیت به مشتری با شماره +989375886556 ارسال گردید.',0,'1','','order_note',0,0),(274,14119,'ووکامرس','','','','2024-09-16 15:04:55','2024-09-16 11:34:55','<br />خطایی در ارسال خودکار ایمیل به مشتری رخ داد، آدرس ایمیل:<br> ',0,'1','','order_note',0,0),(275,14119,'ووکامرس','','','','2024-09-16 15:04:56','2024-09-16 11:34:56','نگهداری سهام 60 دقیقه روی <br>- باتری 12 تایی شیرینگ نیم قلمي پلاس آلکالاین کملیون مدل Camelion Plus Alkaline LR03 AM4 1.5V (#12997) &times; 2 اعمال شد',0,'1','','order_note',0,0),(276,14119,'ووکامرس','','','','2024-09-16 15:06:24','2024-09-16 11:36:24','سطح موجودی کاهش یافت: باتری 12 تایی شیرینگ نیم قلمي پلاس آلکالاین کملیون مدل Camelion Plus Alkaline LR03 AM4 1.5V (#12997) 10&rarr;8',0,'1','','order_note',0,0),(277,14119,'ووکامرس','','','','2024-09-16 15:06:24','2024-09-16 11:36:24','وضعیت سفارش از در انتظار پرداخت به در حال انجام تغییر کرد.',0,'1','','order_note',0,0),(278,14119,'ووکامرس','','','','2024-09-16 15:06:28','2024-09-16 11:36:28','پیامک با موفقیت به مشتری با شماره +989119877661 ارسال گردید.',0,'1','','order_note',0,0),(279,14119,'ووکامرس','','','','2024-09-16 15:06:29','2024-09-16 11:36:29','پیامک با موفقیت به مدیر کل با شماره 09123301520 ارسال گردید.',0,'1','','order_note',0,0),(280,14119,'ووکامرس','','','','2024-09-16 15:06:29','2024-09-16 11:36:29','پرداخت موفقیت آمیز بود .<br/> کد رهگیری : 58137825801',0,'1','','order_note',0,0),(281,14119,'سید محمد رسولی','sed@gmail.com','','','2024-09-16 16:27:04','2024-09-16 12:57:04','سلام\nکدرهگیری 330672024916161226756\n1 بسته از تهران به بندرانزلی ثبت شد.\nارزش بسته:4,000,000 ریال(سقف مبلغ جبران خسارت)\nهزینه ارسال:1,079,376 ریال  (0 ریال نقدی و 1,079,376 ریال پس کرایه)\nرهگیری👇 :https://s.tipax.ir/trackingpyMFqi6P \nدرصورتی‌که ارزش ثبت شده مطابق با ارزش واقعی بسته ارسالی نیست، تا 24 ساعت آینده با شماره تلفن 0218457 تماس گرفته و یا به نمایندگی شهر مبدا مراجعه کنید.\nتیپاکس - 0218457',0,'1','','order_note',0,0),(282,14119,'سید محمد رسولی','sed@gmail.com','','','2024-09-16 16:27:38','2024-09-16 12:57:38','وضعیت سفارش از در حال انجام به بسته بندی شده تغییر کرد.',0,'1','','order_note',0,0),(283,14119,'سید محمد رسولی','sed@gmail.com','','','2024-09-23 14:29:42','2024-09-23 10:59:42','وضعیت سفارش از بسته بندی شده به تکمیل شده تغییر کرد.',0,'1','','order_note',0,0),(284,14119,'ووکامرس','','','','2024-09-23 14:29:44','2024-09-23 10:59:44','<br />خطایی در ارسال خودکار ایمیل به مشتری رخ داد، آدرس ایمیل:<br> ',0,'1','','order_note',0,0),(285,14119,'ووکامرس','','','','2024-09-23 14:29:45','2024-09-23 10:59:45','پیامک با موفقیت به مشتری با شماره +989119877661 ارسال گردید.',0,'1','','order_note',0,0),(286,14214,'ووکامرس','','','','2024-09-30 17:45:03','2024-09-30 14:15:03','<br />خطایی در ارسال خودکار ایمیل به مشتری رخ داد، آدرس ایمیل:<br> ',0,'1','','order_note',0,0),(287,14214,'ووکامرس','','','','2024-09-30 17:45:03','2024-09-30 14:15:03','نگهداری سهام 60 دقیقه روی <br>- باتری دوتایی قلمی قابل شارژ کملیون مدل Camelion Always Ready NH-AA2500ARBP2 1.2V AA (#10719) &times; 2 اعمال شد',0,'1','','order_note',0,0),(288,14214,'ووکامرس','','','','2024-09-30 17:48:16','2024-09-30 14:18:16','سطح موجودی کاهش یافت: باتری دوتایی قلمی قابل شارژ کملیون مدل Camelion Always Ready NH-AA2500ARBP2 1.2V AA (#10719) 12&rarr;10',0,'1','','order_note',0,0),(289,14214,'ووکامرس','','','','2024-09-30 17:48:16','2024-09-30 14:18:16','وضعیت سفارش از در انتظار پرداخت به در حال انجام تغییر کرد.',0,'1','','order_note',0,0),(290,14214,'ووکامرس','','','','2024-09-30 17:48:19','2024-09-30 14:18:19','پیامک با موفقیت به مشتری با شماره +989164090597 ارسال گردید.',0,'1','','order_note',0,0),(291,14214,'ووکامرس','','','','2024-09-30 17:48:20','2024-09-30 14:18:20','پیامک با موفقیت به مدیر کل با شماره 09123301520 ارسال گردید.',0,'1','','order_note',0,0),(292,14214,'ووکامرس','','','','2024-09-30 17:48:20','2024-09-30 14:18:20','پرداخت موفقیت آمیز بود .<br/> کد رهگیری : 58789094401',0,'1','','order_note',0,0),(293,14214,'سید محمد رسولی','sed@gmail.com','','','2024-10-01 20:48:41','2024-10-01 17:18:41','وضعیت سفارش از در حال انجام به در انتظار بررسی تغییر کرد.',0,'1','','order_note',0,0),(294,14214,'سید محمد رسولی','sed@gmail.com','','','2024-10-02 12:58:39','2024-10-02 09:28:39','وضعیت سفارش از در انتظار بررسی به در حال انجام تغییر کرد.',0,'1','','order_note',0,0),(295,14214,'ووکامرس','','','','2024-10-02 12:58:45','2024-10-02 09:28:45','پیامک با موفقیت به مشتری با شماره +989164090597 ارسال گردید.',0,'1','','order_note',0,0),(296,14214,'ووکامرس','','','','2024-10-02 12:58:47','2024-10-02 09:28:47','پیامک با موفقیت به مدیر کل با شماره 09123301520 ارسال گردید.',0,'1','','order_note',0,0),(297,14214,'سید محمد رسولی','sed@gmail.com','','','2024-10-02 15:13:37','2024-10-02 11:43:37','وضعیت سفارش از در حال انجام به تحویل پست تغییر کرد.',0,'1','','order_note',0,0),(298,14214,'ووکامرس','','','','2024-10-02 15:13:39','2024-10-02 11:43:39','پیامک با موفقیت به مشتری با شماره +989164090597 ارسال گردید.',0,'1','','order_note',0,0),(299,14214,'سید محمد رسولی','sed@gmail.com','','','2024-10-05 12:29:37','2024-10-05 08:59:37','بارکد پستی مرسوله شما: 200660319700359860746118\n                        می توانید مرسوله خود را از طریق لینک https://radgir.net رهگیری نمایید.',0,'1','','order_note',0,0),(300,14214,'سید محمد رسولی','sed@gmail.com','','','2024-10-10 12:05:46','2024-10-10 08:35:46','وضعیت سفارش از تحویل پست به تکمیل شده تغییر کرد.',0,'1','','order_note',0,0),(301,14214,'ووکامرس','','','','2024-10-10 12:05:48','2024-10-10 08:35:48','<br />خطایی در ارسال خودکار ایمیل به مشتری رخ داد، آدرس ایمیل:<br> ',0,'1','','order_note',0,0),(302,14214,'ووکامرس','','','','2024-10-10 12:05:49','2024-10-10 08:35:49','پیامک با موفقیت به مشتری با شماره +989164090597 ارسال گردید.',0,'1','','order_note',0,0),(303,14223,'ووکامرس','','','','2024-10-01 14:14:42','2024-10-01 10:44:42','<br />خطایی در ارسال خودکار ایمیل به مشتری رخ داد، آدرس ایمیل:<br> ',0,'1','','order_note',0,0),(304,14223,'ووکامرس','','','','2024-10-01 14:14:42','2024-10-01 10:44:42','نگهداری سهام 60 دقیقه روی <br>- باتری دوتایی متوسط یونی مکس مدل Uni-Max Extra Heavy Duty UB-R14P-BP2B 1.5V (#13575) &times; 1 اعمال شد',0,'1','','order_note',0,0),(305,14223,'ووکامرس','','','','2024-10-01 14:15:50','2024-10-01 10:45:50','سطح موجودی کاهش یافت: باتری دوتایی متوسط یونی مکس مدل Uni-Max Extra Heavy Duty UB-R14P-BP2B 1.5V (#13575) 1&rarr;0',0,'1','','order_note',0,0),(306,14223,'ووکامرس','','','','2024-10-01 14:15:50','2024-10-01 10:45:50','وضعیت سفارش از در انتظار پرداخت به در حال انجام تغییر کرد.',0,'1','','order_note',0,0),(307,14223,'ووکامرس','','','','2024-10-01 14:15:52','2024-10-01 10:45:52','پیامک با موفقیت به مشتری با شماره +989122007148 ارسال گردید.',0,'1','','order_note',0,0),(308,14223,'ووکامرس','','','','2024-10-01 14:15:53','2024-10-01 10:45:53','پیامک با موفقیت به مدیر کل با شماره 09123301520 ارسال گردید.',0,'1','','order_note',0,0),(309,14223,'ووکامرس','','','','2024-10-01 14:15:53','2024-10-01 10:45:53','پرداخت موفقیت آمیز بود .<br/> کد رهگیری : 58835260701',0,'1','','order_note',0,0),(310,14223,'سید محمد رسولی','sed@gmail.com','','','2024-10-01 20:51:39','2024-10-01 17:21:39','وضعیت سفارش از در حال انجام به در انتظار بررسی تغییر کرد.',0,'1','','order_note',0,0),(311,14223,'سید محمد رسولی','sed@gmail.com','','','2024-10-02 12:47:40','2024-10-02 09:17:40','وضعیت سفارش از در انتظار بررسی به در حال انجام تغییر کرد.',0,'1','','order_note',0,0),(312,14223,'ووکامرس','','','','2024-10-02 12:47:41','2024-10-02 09:17:41','پیامک با موفقیت به مشتری با شماره +989122007148 ارسال گردید.',0,'1','','order_note',0,0),(313,14223,'ووکامرس','','','','2024-10-02 12:47:42','2024-10-02 09:17:42','پیامک با موفقیت به مدیر کل با شماره 09123301520 ارسال گردید.',0,'1','','order_note',0,0),(314,14223,'سید محمد رسولی','sed@gmail.com','','','2024-10-02 15:07:29','2024-10-02 11:37:29','وضعیت سفارش از در حال انجام به تحویل پست تغییر کرد.',0,'1','','order_note',0,0),(315,14223,'ووکامرس','','','','2024-10-02 15:07:30','2024-10-02 11:37:30','پیامک با موفقیت به مشتری با شماره +989122007148 ارسال گردید.',0,'1','','order_note',0,0),(316,14223,'سید محمد رسولی','sed@gmail.com','','','2024-10-05 12:37:31','2024-10-05 09:07:31','بارکد پستی مرسوله شما: 200660319700360050397118\n                        می توانید مرسوله خود را از طریق لینک https://radgir.net رهگیری نمایید.',0,'1','','order_note',0,0),(317,14223,'سید محمد رسولی','sed@gmail.com','','','2024-10-05 15:42:48','2024-10-05 12:12:48','وضعیت سفارش از تحویل پست به تکمیل شده تغییر کرد.',0,'1','','order_note',0,0),(318,14223,'ووکامرس','','','','2024-10-05 15:42:50','2024-10-05 12:12:50','<br />خطایی در ارسال خودکار ایمیل به مشتری رخ داد، آدرس ایمیل:<br> ',0,'1','','order_note',0,0),(319,14223,'ووکامرس','','','','2024-10-05 15:42:51','2024-10-05 12:12:51','پیامک با موفقیت به مشتری با شماره +989122007148 ارسال گردید.',0,'1','','order_note',0,0),(320,14239,'ووکامرس','','','','2024-10-03 10:39:33','2024-10-03 07:09:33','<br />خطایی در ارسال خودکار ایمیل به مشتری رخ داد، آدرس ایمیل:<br> ',0,'1','','order_note',0,0),(321,14239,'ووکامرس','','','','2024-10-03 10:39:33','2024-10-03 07:09:33','نگهداری سهام 60 دقیقه روی <br>- باتری 12تایی قلمی شیرینگ پلاس آلکالاین کملیون مدل Camelion Plus Alkaline LR6 1.5V AA (#12865) &times; 2 اعمال شد',0,'1','','order_note',0,0),(322,14239,'ووکامرس','','','','2024-10-03 10:40:41','2024-10-03 07:10:41','سطح موجودی کاهش یافت: باتری 12تایی قلمی شیرینگ پلاس آلکالاین کملیون مدل Camelion Plus Alkaline LR6 1.5V AA (#12865) 20&rarr;18',0,'1','','order_note',0,0),(323,14239,'ووکامرس','','','','2024-10-03 10:40:41','2024-10-03 07:10:41','وضعیت سفارش از در انتظار پرداخت به در حال انجام تغییر کرد.',0,'1','','order_note',0,0),(324,14239,'ووکامرس','','','','2024-10-03 10:40:45','2024-10-03 07:10:45','پیامک با موفقیت به مشتری با شماره +989360634242 ارسال گردید.',0,'1','','order_note',0,0),(325,14239,'ووکامرس','','','','2024-10-03 10:41:01','2024-10-03 07:11:01','پیامک با موفقیت به مدیر کل با شماره 09123301520 ارسال گردید.',0,'1','','order_note',0,0),(326,14239,'ووکامرس','','','','2024-10-03 10:41:01','2024-10-03 07:11:01','پرداخت موفقیت آمیز بود .<br/> کد رهگیری : 58925342801',0,'1','','order_note',0,0),(327,14239,'سید محمد رسولی','sed@gmail.com','','','2024-10-05 10:21:13','2024-10-05 06:51:13','وضعیت سفارش از در حال انجام به تحویل پست تغییر کرد.',0,'1','','order_note',0,0),(328,14239,'ووکامرس','','','','2024-10-05 10:21:15','2024-10-05 06:51:15','پیامک با موفقیت به مشتری با شماره +989360634242 ارسال گردید.',0,'1','','order_note',0,0),(329,14239,'سید محمد رسولی','sed@gmail.com','','','2024-10-05 12:32:04','2024-10-05 09:02:04','بارکد پستی مرسوله شما: 200660319800360710096118\n                        می توانید مرسوله خود را از طریق لینک https://radgir.net رهگیری نمایید.',0,'1','','order_note',0,0),(330,14239,'سید محمد رسولی','sed@gmail.com','','','2024-10-06 12:36:06','2024-10-06 09:06:06','وضعیت سفارش از تحویل پست به تکمیل شده تغییر کرد.',0,'1','','order_note',0,0),(331,14239,'ووکامرس','','','','2024-10-06 12:36:08','2024-10-06 09:06:08','<br />خطایی در ارسال خودکار ایمیل به مشتری رخ داد، آدرس ایمیل:<br> ',0,'1','','order_note',0,0),(332,14239,'ووکامرس','','','','2024-10-06 12:36:09','2024-10-06 09:06:09','پیامک با موفقیت به مشتری با شماره +989360634242 ارسال گردید.',0,'1','','order_note',0,0),(333,14259,'ووکامرس','','','','2024-10-24 09:41:09','2024-10-24 06:11:09','<br />خطایی در ارسال خودکار ایمیل به مشتری رخ داد، آدرس ایمیل:<br> ',0,'1','','order_note',0,0),(334,14259,'ووکامرس','','','','2024-10-24 09:41:09','2024-10-24 06:11:09','نگهداری سهام 60 دقیقه روی <br>- باتری 12تایی قلمی شیرینگ پلاس آلکالاین کملیون مدل Camelion Plus Alkaline LR6 1.5V AA (#12865) &times; 10 اعمال شد',0,'1','','order_note',0,0),(335,14259,'ووکامرس','','','','2024-10-24 09:48:17','2024-10-24 06:18:17','سطح موجودی کاهش یافت: باتری 12تایی قلمی شیرینگ پلاس آلکالاین کملیون مدل Camelion Plus Alkaline LR6 1.5V AA (#12865) 18&rarr;8',0,'1','','order_note',0,0),(336,14259,'ووکامرس','','','','2024-10-24 09:48:17','2024-10-24 06:18:17','وضعیت سفارش از در انتظار پرداخت به در حال انجام تغییر کرد.',0,'1','','order_note',0,0),(337,14259,'ووکامرس','','','','2024-10-24 09:48:20','2024-10-24 06:18:20','پیامک با موفقیت به مشتری با شماره +989368892129 ارسال گردید.',0,'1','','order_note',0,0),(338,14259,'ووکامرس','','','','2024-10-24 09:48:21','2024-10-24 06:18:21','پیامک با موفقیت به مدیر کل با شماره 09123301520 ارسال گردید.',0,'1','','order_note',0,0),(339,14259,'ووکامرس','','','','2024-10-24 09:48:21','2024-10-24 06:18:21','پرداخت موفقیت آمیز بود .<br/> کد رهگیری : 60026339101',0,'1','','order_note',0,0),(340,14259,'سید محمد رسولی','sed@gmail.com','','','2024-10-24 14:26:07','2024-10-24 10:56:07','وضعیت سفارش از در حال انجام به تحویل پست تغییر کرد.',0,'1','','order_note',0,0),(341,14259,'ووکامرس','','','','2024-10-24 14:26:08','2024-10-24 10:56:08','پیامک با موفقیت به مشتری با شماره +989368892129 ارسال گردید.',0,'1','','order_note',0,0),(342,14259,'سید محمد رسولی','sed@gmail.com','','','2024-10-24 14:29:47','2024-10-24 10:59:47','مرسوله:\n200660321900401820337118\nاطلاعات تکمیلی: \nhttp://tracking.post.ir/?id=200660321900401820337118',0,'1','','order_note',0,0),(343,14259,'سید محمد رسولی','sed@gmail.com','','','2024-10-26 19:05:04','2024-10-26 15:35:04','وضعیت سفارش از تحویل پست به تکمیل شده تغییر کرد.',0,'1','','order_note',0,0),(344,14259,'ووکامرس','','','','2024-10-26 19:05:05','2024-10-26 15:35:05','<br />خطایی در ارسال خودکار ایمیل به مشتری رخ داد، آدرس ایمیل:<br> ',0,'1','','order_note',0,0),(345,14259,'ووکامرس','','','','2024-10-26 19:05:07','2024-10-26 15:35:07','پیامک با موفقیت به مشتری با شماره +989368892129 ارسال گردید.',0,'1','','order_note',0,0),(346,14262,'ووکامرس','','','','2024-10-27 14:42:29','2024-10-27 11:12:29','<br />خطایی در ارسال خودکار ایمیل به مشتری رخ داد، آدرس ایمیل:<br> ',0,'1','','order_note',0,0),(347,14262,'ووکامرس','','','','2024-10-27 14:42:30','2024-10-27 11:12:30','نگهداری سهام 60 دقیقه روی <br>- باتری چهارتایی قلمی اولترا آلکالاین کملیون مدل Camelion Ultra Alkaline LR6 1.5V (#12983) &times; 8 اعمال شد',0,'1','','order_note',0,0),(348,14262,'ووکامرس','','','','2024-10-27 14:43:12','2024-10-27 11:13:12','سطح موجودی کاهش یافت: باتری چهارتایی قلمی اولترا آلکالاین کملیون مدل Camelion Ultra Alkaline LR6 1.5V (#12983) 24&rarr;16',0,'1','','order_note',0,0),(349,14262,'ووکامرس','','','','2024-10-27 14:43:12','2024-10-27 11:13:12','وضعیت سفارش از در انتظار پرداخت به در حال انجام تغییر کرد.',0,'1','','order_note',0,0),(350,14262,'ووکامرس','','','','2024-10-27 14:43:29','2024-10-27 11:13:29','پیامک بخاطر خطا به مشتری با شماره +989013339700 ارسال نشد.<br>پاسخ وبسرویس: 11',0,'1','','order_note',0,0),(351,14262,'ووکامرس','','','','2024-10-27 14:43:46','2024-10-27 11:13:46','پیامک بخاطر خطا به مدیر کل با شماره 09123301520 ارسال نشد.<br>پاسخ وبسرویس: 11',0,'1','','order_note',0,0),(352,14262,'ووکامرس','','','','2024-10-27 14:43:46','2024-10-27 11:13:46','پرداخت موفقیت آمیز بود .<br/> کد رهگیری : 60194357301',0,'1','','order_note',0,0),(353,14262,'سید محمد رسولی','sed@gmail.com','','','2024-10-27 15:37:22','2024-10-27 12:07:22','وضعیت سفارش از در حال انجام به تحویل پیک تغییر کرد.',0,'1','','order_note',0,0),(354,14262,'ووکامرس','','','','2024-10-27 15:37:23','2024-10-27 12:07:23','پیامک با موفقیت به مشتری با شماره +989013339700 ارسال گردید.',0,'1','','order_note',0,0),(355,14262,'سید محمد رسولی','sed@gmail.com','','','2024-10-28 10:32:02','2024-10-28 07:02:02','وضعیت سفارش از تحویل پیک به تکمیل شده تغییر کرد.',0,'1','','order_note',0,0),(356,14262,'ووکامرس','','','','2024-10-28 10:32:04','2024-10-28 07:02:04','<br />خطایی در ارسال خودکار ایمیل به مشتری رخ داد، آدرس ایمیل:<br> ',0,'1','','order_note',0,0),(357,14262,'ووکامرس','','','','2024-10-28 10:32:05','2024-10-28 07:02:05','پیامک با موفقیت به مشتری با شماره +989013339700 ارسال گردید.',0,'1','','order_note',0,0),(358,14263,'ووکامرس','','','','2024-10-28 10:10:41','2024-10-28 06:40:41','<br />خطایی در ارسال خودکار ایمیل به مشتری رخ داد، آدرس ایمیل:<br> ',0,'1','','order_note',0,0),(359,14263,'ووکامرس','','','','2024-10-28 10:10:41','2024-10-28 06:40:41','نگهداری سهام 60 دقیقه روی <br>- باتری 12تایی قلمی دیجی آلکالاین کملیون مدل Camelion Digi Alkaline LR6 1.5V AA (#12870) &times; 3 اعمال شد',0,'1','','order_note',0,0),(360,14263,'ووکامرس','','','','2024-10-28 10:12:27','2024-10-28 06:42:27','نگهداری سهام 60 دقیقه روی <br>- باتری 12تایی قلمی دیجی آلکالاین کملیون مدل Camelion Digi Alkaline LR6 1.5V AA (#12870) &times; 3 اعمال شد',0,'1','','order_note',0,0),(361,14263,'ووکامرس','','','','2024-10-28 10:13:35','2024-10-28 06:43:35','سطح موجودی کاهش یافت: باتری 12تایی قلمی دیجی آلکالاین کملیون مدل Camelion Digi Alkaline LR6 1.5V AA (#12870) 24&rarr;21',0,'1','','order_note',0,0),(362,14263,'ووکامرس','','','','2024-10-28 10:13:35','2024-10-28 06:43:35','وضعیت سفارش از در انتظار پرداخت به در حال انجام تغییر کرد.',0,'1','','order_note',0,0),(363,14263,'ووکامرس','','','','2024-10-28 10:13:38','2024-10-28 06:43:38','پیامک با موفقیت به مشتری با شماره +989190415136 ارسال گردید.',0,'1','','order_note',0,0),(364,14263,'ووکامرس','','','','2024-10-28 10:13:39','2024-10-28 06:43:39','پیامک با موفقیت به مدیر کل با شماره 09123301520 ارسال گردید.',0,'1','','order_note',0,0),(365,14263,'ووکامرس','','','','2024-10-28 10:13:40','2024-10-28 06:43:40','پرداخت موفقیت آمیز بود .<br/> کد رهگیری : 60227478201',0,'1','','order_note',0,0),(366,14263,'سید محمد رسولی','sed@gmail.com','','','2024-10-31 16:50:39','2024-10-31 13:20:39','مرسوله:\n200660322600446251933818\nاطلاعات تکمیلی: \nhttp://tracking.post.ir/?id=200660322600446251933818',0,'1','','order_note',0,0),(367,14263,'سید محمد رسولی','sed@gmail.com','','','2024-10-31 16:51:06','2024-10-31 13:21:06','وضعیت سفارش از در حال انجام به تحویل پست تغییر کرد.',0,'1','','order_note',0,0),(368,14263,'ووکامرس','','','','2024-10-31 16:51:07','2024-10-31 13:21:07','پیامک با موفقیت به مشتری با شماره +989190415136 ارسال گردید.',0,'1','','order_note',0,0),(369,14263,'سید محمد رسولی','sed@gmail.com','','','2024-11-03 14:29:42','2024-11-03 10:59:42','وضعیت سفارش از تحویل پست به تکمیل شده تغییر کرد.',0,'1','','order_note',0,0),(370,14263,'ووکامرس','','','','2024-11-03 14:29:45','2024-11-03 10:59:45','<br />خطایی در ارسال خودکار ایمیل به مشتری رخ داد، آدرس ایمیل:<br> ',0,'1','','order_note',0,0),(371,14263,'ووکامرس','','','','2024-11-03 14:29:46','2024-11-03 10:59:46','پیامک با موفقیت به مشتری با شماره +989190415136 ارسال گردید.',0,'1','','order_note',0,0),(372,14267,'ووکامرس','','','','2024-11-02 16:51:56','2024-11-02 13:21:56','<br />فاکتور به ایمیل مشتری بصورت خودکار ارسال شد<br><p>آدرس ایمیل: info@karnogostar.com</p>',0,'1','','order_note',0,0),(373,14267,'ووکامرس','','','','2024-11-02 16:51:56','2024-11-02 13:21:56','نگهداری سهام 60 دقیقه روی <br>- باتری دوتایی متوسط پلاس آلکالاین کملیون مدل Camelion Plus Alkaline R14P-BP2B 1.5V C (#10229) &times; 10 اعمال شد',0,'1','','order_note',0,0),(374,14267,'ووکامرس','','','','2024-11-02 16:53:43','2024-11-02 13:23:43','سطح موجودی کاهش یافت: باتری دوتایی متوسط پلاس آلکالاین کملیون مدل Camelion Plus Alkaline R14P-BP2B 1.5V C (#10229) 24&rarr;14',0,'1','','order_note',0,0),(375,14267,'ووکامرس','','','','2024-11-02 16:53:43','2024-11-02 13:23:43','وضعیت سفارش از در انتظار پرداخت به در حال انجام تغییر کرد.',0,'1','','order_note',0,0),(376,14267,'ووکامرس','','','','2024-11-02 16:53:47','2024-11-02 13:23:47','پیامک با موفقیت به مشتری با شماره +989912079116 ارسال گردید.',0,'1','','order_note',0,0),(377,14267,'ووکامرس','','','','2024-11-02 16:53:49','2024-11-02 13:23:49','پیامک با موفقیت به مدیر کل با شماره 09123301520 ارسال گردید.',0,'1','','order_note',0,0),(378,14267,'ووکامرس','','','','2024-11-02 16:53:49','2024-11-02 13:23:49','پرداخت موفقیت آمیز بود .<br/> کد رهگیری : 60507827301',0,'1','','order_note',0,0),(379,14267,'سید محمد رسولی','sed@gmail.com','','','2024-11-02 17:40:53','2024-11-02 14:10:53','سلام\nلطفا موقعیت مکانی آدرس گیرنده بسته با کد رهگیری 503132024112172096972 را از طریق لینک زیر انتخاب کنید.👇:\nhttps://s.tipax.ir/LAIYrUcbqn\n تیپاکس - 0218457',0,'1','','order_note',0,0),(380,14267,'ووکامرس','','','','2024-11-02 18:22:44','2024-11-02 14:52:44','سطح موجودی افزایش یافت: باتری دوتایی متوسط پلاس آلکالاین کملیون مدل Camelion Plus Alkaline R14P-BP2B 1.5V C (#10229) 14&rarr;24',0,'1','','order_note',0,0),(381,14267,'سید محمد رسولی','sed@gmail.com','','','2024-11-02 18:22:44','2024-11-02 14:52:44','وضعیت سفارش از در حال انجام به در انتظار پرداخت تغییر کرد.',0,'1','','order_note',0,0),(382,14267,'ووکامرس','','','','2024-11-02 18:31:12','2024-11-02 15:01:12','سطح موجودی کاهش یافت: باتری دوتایی متوسط پلاس آلکالاین کملیون مدل Camelion Plus Alkaline R14P-BP2B 1.5V C (#10229) 24&rarr;14',0,'1','','order_note',0,0),(383,14267,'Garfield','smmmha21@yahoo.com','','','2024-11-02 18:31:12','2024-11-02 15:01:12','وضعیت سفارش از در انتظار پرداخت به در حال انجام تغییر کرد.',0,'1','','order_note',0,0),(384,14267,'ووکامرس','','','','2024-11-02 18:31:15','2024-11-02 15:01:15','پیامک با موفقیت به مدیر کل با شماره 09123301520 ارسال گردید.',0,'1','','order_note',0,0),(385,14267,'ووکامرس','','','','2024-11-02 18:32:09','2024-11-02 15:02:09','سطح موجودی افزایش یافت: باتری دوتایی متوسط پلاس آلکالاین کملیون مدل Camelion Plus Alkaline R14P-BP2B 1.5V C (#10229) 14&rarr;24',0,'1','','order_note',0,0),(386,14267,'Garfield','smmmha21@yahoo.com','','','2024-11-02 18:32:09','2024-11-02 15:02:09','وضعیت سفارش از در حال انجام به در انتظار پرداخت تغییر کرد.',0,'1','','order_note',0,0),(387,14267,'ووکامرس','','','','2024-11-02 18:37:29','2024-11-02 15:07:29','سطح موجودی کاهش یافت: باتری دوتایی متوسط پلاس آلکالاین کملیون مدل Camelion Plus Alkaline R14P-BP2B 1.5V C (#10229) 24&rarr;14',0,'1','','order_note',0,0),(388,14267,'Garfield','smmmha21@yahoo.com','','','2024-11-02 18:37:29','2024-11-02 15:07:29','وضعیت سفارش از در انتظار پرداخت به در حال انجام تغییر کرد.',0,'1','','order_note',0,0),(389,14267,'ووکامرس','','','','2024-11-02 18:37:32','2024-11-02 15:07:32','پیامک با موفقیت به مدیر کل با شماره 09123301520 ارسال گردید.',0,'1','','order_note',0,0),(390,14267,'Garfield','smmmha21@yahoo.com','','','2024-11-02 19:07:02','2024-11-02 15:37:02','وضعیت سفارش از در حال انجام به تحویل به تیپاکس تغییر کرد.',0,'1','','order_note',0,0),(391,14267,'سید محمد رسولی','sed@gmail.com','','','2024-11-03 14:31:07','2024-11-03 11:01:07','وضعیت سفارش از تحویل به تیپاکس به تکمیل شده تغییر کرد.',0,'1','','order_note',0,0),(392,14267,'ووکامرس','','','','2024-11-03 14:31:08','2024-11-03 11:01:08','<br />فاکتور به ایمیل مشتری بصورت خودکار ارسال شد<br><p>آدرس ایمیل: info@karnogostar.com</p>',0,'1','','order_note',0,0),(393,14267,'ووکامرس','','','','2024-11-03 14:31:10','2024-11-03 11:01:10','پیامک با موفقیت به مشتری با شماره +989912079116 ارسال گردید.',0,'1','','order_note',0,0),(394,14307,'ووکامرس','','','','2024-11-09 22:14:48','2024-11-09 18:44:48','<br />فاکتور به ایمیل مشتری بصورت خودکار ارسال شد<br><p>آدرس ایمیل: parisa5976@yahoo.com</p>',0,'1','','order_note',0,0),(395,14307,'ووکامرس','','','','2024-11-09 22:14:49','2024-11-09 18:44:49','نگهداری سهام 60 دقیقه روی <br>- باتری چهارتایی نیم قلمی اولترا آلکالاین کملیون مدل Camelion Ultra Alkaline LR03 1.5V (#12984) &times; 5<br>- باتری چهارتایی شیرینگ نیم قلمی یونی مکس مدل Uni-Max Extra Heavy Duty UB-R03P-SP4S 1.5V (#14039) &times; 1 اعمال شد',0,'1','','order_note',0,0),(396,14307,'ووکامرس','','','','2024-11-09 22:16:19','2024-11-09 18:46:19','سطح موجودی کاهش یافت: باتری چهارتایی نیم قلمی اولترا آلکالاین کملیون مدل Camelion Ultra Alkaline LR03 1.5V (#12984) 48&rarr;43, باتری چهارتایی شیرینگ نیم قلمی یونی مکس مدل Uni-Max Extra Heavy Duty UB-R03P-SP4S 1.5V (#14039) 100&rarr;99',0,'1','','order_note',0,0),(397,14307,'ووکامرس','','','','2024-11-09 22:16:19','2024-11-09 18:46:19','وضعیت سفارش از در انتظار پرداخت به در حال انجام تغییر کرد.',0,'1','','order_note',0,0),(398,14307,'ووکامرس','','','','2024-11-09 22:16:23','2024-11-09 18:46:23','پیامک بخاطر خطا به مشتری با شماره +98989112466169 ارسال نشد.<br>پاسخ وبسرویس: 11',0,'1','','order_note',0,0),(399,14307,'ووکامرس','','','','2024-11-09 22:16:24','2024-11-09 18:46:24','پیامک با موفقیت به مدیر کل با شماره 09123301520 ارسال گردید.',0,'1','','order_note',0,0),(400,14307,'ووکامرس','','','','2024-11-09 22:16:24','2024-11-09 18:46:24','پرداخت موفقیت آمیز بود .<br/> کد رهگیری : 60883380101',0,'1','','order_note',0,0),(401,14307,'سید محمد رسولی','sed@gmail.com','','','2024-11-10 13:24:46','2024-11-10 09:54:46','بنا بر تماس تلفنی با خانم خداپرست، به جای ردیف نیم قلمی الترا آلکالاین کملیون، باتری قلمی الترا آلکالاین کملیون، جایگذین گردید. به جای ردیف نیم قلمی یونی مکس، نیم قلمی کملیون جایگذین شد.',0,'1','','order_note',0,0),(402,14307,'سید محمد رسولی','sed@gmail.com','','','2024-11-10 13:27:05','2024-11-10 09:57:05','طی تماس تلفنی مقرر شد، کالا از طریق پست ارسال گردد.',0,'1','','order_note',0,0),(403,14307,'سید محمد رسولی','sed@gmail.com','','','2024-11-10 14:03:41','2024-11-10 10:33:41','وضعیت سفارش از در حال انجام به تحویل پیک تغییر کرد.',0,'1','','order_note',0,0),(404,14307,'ووکامرس','','','','2024-11-10 14:03:43','2024-11-10 10:33:43','پیامک بخاطر خطا به مشتری با شماره +98989112466169 ارسال نشد.<br>پاسخ وبسرویس: 11',0,'1','','order_note',0,0),(405,14307,'سید محمد رسولی','sed@gmail.com','','','2024-11-10 15:10:33','2024-11-10 11:40:33','وضعیت سفارش از تحویل پیک به تحویل پست تغییر کرد.',0,'1','','order_note',0,0),(406,14307,'ووکامرس','','','','2024-11-10 15:10:34','2024-11-10 11:40:34','پیامک بخاطر خطا به مشتری با شماره +98989112466169 ارسال نشد.<br>پاسخ وبسرویس: 11',0,'1','','order_note',0,0),(407,14307,'سید محمد رسولی','sed@gmail.com','','','2024-11-21 15:19:10','2024-11-21 11:49:10','وضعیت سفارش از تحویل پست به تکمیل شده تغییر کرد.',0,'1','','order_note',0,0),(408,14307,'ووکامرس','','','','2024-11-21 15:19:12','2024-11-21 11:49:12','<br />فاکتور به ایمیل مشتری بصورت خودکار ارسال شد<br><p>آدرس ایمیل: parisa5976@yahoo.com</p>',0,'1','','order_note',0,0),(409,14307,'ووکامرس','','','','2024-11-21 15:19:15','2024-11-21 11:49:15','پیامک بخاطر خطا به مشتری با شماره +98989112466169 ارسال نشد.<br>پاسخ وبسرویس: 11',0,'1','','order_note',0,0),(410,14536,'ووکامرس','','','','2024-12-26 10:44:37','2024-12-26 07:14:37','<br />فاکتور به ایمیل مشتری بصورت خودکار ارسال شد<br><p>آدرس ایمیل: Ammarjafarishad2755@gmail.com</p>',0,'1','','order_note',0,0),(411,14536,'ووکامرس','','','','2024-12-26 10:44:38','2024-12-26 07:14:38','نگهداری موجودی 60 دقیقه اعمال شد روی: <br>- شارژر باتری کملیون مدل Camelion Battery Charger BC-0907N (#10703) &times; 1',0,'1','','order_note',0,0),(412,14536,'ووکامرس','','','','2024-12-26 10:44:45','2024-12-26 07:14:45','کاربر به درگاه پرداخت هدایت شد. شناسه تراکنش: A0000000000000000000000000006qg67v2o',0,'1','','order_note',0,0),(413,14536,'ووکامرس','','','','2024-12-26 10:46:07','2024-12-26 07:16:07','سطح موجودی کاهش یافت: شارژر باتری کملیون مدل Camelion Battery Charger BC-0907N (#10703) 3&rarr;2',0,'1','','order_note',0,0),(414,14536,'ووکامرس','','','','2024-12-26 10:46:07','2024-12-26 07:16:07','وضعیت سفارش از در انتظار پرداخت به در حال انجام تغییر کرد.',0,'1','','order_note',0,0),(415,14536,'ووکامرس','','','','2024-12-26 10:46:10','2024-12-26 07:16:10','پیامک با موفقیت به مشتری با شماره +989139303053 ارسال گردید.',0,'1','','order_note',0,0),(416,14536,'ووکامرس','','','','2024-12-26 10:46:12','2024-12-26 07:16:12','پیامک با موفقیت به مدیر کل با شماره 09123301520 ارسال گردید.',0,'1','','order_note',0,0),(417,14536,'ووکامرس','','','','2024-12-26 10:46:12','2024-12-26 07:16:12','پرداخت با موفقیت انجام شد. کد رهگیری: 63024467301',0,'1','','order_note',0,0),(418,14536,'سید محمد رسولی','sed@gmail.com','','','2024-12-30 20:03:53','2024-12-30 16:33:53','وضعیت سفارش از در حال انجام به بسته بندی شده تغییر کرد.',0,'1','','order_note',0,0),(419,14536,'سید محمد رسولی','sed@gmail.com','','','2024-12-31 18:03:06','2024-12-31 14:33:06','بارکد پستی مرسوله شما: 219710328700344108583118\n                        می توانید مرسوله خود را از طریق لینک https://radgir.net رهگیری نمایید.',0,'1','','order_note',0,0),(420,14536,'سید محمد رسولی','sed@gmail.com','','','2024-12-31 18:03:37','2024-12-31 14:33:37','وضعیت سفارش از بسته بندی شده به تحویل پست تغییر کرد.',0,'1','','order_note',0,0),(421,14536,'ووکامرس','','','','2024-12-31 18:03:39','2024-12-31 14:33:39','پیامک با موفقیت به مشتری با شماره +989139303053 ارسال گردید.',0,'1','','order_note',0,0),(422,14536,'مسعود رضاپور','masoud@gmail.com','','','2025-01-04 17:18:42','2025-01-04 13:48:42','وضعیت سفارش از تحویل پست به تکمیل شده تغییر کرد.',0,'1','','order_note',0,0),(423,14536,'ووکامرس','','','','2025-01-04 17:18:43','2025-01-04 13:48:43','<br />فاکتور به ایمیل مشتری بصورت خودکار ارسال شد<br><p>آدرس ایمیل: Ammarjafarishad2755@gmail.com</p>',0,'1','','order_note',0,0),(424,14536,'ووکامرس','','','','2025-01-04 17:18:44','2025-01-04 13:48:44','پیامک با موفقیت به مشتری با شماره +989139303053 ارسال گردید.',0,'1','','order_note',0,0),(425,14542,'ووکامرس','','','','2024-12-30 09:38:00','2024-12-30 06:08:00','<br />فاکتور به ایمیل مشتری بصورت خودکار ارسال شد<br><p>آدرس ایمیل: ahk1386@gmail.com</p>',0,'1','','order_note',0,0),(426,14542,'ووکامرس','','','','2024-12-30 09:38:06','2024-12-30 06:08:06','کاربر به درگاه پرداخت هدایت شد. شناسه تراکنش: A000000000000000000000000000xqdqyz8o',0,'1','','order_note',0,0),(427,14542,'ووکامرس','','','','2024-12-30 09:38:56','2024-12-30 06:08:56','سطح موجودی کاهش یافت: باتری قابل شارژ لیتیوم یون کملیون مدل Camelion Lithium ICR18650-2600BP1 3.7V 2600 (#10698) 1&rarr;0, باتری لیتیوم-یون قابل شارژ کملیون مدل Camelion Reachargeable 2200mAh 18650 1.5V (#10700) 4&rarr;3',0,'1','','order_note',0,0),(428,14542,'ووکامرس','','','','2024-12-30 09:38:56','2024-12-30 06:08:56','وضعیت سفارش از در انتظار پرداخت به در حال انجام تغییر کرد.',0,'1','','order_note',0,0),(429,14542,'ووکامرس','','','','2024-12-30 09:39:01','2024-12-30 06:09:01','پیامک با موفقیت به مشتری با شماره 09338868050 ارسال گردید.',0,'1','','order_note',0,0),(430,14542,'ووکامرس','','','','2024-12-30 09:39:02','2024-12-30 06:09:02','پیامک با موفقیت به مدیر کل با شماره 09123301520 ارسال گردید.',0,'1','','order_note',0,0),(431,14542,'ووکامرس','','','','2024-12-30 09:39:02','2024-12-30 06:09:02','پرداخت با موفقیت انجام شد. کد رهگیری: 63210687201',0,'1','','order_note',0,0),(432,14542,'سید محمد رسولی','sed@gmail.com','','','2024-12-30 20:02:47','2024-12-30 16:32:47','وضعیت سفارش از در حال انجام به بسته بندی شده تغییر کرد.',0,'1','','order_note',0,0),(433,14542,'سید محمد رسولی','sed@gmail.com','','','2024-12-31 18:01:32','2024-12-31 14:31:32','بارکد پستی مرسوله شما: 219710328700343830497118\n                        می توانید مرسوله خود را از طریق لینک https://radgir.net رهگیری نمایید.',0,'1','','order_note',0,0),(434,14542,'سید محمد رسولی','sed@gmail.com','','','2024-12-31 18:02:08','2024-12-31 14:32:08','وضعیت سفارش از بسته بندی شده به تحویل پست تغییر کرد.',0,'1','','order_note',0,0),(435,14542,'ووکامرس','','','','2024-12-31 18:02:10','2024-12-31 14:32:10','پیامک با موفقیت به مشتری با شماره 09338868050 ارسال گردید.',0,'1','','order_note',0,0),(436,14542,'مسعود رضاپور','masoud@gmail.com','','','2025-01-04 17:19:03','2025-01-04 13:49:03','وضعیت سفارش از تحویل پست به تکمیل شده تغییر کرد.',0,'1','','order_note',0,0),(437,14542,'ووکامرس','','','','2025-01-04 17:19:04','2025-01-04 13:49:04','<br />فاکتور به ایمیل مشتری بصورت خودکار ارسال شد<br><p>آدرس ایمیل: ahk1386@gmail.com</p>',0,'1','','order_note',0,0),(438,14542,'ووکامرس','','','','2025-01-04 17:19:05','2025-01-04 13:49:05','پیامک با موفقیت به مشتری با شماره 09338868050 ارسال گردید.',0,'1','','order_note',0,0),(439,14543,'ووکامرس','','','','2024-12-30 13:05:31','2024-12-30 09:35:31','<br />خطایی در ارسال خودکار ایمیل به مشتری رخ داد، آدرس ایمیل:<br> ',0,'1','','order_note',0,0),(440,14543,'ووکامرس','','','','2024-12-30 13:05:36','2024-12-30 09:35:36','کاربر به درگاه پرداخت هدایت شد. شناسه تراکنش: A000000000000000000000000000vgdnnwpq',0,'1','','order_note',0,0),(441,14543,'ووکامرس','','','','2024-12-30 13:06:29','2024-12-30 09:36:29','سطح موجودی کاهش یافت: باتری قابل شارژ لیتیوم یون کملیون مدل Camelion Lithium ICR18650-2600BP1 3.7V 2600 (#10698) 0&rarr;-3',0,'1','','order_note',0,0),(442,14543,'ووکامرس','','','','2024-12-30 13:06:29','2024-12-30 09:36:29','وضعیت سفارش از در انتظار پرداخت به در حال انجام تغییر کرد.',0,'1','','order_note',0,0),(443,14543,'ووکامرس','','','','2024-12-30 13:06:32','2024-12-30 09:36:32','پیامک با موفقیت به مشتری با شماره 09140835475 ارسال گردید.',0,'1','','order_note',0,0),(444,14543,'ووکامرس','','','','2024-12-30 13:06:34','2024-12-30 09:36:34','پیامک با موفقیت به مدیر کل با شماره 09123301520 ارسال گردید.',0,'1','','order_note',0,0),(445,14543,'ووکامرس','','','','2024-12-30 13:06:34','2024-12-30 09:36:34','پرداخت با موفقیت انجام شد. کد رهگیری: 63222357501',0,'1','','order_note',0,0),(446,14543,'سید محمد رسولی','sed@gmail.com','','','2024-12-30 20:01:02','2024-12-30 16:31:02','وضعیت سفارش از در حال انجام به بسته بندی شده تغییر کرد.',0,'1','','order_note',0,0),(447,14543,'سید محمد رسولی','sed@gmail.com','','','2024-12-31 17:56:46','2024-12-31 14:26:46','بارکد پستی مرسوله شما: 219710328700342660883118\n                        می توانید مرسوله خود را از طریق لینک https://radgir.net رهگیری نمایید.',0,'1','','order_note',0,0),(448,14543,'سید محمد رسولی','sed@gmail.com','','','2024-12-31 17:57:59','2024-12-31 14:27:59','وضعیت سفارش از بسته بندی شده به تحویل پست تغییر کرد.',0,'1','','order_note',0,0),(449,14543,'ووکامرس','','','','2024-12-31 17:58:00','2024-12-31 14:28:00','پیامک با موفقیت به مشتری با شماره 09140835475 ارسال گردید.',0,'1','','order_note',0,0),(450,14543,'مسعود رضاپور','masoud@gmail.com','','','2025-01-04 17:19:04','2025-01-04 13:49:04','وضعیت سفارش از تحویل پست به تکمیل شده تغییر کرد.',0,'1','','order_note',0,0),(451,14543,'ووکامرس','','','','2025-01-04 17:19:06','2025-01-04 13:49:06','<br />خطایی در ارسال خودکار ایمیل به مشتری رخ داد، آدرس ایمیل:<br> ',0,'1','','order_note',0,0),(452,14543,'ووکامرس','','','','2025-01-04 17:19:07','2025-01-04 13:49:07','پیامک با موفقیت به مشتری با شماره 09140835475 ارسال گردید.',0,'1','','order_note',0,0),(453,14564,'ووکامرس','','','','2025-01-05 17:54:43','2025-01-05 14:24:43','<br />خطایی در ارسال خودکار ایمیل به مشتری رخ داد، آدرس ایمیل:<br> ',0,'1','','order_note',0,0),(454,14564,'ووکامرس','','','','2025-01-05 17:54:44','2025-01-05 14:24:44','نگهداری موجودی 60 دقیقه اعمال شد روی: <br>- باتری سکه‌ای لیتیوم یون کملیون مدل Camelion Lithium CR1220 3V (#10713) &times; 3',0,'1','','order_note',0,0),(455,14564,'ووکامرس','','','','2025-01-05 17:54:50','2025-01-05 14:24:50','کاربر به درگاه پرداخت هدایت شد. شناسه تراکنش: A0000000000000000000000000006qmlg7rg',0,'1','','order_note',0,0),(456,14564,'ووکامرس','','','','2025-01-05 17:55:41','2025-01-05 14:25:41','سطح موجودی کاهش یافت: باتری سکه‌ای لیتیوم یون کملیون مدل Camelion Lithium CR1220 3V (#10713) 30&rarr;27',0,'1','','order_note',0,0),(457,14564,'ووکامرس','','','','2025-01-05 17:55:41','2025-01-05 14:25:41','وضعیت سفارش از در انتظار پرداخت به در حال انجام تغییر کرد.',0,'1','','order_note',0,0),(458,14564,'ووکامرس','','','','2025-01-05 17:55:44','2025-01-05 14:25:44','پیامک با موفقیت به مشتری با شماره 09210206815 ارسال گردید.',0,'1','','order_note',0,0),(459,14564,'ووکامرس','','','','2025-01-05 17:55:45','2025-01-05 14:25:45','پیامک با موفقیت به مدیر کل با شماره 09123301520 ارسال گردید.',0,'1','','order_note',0,0),(460,14564,'ووکامرس','','','','2025-01-05 17:55:45','2025-01-05 14:25:45','پرداخت با موفقیت انجام شد. کد رهگیری: 63530179601',0,'1','','order_note',0,0),(461,14564,'مسعود رضاپور','masoud@gmail.com','','','2025-01-06 11:37:18','2025-01-06 08:07:18','وضعیت سفارش از در حال انجام به تحویل پست تغییر کرد.',0,'1','','order_note',0,0),(462,14564,'ووکامرس','','','','2025-01-06 11:37:19','2025-01-06 08:07:19','پیامک با موفقیت به مشتری با شماره 09210206815 ارسال گردید.',0,'1','','order_note',0,0),(463,14564,'مسعود رضاپور','masoud@gmail.com','','','2025-01-15 13:37:08','2025-01-15 10:07:08','وضعیت سفارش از تحویل پست به تکمیل شده تغییر کرد.',0,'1','','order_note',0,0),(464,14564,'ووکامرس','','','','2025-01-15 13:37:10','2025-01-15 10:07:10','<br />خطایی در ارسال خودکار ایمیل به مشتری رخ داد، آدرس ایمیل:<br> ',0,'1','','order_note',0,0),(465,14564,'ووکامرس','','','','2025-01-15 13:37:11','2025-01-15 10:07:11','پیامک با موفقیت به مشتری با شماره 09210206815 ارسال گردید.',0,'1','','order_note',0,0),(466,14565,'ووکامرس','','','','2025-01-05 18:39:54','2025-01-05 15:09:54','<br />فاکتور به ایمیل مشتری بصورت خودکار ارسال شد<br><p>آدرس ایمیل: saeedsaba87@gmail.com</p>',0,'1','','order_note',0,0),(467,14565,'ووکامرس','','','','2025-01-05 18:39:55','2025-01-05 15:09:55','نگهداری موجودی 60 دقیقه اعمال شد روی: <br>- باتری سکه‌ای لیتیوم یون کملیون مدل Camelion Lithium CR1220 3V (#10713) &times; 20',0,'1','','order_note',0,0),(468,14565,'ووکامرس','','','','2025-01-05 18:40:01','2025-01-05 15:10:01','کاربر به درگاه پرداخت هدایت شد. شناسه تراکنش: A000000000000000000000000000y5lxlvz5',0,'1','','order_note',0,0),(469,14565,'ووکامرس','','','','2025-01-05 18:41:00','2025-01-05 15:11:00','سطح موجودی کاهش یافت: باتری سکه‌ای لیتیوم یون کملیون مدل Camelion Lithium CR1220 3V (#10713) 27&rarr;7',0,'1','','order_note',0,0),(470,14565,'ووکامرس','','','','2025-01-05 18:41:00','2025-01-05 15:11:00','وضعیت سفارش از در انتظار پرداخت به در حال انجام تغییر کرد.',0,'1','','order_note',0,0),(471,14565,'ووکامرس','','','','2025-01-05 18:41:04','2025-01-05 15:11:04','پیامک با موفقیت به مشتری با شماره +989132350632 ارسال گردید.',0,'1','','order_note',0,0),(472,14565,'ووکامرس','','','','2025-01-05 18:41:05','2025-01-05 15:11:05','پیامک با موفقیت به مدیر کل با شماره 09123301520 ارسال گردید.',0,'1','','order_note',0,0),(473,14565,'ووکامرس','','','','2025-01-05 18:41:05','2025-01-05 15:11:05','پرداخت با موفقیت انجام شد. کد رهگیری: 63532189701',0,'1','','order_note',0,0),(474,14565,'مسعود رضاپور','masoud@gmail.com','','','2025-01-06 11:36:20','2025-01-06 08:06:20','وضعیت سفارش از در حال انجام به تحویل پست تغییر کرد.',0,'1','','order_note',0,0),(475,14565,'ووکامرس','','','','2025-01-06 11:36:22','2025-01-06 08:06:22','پیامک با موفقیت به مشتری با شماره +989132350632 ارسال گردید.',0,'1','','order_note',0,0),(476,14565,'مسعود رضاپور','masoud@gmail.com','','','2025-01-15 13:37:41','2025-01-15 10:07:41','وضعیت سفارش از تحویل پست به تکمیل شده تغییر کرد.',0,'1','','order_note',0,0),(477,14565,'ووکامرس','','','','2025-01-15 13:37:43','2025-01-15 10:07:43','<br />فاکتور به ایمیل مشتری بصورت خودکار ارسال شد<br><p>آدرس ایمیل: saeedsaba87@gmail.com</p>',0,'1','','order_note',0,0),(478,14565,'ووکامرس','','','','2025-01-15 13:37:44','2025-01-15 10:07:44','پیامک با موفقیت به مشتری با شماره +989132350632 ارسال گردید.',0,'1','','order_note',0,0),(479,14592,'ووکامرس','','','','2025-01-09 11:12:10','2025-01-09 07:42:10','<br />خطایی در ارسال خودکار ایمیل به مشتری رخ داد، آدرس ایمیل:<br> ',0,'1','','order_note',0,0),(480,14592,'ووکامرس','','','','2025-01-09 11:12:11','2025-01-09 07:42:11','نگهداری موجودی 60 دقیقه اعمال شد روی: <br>- باتری سکه‌ای لیتیوم یون کملیون مدل Camelion Lithium CR1220 3V (#10713) &times; 30',0,'1','','order_note',0,0),(481,14592,'ووکامرس','','','','2025-01-09 11:12:17','2025-01-09 07:42:17','کاربر به درگاه پرداخت هدایت شد. شناسه تراکنش: A000000000000000000000000000jjmw8ylp',0,'1','','order_note',0,0),(482,14592,'ووکامرس','','','','2025-01-09 11:13:26','2025-01-09 07:43:26','سطح موجودی کاهش یافت: باتری سکه‌ای لیتیوم یون کملیون مدل Camelion Lithium CR1220 3V (#10713) 30&rarr;0',0,'1','','order_note',0,0),(483,14592,'ووکامرس','','','','2025-01-09 11:13:26','2025-01-09 07:43:26','وضعیت سفارش از در انتظار پرداخت به در حال انجام تغییر کرد.',0,'1','','order_note',0,0),(484,14592,'ووکامرس','','','','2025-01-09 11:13:29','2025-01-09 07:43:29','پیامک با موفقیت به مشتری با شماره 09128338517 ارسال گردید.',0,'1','','order_note',0,0),(485,14592,'ووکامرس','','','','2025-01-09 11:13:30','2025-01-09 07:43:30','پیامک با موفقیت به مدیر کل با شماره 09123301520 ارسال گردید.',0,'1','','order_note',0,0),(486,14592,'ووکامرس','','','','2025-01-09 11:13:30','2025-01-09 07:43:30','پرداخت با موفقیت انجام شد. کد رهگیری: 63714236601',0,'1','','order_note',0,0),(487,14592,'مسعود رضاپور','masoud@gmail.com','','','2025-01-09 18:42:22','2025-01-09 15:12:22','وضعیت سفارش از در حال انجام به بسته بندی شده تغییر کرد.',0,'1','','order_note',0,0),(488,14592,'مسعود رضاپور','masoud@gmail.com','','','2025-01-11 12:51:11','2025-01-11 09:21:11','وضعیت سفارش از بسته بندی شده به تحویل پست تغییر کرد.',0,'1','','order_note',0,0),(489,14592,'ووکامرس','','','','2025-01-11 12:51:13','2025-01-11 09:21:13','پیامک با موفقیت به مشتری با شماره 09128338517 ارسال گردید.',0,'1','','order_note',0,0),(490,14592,'مسعود رضاپور','masoud@gmail.com','','','2025-01-15 13:37:58','2025-01-15 10:07:58','وضعیت سفارش از تحویل پست به تکمیل شده تغییر کرد.',0,'1','','order_note',0,0),(491,14592,'ووکامرس','','','','2025-01-15 13:38:02','2025-01-15 10:08:02','<br />خطایی در ارسال خودکار ایمیل به مشتری رخ داد، آدرس ایمیل:<br> ',0,'1','','order_note',0,0),(492,14592,'ووکامرس','','','','2025-01-15 13:38:03','2025-01-15 10:08:03','پیامک با موفقیت به مشتری با شماره 09128338517 ارسال گردید.',0,'1','','order_note',0,0),(493,14597,'ووکامرس','','','','2025-01-13 13:37:46','2025-01-13 10:07:46','<br />فاکتور به ایمیل مشتری بصورت خودکار ارسال شد<br><p>آدرس ایمیل: sh.dehdar.1212@gmail.com</p>',0,'1','','order_note',0,0),(494,14597,'ووکامرس','','','','2025-01-13 13:37:46','2025-01-13 10:07:46','نگهداری موجودی 60 دقیقه اعمال شد روی: <br>- باتری لیتیوم یون کملیون مدل Camelion Lithium CR123A-BP1 3V (#10657) &times; 1',0,'1','','order_note',0,0),(495,14597,'ووکامرس','','','','2025-01-13 13:37:52','2025-01-13 10:07:52','کاربر به درگاه پرداخت هدایت شد. شناسه تراکنش: A000000000000000000000000000mrdmjqnr',0,'1','','order_note',0,0),(496,14597,'ووکامرس','','','','2025-01-13 14:13:28','2025-01-13 10:43:28','نگهداری موجودی 60 دقیقه اعمال شد روی: <br>- باتری لیتیوم یون کملیون مدل Camelion Lithium CR123A-BP1 3V (#10657) &times; 1',0,'1','','order_note',0,0),(497,14597,'ووکامرس','','','','2025-01-13 14:13:34','2025-01-13 10:43:34','کاربر به درگاه پرداخت هدایت شد. شناسه تراکنش: A000000000000000000000000000rvpp57qy',0,'1','','order_note',0,0),(498,14597,'ووکامرس','','','','2025-01-13 14:14:14','2025-01-13 10:44:14','سطح موجودی کاهش یافت: باتری لیتیوم یون کملیون مدل Camelion Lithium CR123A-BP1 3V (#10657) 10&rarr;9',0,'1','','order_note',0,0),(499,14597,'ووکامرس','','','','2025-01-13 14:14:14','2025-01-13 10:44:14','وضعیت سفارش از در انتظار پرداخت به در حال انجام تغییر کرد.',0,'1','','order_note',0,0),(500,14597,'ووکامرس','','','','2025-01-13 14:14:19','2025-01-13 10:44:19','پیامک با موفقیت به مشتری با شماره +989026667256 ارسال گردید.',0,'1','','order_note',0,0),(501,14597,'ووکامرس','','','','2025-01-13 14:14:20','2025-01-13 10:44:20','پیامک با موفقیت به مدیر کل با شماره 09123301520 ارسال گردید.',0,'1','','order_note',0,0),(502,14597,'ووکامرس','','','','2025-01-13 14:14:20','2025-01-13 10:44:20','پرداخت با موفقیت انجام شد. کد رهگیری: 63916582401',0,'1','','order_note',0,0),(503,14597,'مسعود رضاپور','masoud@gmail.com','','','2025-01-13 15:35:12','2025-01-13 12:05:12','وضعیت سفارش از در حال انجام به تکمیل شده تغییر کرد.',0,'1','','order_note',0,0),(504,14597,'ووکامرس','','','','2025-01-13 15:35:14','2025-01-13 12:05:14','<br />فاکتور به ایمیل مشتری بصورت خودکار ارسال شد<br><p>آدرس ایمیل: sh.dehdar.1212@gmail.com</p>',0,'1','','order_note',0,0),(505,14597,'ووکامرس','','','','2025-01-13 15:35:15','2025-01-13 12:05:15','پیامک با موفقیت به مشتری با شماره +989026667256 ارسال گردید.',0,'1','','order_note',0,0),(506,12918,'ووکامرس','','','','2024-05-28 08:35:26','2024-05-28 05:05:26','وضعیت سفارش از در انتظار پرداخت به در حال انجام تغییر کرد.',0,'1','','order_note',0,0),(507,12918,'ووکامرس','','','','2024-05-28 08:35:26','2024-05-28 05:05:26','پرداخت موفقیت آمیز بود .<br/> کد رهگیری : 54063028401',0,'1','','order_note',0,0),(508,12918,'سید محمد رسولی','sed@gmail.com','','','2024-06-01 10:15:10','2024-06-01 06:45:10','وضعیت سفارش از در حال انجام به در انتظار بررسی تغییر کرد.',0,'1','','order_note',0,0),(509,12918,'ووکامرس','','','','2024-06-02 17:59:15','2024-06-02 14:29:15','وضعیت سفارش از در انتظار بررسی به مسترد شده تغییر کرد.',0,'1','','order_note',0,0),(510,13003,'ووکامرس','','','','2024-06-04 13:16:35','2024-06-04 09:46:35','خطا در هنگام بازگشت از بانک : تراکنش انجام نشد . ',0,'1','','order_note',0,0),(511,13003,'ووکامرس','','','','2024-06-04 13:21:44','2024-06-04 09:51:44','وضعیت سفارش از در انتظار پرداخت به در حال انجام تغییر کرد.',0,'1','','order_note',0,0),(512,13003,'ووکامرس','','','','2024-06-04 13:21:45','2024-06-04 09:51:45','پرداخت موفقیت آمیز بود .<br/> کد رهگیری : 54305875201',0,'1','','order_note',0,0),(513,13003,'سید محمد رسولی','sed@gmail.com','','','2024-06-05 11:48:42','2024-06-05 08:18:42','وضعیت سفارش از در حال انجام به در انتظار بررسی تغییر کرد.',0,'1','','order_note',0,0),(514,13003,'ووکامرس','','','','2024-06-08 10:44:21','2024-06-08 07:14:21','وضعیت سفارش از در انتظار بررسی به مسترد شده تغییر کرد.',0,'1','','order_note',0,0),(515,13056,'ووکامرس','','','','2024-06-09 17:28:49','2024-06-09 13:58:49','وضعیت سفارش از در انتظار پرداخت به در حال انجام تغییر کرد.',0,'1','','order_note',0,0),(516,13056,'ووکامرس','','','','2024-06-09 17:28:50','2024-06-09 13:58:50','پرداخت موفقیت آمیز بود .<br/> کد رهگیری : 54489723001',0,'1','','order_note',0,0),(517,13056,'سید محمد رسولی','sed@gmail.com','','','2024-06-09 17:32:11','2024-06-09 14:02:11','وضعیت سفارش از در حال انجام به در انتظار بررسی تغییر کرد.',0,'1','','order_note',0,0),(518,13056,'ووکامرس','','','','2024-06-10 20:26:22','2024-06-10 16:56:22','وضعیت سفارش از در انتظار بررسی به مسترد شده تغییر کرد.',0,'1','','order_note',0,0),(519,13439,'ووکامرس','','','','2024-07-28 15:44:44','2024-07-28 12:14:44','<br />خطایی در ارسال خودکار ایمیل به مشتری رخ داد، آدرس ایمیل:<br> ',0,'1','','order_note',0,0),(520,13439,'ووکامرس','','','','2024-07-28 15:46:10','2024-07-28 12:16:10','وضعیت سفارش از در انتظار پرداخت به در حال انجام تغییر کرد.',0,'1','','order_note',0,0),(521,13439,'ووکامرس','','','','2024-07-28 15:46:14','2024-07-28 12:16:14','پرداخت موفقیت آمیز بود .<br/> کد رهگیری : 56151393001',0,'1','','order_note',0,0),(522,13439,'سید محمد رسولی','sed@gmail.com','','','2024-07-28 18:50:02','2024-07-28 15:20:02','وضعیت سفارش از در حال انجام به در انتظار بررسی تغییر کرد.',0,'1','','order_note',0,0),(523,13439,'ووکامرس','','','','2024-07-29 13:08:52','2024-07-29 09:38:52','وضعیت سفارش از در انتظار بررسی به مسترد شده تغییر کرد.',0,'1','','order_note',0,0),(524,14537,'ووکامرس','','','','2024-12-28 11:00:15','2024-12-28 07:30:15','<br />فاکتور به ایمیل مشتری بصورت خودکار ارسال شد<br><p>آدرس ایمیل: atoliyehlahzeha@gmail.com</p>',0,'1','','order_note',0,0),(525,14537,'ووکامرس','','','','2024-12-28 11:00:15','2024-12-28 07:30:15','نگهداری موجودی 60 دقیقه اعمال شد روی: <br>- باتری 12 تایی شیرینگ نیم قلمي پلاس آلکالاین کملیون مدل Camelion Plus Alkaline LR03 AM4 1.5V (#12997) &times; 4<br>- باتری 12تایی قلمی شیرینگ پلاس آلکالاین کملیون مدل Camelion Plus Alkaline LR6 1.5V AA (#12865) &times; 7',0,'1','','order_note',0,0),(526,14537,'ووکامرس','','','','2024-12-28 11:00:22','2024-12-28 07:30:22','کاربر به درگاه پرداخت هدایت شد. شناسه تراکنش: A000000000000000000000000000py1p32dq',0,'1','','order_note',0,0),(527,14537,'ووکامرس','','','','2024-12-28 11:01:56','2024-12-28 07:31:56','سطح موجودی کاهش یافت: باتری 12 تایی شیرینگ نیم قلمي پلاس آلکالاین کملیون مدل Camelion Plus Alkaline LR03 AM4 1.5V (#12997) 8&rarr;4, باتری 12تایی قلمی شیرینگ پلاس آلکالاین کملیون مدل Camelion Plus Alkaline LR6 1.5V AA (#12865) 8&rarr;1',0,'1','','order_note',0,0),(528,14537,'ووکامرس','','','','2024-12-28 11:01:56','2024-12-28 07:31:56','وضعیت سفارش از در انتظار پرداخت به در حال انجام تغییر کرد.',0,'1','','order_note',0,0),(529,14537,'ووکامرس','','','','2024-12-28 11:02:00','2024-12-28 07:32:00','پیامک با موفقیت به مشتری با شماره +989188668516 ارسال گردید.',0,'1','','order_note',0,0),(530,14537,'ووکامرس','','','','2024-12-28 11:02:01','2024-12-28 07:32:01','پیامک با موفقیت به مدیر کل با شماره 09123301520 ارسال گردید.',0,'1','','order_note',0,0),(531,14537,'ووکامرس','','','','2024-12-28 11:02:01','2024-12-28 07:32:01','پرداخت با موفقیت انجام شد. کد رهگیری: 63114295901',0,'1','','order_note',0,0),(532,14537,'ووکامرس','','','','2025-01-05 21:51:33','2025-01-05 18:21:33','وضعیت سفارش از در حال انجام به مسترد شده تغییر کرد.',0,'1','','order_note',0,0),(533,14600,'ووکامرس','','','','2025-01-14 12:02:49','2025-01-14 08:32:49','<br />فاکتور به ایمیل مشتری بصورت خودکار ارسال شد<br><p>آدرس ایمیل: arash6464@gmail.com</p>',0,'1','','order_note',0,0),(534,14600,'ووکامرس','','','','2025-01-14 12:02:49','2025-01-14 08:32:49','نگهداری موجودی 60 دقیقه اعمال شد روی: <br>- باتری سکه‌ای لیتیوم یون کملیون مدل Camelion Lithium CR1220 3V (#10713) &times; 4',0,'1','','order_note',0,0),(535,14600,'ووکامرس','','','','2025-01-14 12:02:56','2025-01-14 08:32:56','کاربر به درگاه پرداخت هدایت شد. شناسه تراکنش: A000000000000000000000000000ng8vx2pn',0,'1','','order_note',0,0),(536,14600,'ووکامرس','','','','2025-01-14 12:08:26','2025-01-14 08:38:26','سطح موجودی کاهش یافت: باتری سکه‌ای لیتیوم یون کملیون مدل Camelion Lithium CR1220 3V (#10713) 50&rarr;46',0,'1','','order_note',0,0),(537,14600,'ووکامرس','','','','2025-01-14 12:08:26','2025-01-14 08:38:26','وضعیت سفارش از در انتظار پرداخت به در حال انجام تغییر کرد.',0,'1','','order_note',0,0),(538,14600,'ووکامرس','','','','2025-01-14 12:08:30','2025-01-14 08:38:30','پیامک با موفقیت به مشتری با شماره 09362302577 ارسال گردید.',0,'1','','order_note',0,0),(539,14600,'ووکامرس','','','','2025-01-14 12:08:32','2025-01-14 08:38:32','پیامک با موفقیت به مدیر کل با شماره 09123301520 ارسال گردید.',0,'1','','order_note',0,0),(540,14600,'ووکامرس','','','','2025-01-14 12:08:32','2025-01-14 08:38:32','پرداخت با موفقیت انجام شد. کد رهگیری: 63949900701',0,'1','','order_note',0,0),(541,14600,'مسعود رضاپور','masoud@gmail.com','','','2025-01-15 14:01:10','2025-01-15 10:31:10','مرسوله:\n219710330200165140000118\nاطلاعات تکمیلی: \nhttp://tracking.post.ir/?id=219710330200165140000118\nهر ایرانی یک شناسه پستی، جهت ثبت نام و دریافت شناسه پستی اختصاصی خود به لینک زیر مراجعه نمایید\nwww.sapost.ir',0,'1','','order_note',0,0),(542,14600,'مسعود رضاپور','masoud@gmail.com','','','2025-01-18 12:06:17','2025-01-18 08:36:17','وضعیت سفارش از در حال انجام به تکمیل شده تغییر کرد.',0,'1','','order_note',0,0),(543,14600,'ووکامرس','','','','2025-01-18 12:06:17','2025-01-18 08:36:17','<br />فاکتور به ایمیل مشتری بصورت خودکار ارسال شد<br><p>آدرس ایمیل: arash6464@gmail.com</p>',0,'1','','order_note',0,0),(544,14600,'ووکامرس','','','','2025-01-18 12:06:18','2025-01-18 08:36:18','پیامک با موفقیت به مشتری با شماره 09362302577 ارسال گردید.',0,'1','','order_note',0,0),(545,14601,'ووکامرس','','','','2025-01-16 10:52:34','2025-01-16 07:22:34','<br />فاکتور به ایمیل مشتری بصورت خودکار ارسال شد<br><p>آدرس ایمیل: info@rizmoj.ir</p>',0,'1','','order_note',0,0),(546,14601,'ووکامرس','','','','2025-01-16 10:52:34','2025-01-16 07:22:34','نگهداری موجودی 60 دقیقه اعمال شد روی: <br>- باتری سکه‌ای لیتیوم یون کملیون مدل Camelion Lithium CR1220 3V (#10713) &times; 46',0,'1','','order_note',0,0),(547,14601,'ووکامرس','','','','2025-01-16 10:52:40','2025-01-16 07:22:40','کاربر به درگاه پرداخت هدایت شد. شناسه تراکنش: A000000000000000000000000000rvpop81n',0,'1','','order_note',0,0),(548,14601,'ووکامرس','','','','2025-01-16 10:53:44','2025-01-16 07:23:44','سطح موجودی کاهش یافت: باتری سکه‌ای لیتیوم یون کملیون مدل Camelion Lithium CR1220 3V (#10713) 46&rarr;0',0,'1','','order_note',0,0),(549,14601,'ووکامرس','','','','2025-01-16 10:53:44','2025-01-16 07:23:44','وضعیت سفارش از در انتظار پرداخت به در حال انجام تغییر کرد.',0,'1','','order_note',0,0),(550,14601,'ووکامرس','','','','2025-01-16 10:53:51','2025-01-16 07:23:51','پیامک با موفقیت به مشتری با شماره +989153172616 ارسال گردید.',0,'1','','order_note',0,0),(551,14601,'ووکامرس','','','','2025-01-16 10:53:54','2025-01-16 07:23:54','پیامک با موفقیت به مدیر کل با شماره 09123301520 ارسال گردید.',0,'1','','order_note',0,0),(552,14601,'ووکامرس','','','','2025-01-16 10:53:54','2025-01-16 07:23:54','پرداخت با موفقیت انجام شد. کد رهگیری: 64036899301',0,'1','','order_note',0,0),(553,14601,'مسعود رضاپور','masoud@gmail.com','','','2025-01-18 15:01:48','2025-01-18 11:31:48','وضعیت سفارش از در حال انجام به تحویل پست تغییر کرد.',0,'1','','order_note',0,0),(554,14601,'ووکامرس','','','','2025-01-18 15:01:50','2025-01-18 11:31:50','پیامک با موفقیت به مشتری با شماره +989153172616 ارسال گردید.',0,'1','','order_note',0,0),(555,14601,'مسعود رضاپور','masoud@gmail.com','','','2025-01-26 12:12:03','2025-01-26 08:42:03','وضعیت سفارش از تحویل پست به تکمیل شده تغییر کرد.',0,'1','','order_note',0,0),(556,14601,'ووکامرس','','','','2025-01-26 12:12:05','2025-01-26 08:42:05','<br />فاکتور به ایمیل مشتری بصورت خودکار ارسال شد<br><p>آدرس ایمیل: info@rizmoj.ir</p>',0,'1','','order_note',0,0),(557,14601,'ووکامرس','','','','2025-01-26 12:12:06','2025-01-26 08:42:06','پیامک با موفقیت به مشتری با شماره +989153172616 ارسال گردید.',0,'1','','order_note',0,0),(558,14601,'مسعود رضاپور','masoud@gmail.com','','','2025-02-01 14:28:32','2025-02-01 10:58:32','وضعیت سفارش از تکمیل شده به تحویل پست تغییر کرد.',0,'1','','order_note',0,0),(559,14601,'مسعود رضاپور','masoud@gmail.com','','','2025-02-11 17:23:28','2025-02-11 13:53:28','بارکد پستی مرسوله شما: 200660330500428060009118\n                        می توانید مرسوله خود را از طریق لینک https://radgir.net رهگیری نمایید.',0,'1','','order_note',0,0),(560,14601,'مسعود رضاپور','masoud@gmail.com','','','2025-02-22 17:21:26','2025-02-22 13:51:26','۲۰۰۶۶۰۳۳۳۶۰۰۰۲۵۳۰۰۰۰۹۱۶۹',0,'1','','order_note',0,0),(561,14601,'مسعود رضاپور','masoud@gmail.com','','','2025-02-22 17:22:58','2025-02-22 13:52:58','وضعیت سفارش از تحویل پست به تکمیل شده تغییر کرد.',0,'1','','order_note',0,0),(562,14601,'ووکامرس','','','','2025-02-22 17:22:59','2025-02-22 13:52:59','<br />فاکتور به ایمیل مشتری بصورت خودکار ارسال شد<br><p>آدرس ایمیل: info@rizmoj.ir</p>',0,'1','','order_note',0,0),(563,14601,'ووکامرس','','','','2025-02-22 17:23:00','2025-02-22 13:53:00','پیامک با موفقیت به مشتری با شماره +989153172616 ارسال گردید.',0,'1','','order_note',0,0),(564,14602,'ووکامرس','','','','2025-01-17 19:26:12','2025-01-17 15:56:12','<br />خطایی در ارسال خودکار ایمیل به مشتری رخ داد، آدرس ایمیل:<br> ',0,'1','','order_note',0,0),(565,14602,'ووکامرس','','','','2025-01-17 19:26:13','2025-01-17 15:56:13','نگهداری موجودی 60 دقیقه اعمال شد روی: <br>- باتری چهارتایی قلمي و باتری چهارتایی نيم قلمي کملیون مدل Super Heavy Duty (#12992) &times; 2',0,'1','','order_note',0,0),(566,14602,'ووکامرس','','','','2025-01-17 19:26:20','2025-01-17 15:56:20','کاربر به درگاه پرداخت هدایت شد. شناسه تراکنش: A000000000000000000000000000py2wmq2n',0,'1','','order_note',0,0),(567,14602,'ووکامرس','','','','2025-01-17 19:28:19','2025-01-17 15:58:19','سطح موجودی کاهش یافت: باتری چهارتایی قلمي و باتری چهارتایی نيم قلمي کملیون مدل Super Heavy Duty (#12992) 95&rarr;93',0,'1','','order_note',0,0),(568,14602,'ووکامرس','','','','2025-01-17 19:28:19','2025-01-17 15:58:19','وضعیت سفارش از در انتظار پرداخت به در حال انجام تغییر کرد.',0,'1','','order_note',0,0),(569,14602,'ووکامرس','','','','2025-01-17 19:28:22','2025-01-17 15:58:22','پیامک با موفقیت به مشتری با شماره 09127832788 ارسال گردید.',0,'1','','order_note',0,0),(570,14602,'ووکامرس','','','','2025-01-17 19:28:24','2025-01-17 15:58:24','پیامک با موفقیت به مدیر کل با شماره 09123301520 ارسال گردید.',0,'1','','order_note',0,0),(571,14602,'ووکامرس','','','','2025-01-17 19:28:24','2025-01-17 15:58:24','پرداخت با موفقیت انجام شد. کد رهگیری: 64103338201',0,'1','','order_note',0,0),(572,14602,'مسعود رضاپور','masoud@gmail.com','','','2025-01-18 15:02:11','2025-01-18 11:32:11','وضعیت سفارش از در حال انجام به تحویل پست تغییر کرد.',0,'1','','order_note',0,0),(573,14602,'ووکامرس','','','','2025-01-18 15:02:12','2025-01-18 11:32:12','پیامک با موفقیت به مشتری با شماره 09127832788 ارسال گردید.',0,'1','','order_note',0,0),(574,14602,'مسعود رضاپور','masoud@gmail.com','','','2025-01-26 12:12:06','2025-01-26 08:42:06','وضعیت سفارش از تحویل پست به تکمیل شده تغییر کرد.',0,'1','','order_note',0,0),(575,14602,'ووکامرس','','','','2025-01-26 12:12:07','2025-01-26 08:42:07','<br />خطایی در ارسال خودکار ایمیل به مشتری رخ داد، آدرس ایمیل:<br> ',0,'1','','order_note',0,0),(576,14602,'ووکامرس','','','','2025-01-26 12:12:08','2025-01-26 08:42:08','پیامک با موفقیت به مشتری با شماره 09127832788 ارسال گردید.',0,'1','','order_note',0,0),(577,14617,'ووکامرس','','','','2025-02-03 22:07:53','2025-02-03 18:37:53','<br />فاکتور به ایمیل مشتری بصورت خودکار ارسال شد<br><p>آدرس ایمیل: zabihghasemi99@gmail.com</p>',0,'1','','order_note',0,0),(578,14617,'ووکامرس','','','','2025-02-03 22:07:53','2025-02-03 18:37:53','نگهداری موجودی 60 دقیقه اعمال شد روی: <br>- منبع تغذیه نیمه ماژولار ارس گیم مدل ARESGAME 850W Power Supply Semi Modular 80+ GOLD (#11509) &times; 1',0,'1','','order_note',0,0),(579,14617,'ووکامرس','','','','2025-02-03 22:07:59','2025-02-03 18:37:59','کاربر به درگاه پرداخت هدایت شد. شناسه تراکنش: A0000000000000000000000000006qz31e6j',0,'1','','order_note',0,0),(580,14617,'ووکامرس','','','','2025-02-03 22:08:44','2025-02-03 18:38:44','سطح موجودی کاهش یافت: منبع تغذیه نیمه ماژولار ارس گیم مدل ARESGAME 850W Power Supply Semi Modular 80+ GOLD (#11509) 2&rarr;1',0,'1','','order_note',0,0),(581,14617,'ووکامرس','','','','2025-02-03 22:08:44','2025-02-03 18:38:44','وضعیت سفارش از در انتظار پرداخت به در حال انجام تغییر کرد.',0,'1','','order_note',0,0),(582,14617,'ووکامرس','','','','2025-02-03 22:08:47','2025-02-03 18:38:47','پیامک با موفقیت به مشتری با شماره 09370759545 ارسال گردید.',0,'1','','order_note',0,0),(583,14617,'ووکامرس','','','','2025-02-03 22:08:48','2025-02-03 18:38:48','پیامک با موفقیت به مدیر کل با شماره 09123301520 ارسال گردید.',0,'1','','order_note',0,0),(584,14617,'ووکامرس','','','','2025-02-03 22:08:48','2025-02-03 18:38:48','پرداخت با موفقیت انجام شد. کد رهگیری: 64947020401',0,'1','','order_note',0,0),(585,14617,'مسعود رضاپور','masoud@gmail.com','','','2025-02-04 17:42:01','2025-02-04 14:12:01','Sn: X002RTB881',0,'1','','order_note',0,0),(586,14617,'مسعود رضاپور','masoud@gmail.com','','','2025-02-04 18:29:28','2025-02-04 14:59:28','وضعیت سفارش از در حال انجام به تحویل به تیپاکس تغییر کرد.',0,'1','','order_note',0,0),(587,14617,'مسعود رضاپور','masoud@gmail.com','','','2025-02-05 18:26:08','2025-02-05 14:56:08','سلام\nبسته شما با کد پیگیری 5031320252418590579 ثبت شد.\nجهت ثبت دقیق موقعیت مکانی گیرنده، پرداخت آنلاین و اطلاع از وضعیت بسته، لطفاً به لینک زیر مراجعه کنید:\nhttps://mt.tipax.ir/t/TRCsp2fpUrs\nتیپاکس - 0218457',0,'1','','order_note',0,0),(588,14617,'مسعود رضاپور','masoud@gmail.com','','','2025-02-09 16:25:05','2025-02-09 12:55:05','وضعیت سفارش از تحویل به تیپاکس به تکمیل شده تغییر کرد.',0,'1','','order_note',0,0),(589,14617,'ووکامرس','','','','2025-02-09 16:25:06','2025-02-09 12:55:06','<br />فاکتور به ایمیل مشتری بصورت خودکار ارسال شد<br><p>آدرس ایمیل: zabihghasemi99@gmail.com</p>',0,'1','','order_note',0,0),(590,14617,'ووکامرس','','','','2025-02-09 16:25:07','2025-02-09 12:55:07','پیامک با موفقیت به مشتری با شماره 09370759545 ارسال گردید.',0,'1','','order_note',0,0),(591,14617,'مسعود رضاپور','masoud@gmail.com','','','2025-02-11 20:08:09','2025-02-11 16:38:09','سلام\nبسته شما با کد پیگیری 5031320252418590579 ثبت شد.\nجهت ثبت دقیق موقعیت مکانی گیرنده، پرداخت آنلاین و اطلاع از وضعیت بسته، لطفاً به لینک زیر مراجعه کنید:\nhttps://mt.tipax.ir/t/TRCsp2fpUrs\nتیپاکس - 0218457',0,'1','','order_note',0,0),(592,14619,'ووکامرس','','','','2025-02-04 12:27:36','2025-02-04 08:57:36','<br />فاکتور به ایمیل مشتری بصورت خودکار ارسال شد<br><p>آدرس ایمیل: mrhafezieh@gmail.com</p>',0,'1','','order_note',0,0),(593,14619,'ووکامرس','','','','2025-02-04 12:27:37','2025-02-04 08:57:37','نگهداری موجودی 60 دقیقه اعمال شد روی: <br>- باتری لیتیوم یون کملیون مدل Camelion Lithium CR123A-BP1 3V (#10657) &times; 3',0,'1','','order_note',0,0),(594,14619,'ووکامرس','','','','2025-02-04 12:27:42','2025-02-04 08:57:42','کاربر به درگاه پرداخت هدایت شد. شناسه تراکنش: A000000000000000000000000000mryevln1',0,'1','','order_note',0,0),(595,14619,'ووکامرس','','','','2025-02-04 12:28:20','2025-02-04 08:58:20','سطح موجودی کاهش یافت: باتری لیتیوم یون کملیون مدل Camelion Lithium CR123A-BP1 3V (#10657) 9&rarr;6',0,'1','','order_note',0,0),(596,14619,'ووکامرس','','','','2025-02-04 12:28:20','2025-02-04 08:58:20','وضعیت سفارش از در انتظار پرداخت به در حال انجام تغییر کرد.',0,'1','','order_note',0,0),(597,14619,'ووکامرس','','','','2025-02-04 12:28:24','2025-02-04 08:58:24','پیامک با موفقیت به مشتری با شماره +989339597278 ارسال گردید.',0,'1','','order_note',0,0),(598,14619,'ووکامرس','','','','2025-02-04 12:28:26','2025-02-04 08:58:26','پیامک با موفقیت به مدیر کل با شماره 09123301520 ارسال گردید.',0,'1','','order_note',0,0),(599,14619,'ووکامرس','','','','2025-02-04 12:28:26','2025-02-04 08:58:26','پرداخت با موفقیت انجام شد. کد رهگیری: 64969965601',0,'1','','order_note',0,0),(600,14619,'مسعود رضاپور','masoud@gmail.com','','','2025-02-05 15:41:31','2025-02-05 12:11:31','وضعیت سفارش از در حال انجام به تحویل پیک تغییر کرد.',0,'1','','order_note',0,0),(601,14619,'ووکامرس','','','','2025-02-05 15:41:32','2025-02-05 12:11:32','پیامک با موفقیت به مشتری با شماره +989339597278 ارسال گردید.',0,'1','','order_note',0,0),(602,14619,'ووکامرس','','','','2025-02-05 15:41:47','2025-02-05 12:11:47','پیامک با موفقیت به مشتری با شماره +989339597278 ارسال گردید.',0,'1','','order_note',0,0),(603,14619,'مسعود رضاپور','masoud@gmail.com','','','2025-02-05 16:10:25','2025-02-05 12:40:25','وضعیت سفارش از تحویل پیک به تکمیل شده تغییر کرد.',0,'1','','order_note',0,0),(604,14619,'ووکامرس','','','','2025-02-05 16:10:26','2025-02-05 12:40:26','<br />فاکتور به ایمیل مشتری بصورت خودکار ارسال شد<br><p>آدرس ایمیل: mrhafezieh@gmail.com</p>',0,'1','','order_note',0,0),(605,14619,'ووکامرس','','','','2025-02-05 16:10:27','2025-02-05 12:40:27','پیامک با موفقیت به مشتری با شماره +989339597278 ارسال گردید.',0,'1','','order_note',0,0),(606,14622,'ووکامرس','','','','2025-02-11 13:31:06','2025-02-11 10:01:06','<br />فاکتور به ایمیل مشتری بصورت خودکار ارسال شد<br><p>آدرس ایمیل: moshaveransystem@yahoo.com</p>',0,'1','','order_note',0,0),(607,14622,'ووکامرس','','','','2025-02-11 13:31:06','2025-02-11 10:01:06','نگهداری موجودی 60 دقیقه اعمال شد روی: <br>- باتری لیتیوم-یون قابل شارژ کملیون مدل Camelion Reachargeable 3000mAh 18650 1.5V (#13001) &times; 1',0,'1','','order_note',0,0),(608,14622,'ووکامرس','','','','2025-02-11 13:31:12','2025-02-11 10:01:12','کاربر به درگاه پرداخت هدایت شد. شناسه تراکنش: A000000000000000000000000000ng7ov3gq',0,'1','','order_note',0,0),(609,14622,'ووکامرس','','','','2025-02-11 13:31:50','2025-02-11 10:01:50','سطح موجودی کاهش یافت: باتری لیتیوم-یون قابل شارژ کملیون مدل Camelion Reachargeable 3000mAh 18650 1.5V (#13001) 4&rarr;3',0,'1','','order_note',0,0),(610,14622,'ووکامرس','','','','2025-02-11 13:31:50','2025-02-11 10:01:50','وضعیت سفارش از در انتظار پرداخت به در حال انجام تغییر کرد.',0,'1','','order_note',0,0),(611,14622,'ووکامرس','','','','2025-02-11 13:31:55','2025-02-11 10:01:55','پیامک با موفقیت به مشتری با شماره +989127662309 ارسال گردید.',0,'1','','order_note',0,0),(612,14622,'ووکامرس','','','','2025-02-11 13:31:56','2025-02-11 10:01:56','پیامک با موفقیت به مدیر کل با شماره 09123301520 ارسال گردید.',0,'1','','order_note',0,0),(613,14622,'ووکامرس','','','','2025-02-11 13:31:56','2025-02-11 10:01:56','پرداخت با موفقیت انجام شد. کد رهگیری: 65325797601',0,'1','','order_note',0,0),(614,14622,'مسعود رضاپور','masoud@gmail.com','','','2025-02-11 17:03:26','2025-02-11 13:33:26','وضعیت سفارش از در حال انجام به تحویل به تیپاکس تغییر کرد.',0,'1','','order_note',0,0),(615,14622,'مسعود رضاپور','masoud@gmail.com','','','2025-02-11 20:06:22','2025-02-11 16:36:22','سلام\nبسته شما با کد پیگیری 50313202521116036648 ثبت شد.\nجهت ثبت دقیق موقعیت مکانی گیرنده، پرداخت آنلاین و اطلاع از وضعیت بسته، لطفاً به لینک زیر مراجعه کنید:\nhttps://mt.tipax.ir/t/TRCD4vTEuDT\nتیپاکس - 0218457',0,'1','','order_note',0,0),(616,14622,'مسعود رضاپور','masoud@gmail.com','','','2025-02-16 11:43:21','2025-02-16 08:13:21','وضعیت سفارش از تحویل به تیپاکس به تکمیل شده تغییر کرد.',0,'1','','order_note',0,0),(617,14622,'ووکامرس','','','','2025-02-16 11:43:22','2025-02-16 08:13:22','<br />فاکتور به ایمیل مشتری بصورت خودکار ارسال شد<br><p>آدرس ایمیل: moshaveransystem@yahoo.com</p>',0,'1','','order_note',0,0),(618,14622,'ووکامرس','','','','2025-02-16 11:43:23','2025-02-16 08:13:23','پیامک با موفقیت به مشتری با شماره +989127662309 ارسال گردید.',0,'1','','order_note',0,0),(619,14625,'ووکامرس','','','','2025-02-22 17:06:32','2025-02-22 13:36:32','<br />خطایی در ارسال خودکار ایمیل به مشتری رخ داد، آدرس ایمیل:<br> ',0,'1','','order_note',0,0),(620,14625,'ووکامرس','','','','2025-02-22 17:06:33','2025-02-22 13:36:33','نگهداری موجودی 60 دقیقه اعمال شد روی: <br>- باتری دوتایی قلمی اولترا آلکالاین کملیون مدل Camelion Ultra Alkaline LR6 1.5V (#12982) &times; 1<br>- باتری چهارتایی نیم قلمی اولترا آلکالاین کملیون مدل Camelion Ultra Alkaline LR03 1.5V (#12984) &times; 3',0,'1','','order_note',0,0),(621,14625,'ووکامرس','','','','2025-02-22 17:06:38','2025-02-22 13:36:38','کاربر به درگاه پرداخت هدایت شد. شناسه تراکنش: A0000000000000000000000000003zl68lx7',0,'1','','order_note',0,0),(622,14625,'ووکامرس','','','','2025-02-22 17:14:37','2025-02-22 13:44:37','نگهداری موجودی 60 دقیقه اعمال شد روی: <br>- باتری دوتایی قلمی اولترا آلکالاین کملیون مدل Camelion Ultra Alkaline LR6 1.5V (#12982) &times; 1<br>- باتری چهارتایی نیم قلمی اولترا آلکالاین کملیون مدل Camelion Ultra Alkaline LR03 1.5V (#12984) &times; 3',0,'1','','order_note',0,0),(623,14625,'ووکامرس','','','','2025-02-22 17:14:43','2025-02-22 13:44:43','کاربر به درگاه پرداخت هدایت شد. شناسه تراکنش: A0000000000000000000000000001qwgpo5n',0,'1','','order_note',0,0),(624,14625,'ووکامرس','','','','2025-02-22 17:25:18','2025-02-22 13:55:18','سطح موجودی کاهش یافت: باتری دوتایی قلمی اولترا آلکالاین کملیون مدل Camelion Ultra Alkaline LR6 1.5V (#12982) 48&rarr;47, باتری چهارتایی نیم قلمی اولترا آلکالاین کملیون مدل Camelion Ultra Alkaline LR03 1.5V (#12984) 43&rarr;40',0,'1','','order_note',0,0),(625,14625,'ووکامرس','','','','2025-02-22 17:25:18','2025-02-22 13:55:18','وضعیت سفارش از در انتظار پرداخت به در حال انجام تغییر کرد.',0,'1','','order_note',0,0),(626,14625,'ووکامرس','','','','2025-02-22 17:25:21','2025-02-22 13:55:21','پیامک با موفقیت به مشتری با شماره 09226442198 ارسال گردید.',0,'1','','order_note',0,0),(627,14625,'ووکامرس','','','','2025-02-22 17:25:22','2025-02-22 13:55:22','پیامک با موفقیت به مدیر کل با شماره 09123301520 ارسال گردید.',0,'1','','order_note',0,0),(628,14625,'ووکامرس','','','','2025-02-22 17:25:22','2025-02-22 13:55:22','پرداخت با موفقیت انجام شد. کد رهگیری: 65911926201',0,'1','','order_note',0,0),(629,14625,'ووکامرس','','','','2025-02-22 17:54:13','2025-02-22 14:24:13','پیامک با موفقیت به مشتری با شماره موبایل 09226442198 ارسال شد.<br>متن پیامک: سلام و خداقوت، مبلغ پیک 35هزار تومان می باشد. با احترام، فروشگاه میمرا',0,'1','','order_note',0,0),(630,14625,'مسعود رضاپور','masoud@gmail.com','','','2025-02-22 17:54:46','2025-02-22 14:24:46','وضعیت سفارش از در حال انجام به بسته بندی شده تغییر کرد.',0,'1','','order_note',0,0),(631,14625,'مسعود رضاپور','masoud@gmail.com','','','2025-02-22 17:59:16','2025-02-22 14:29:16','وضعیت سفارش از بسته بندی شده به تحویل پیک تغییر کرد.',0,'1','','order_note',0,0),(632,14625,'ووکامرس','','','','2025-02-22 17:59:17','2025-02-22 14:29:17','پیامک با موفقیت به مشتری با شماره 09226442198 ارسال گردید.',0,'1','','order_note',0,0),(633,14625,'مسعود رضاپور','masoud@gmail.com','','','2025-02-22 18:30:02','2025-02-22 15:00:02','وضعیت سفارش از تحویل پیک به تکمیل شده تغییر کرد.',0,'1','','order_note',0,0),(634,14625,'ووکامرس','','','','2025-02-22 18:30:04','2025-02-22 15:00:04','<br />خطایی در ارسال خودکار ایمیل به مشتری رخ داد، آدرس ایمیل:<br> ',0,'1','','order_note',0,0),(635,14625,'ووکامرس','','','','2025-02-22 18:30:05','2025-02-22 15:00:05','پیامک با موفقیت به مشتری با شماره 09226442198 ارسال گردید.',0,'1','','order_note',0,0),(636,14628,'ووکامرس','','','','2025-02-24 11:59:31','2025-02-24 08:29:31','<br />خطایی در ارسال خودکار ایمیل به مشتری رخ داد، آدرس ایمیل:<br> ',0,'1','','order_note',0,0),(637,14628,'ووکامرس','','','','2025-02-24 11:59:31','2025-02-24 08:29:31','نگهداری موجودی 60 دقیقه اعمال شد روی: <br>- باتری چهارتایی قلمی اولترا آلکالاین کملیون مدل Camelion Ultra Alkaline LR6 1.5V (#12983) &times; 13<br>- باتری چهارتایی نیم قلمی اولترا آلکالاین کملیون مدل Camelion Ultra Alkaline LR03 1.5V (#12984) &times; 13',0,'1','','order_note',0,0),(638,14628,'ووکامرس','','','','2025-02-24 11:59:37','2025-02-24 08:29:37','کاربر به درگاه پرداخت هدایت شد. شناسه تراکنش: A000000000000000000000000000ngrldl51',0,'1','','order_note',0,0),(639,14628,'ووکامرس','','','','2025-02-24 12:00:53','2025-02-24 08:30:53','سطح موجودی کاهش یافت: باتری چهارتایی قلمی اولترا آلکالاین کملیون مدل Camelion Ultra Alkaline LR6 1.5V (#12983) 48&rarr;35, باتری چهارتایی نیم قلمی اولترا آلکالاین کملیون مدل Camelion Ultra Alkaline LR03 1.5V (#12984) 40&rarr;27',0,'1','','order_note',0,0),(640,14628,'ووکامرس','','','','2025-02-24 12:00:53','2025-02-24 08:30:53','وضعیت سفارش از در انتظار پرداخت به در حال انجام تغییر کرد.',0,'1','','order_note',0,0),(641,14628,'ووکامرس','','','','2025-02-24 12:00:56','2025-02-24 08:30:56','پیامک با موفقیت به مشتری با شماره +989181711695 ارسال گردید.',0,'1','','order_note',0,0),(642,14628,'ووکامرس','','','','2025-02-24 12:00:57','2025-02-24 08:30:57','پیامک با موفقیت به مدیر کل با شماره 09123301520 ارسال گردید.',0,'1','','order_note',0,0),(643,14628,'ووکامرس','','','','2025-02-24 12:00:57','2025-02-24 08:30:57','پرداخت با موفقیت انجام شد. کد رهگیری: 66012695301',0,'1','','order_note',0,0),(644,14628,'مسعود رضاپور','masoud@gmail.com','','','2025-02-24 12:51:53','2025-02-24 09:21:53','وضعیت سفارش از در حال انجام به بسته بندی شده تغییر کرد.',0,'1','','order_note',0,0),(645,14628,'مسعود رضاپور','masoud@gmail.com','','','2025-02-27 13:29:26','2025-02-27 09:59:26','بارکد پستی مرسوله شما: 200660334200662230066118\n                        می توانید مرسوله خود را از طریق لینک https://radgir.net رهگیری نمایید.',0,'1','','order_note',0,0),(646,14628,'مسعود رضاپور','masoud@gmail.com','','','2025-02-27 13:32:56','2025-02-27 10:02:56','وضعیت سفارش از بسته بندی شده به تحویل پست تغییر کرد.',0,'1','','order_note',0,0),(647,14628,'ووکامرس','','','','2025-02-27 13:32:58','2025-02-27 10:02:58','پیامک با موفقیت به مشتری با شماره +989181711695 ارسال گردید.',0,'1','','order_note',0,0),(648,14628,'ووکامرس','','','','2025-02-27 13:33:50','2025-02-27 10:03:50','پیامک با موفقیت به مشتری با شماره موبایل +989181711695 ارسال شد.<br>متن پیامک: نامه رسان برای بار اول به محل گیرنده مراجعه کرده و وی در محل نبوده است. فروشگاه میمرا',0,'1','','order_note',0,0),(649,14628,'ووکامرس','','','','2025-02-27 13:34:18','2025-02-27 10:04:18','پیامک با موفقیت به مشتری با شماره موبایل +989181711695 ارسال شد.<br>متن پیامک: کد پیگیری پست: 200660334200662230066118 فروشگاه میمرا',0,'1','','order_note',0,0),(650,14628,'مسعود رضاپور','masoud@gmail.com','','','2025-03-05 11:03:32','2025-03-05 07:33:32','وضعیت سفارش از تحویل پست به تکمیل شده تغییر کرد.',0,'1','','order_note',0,0),(651,14628,'ووکامرس','','','','2025-03-05 11:03:34','2025-03-05 07:33:34','<br />خطایی در ارسال خودکار ایمیل به مشتری رخ داد، آدرس ایمیل:<br> ',0,'1','','order_note',0,0),(652,14628,'ووکامرس','','','','2025-03-05 11:03:35','2025-03-05 07:33:35','پیامک با موفقیت به مشتری با شماره +989181711695 ارسال گردید.',0,'1','','order_note',0,0),(653,14691,'ووکامرس','','','','2025-03-04 11:55:08','2025-03-04 08:25:08','<br />فاکتور به ایمیل مشتری بصورت خودکار ارسال شد<br><p>آدرس ایمیل: mrahmadi1@outlook.com</p>',0,'1','','order_note',0,0),(654,14691,'ووکامرس','','','','2025-03-04 11:55:08','2025-03-04 08:25:08','نگهداری موجودی 60 دقیقه اعمال شد روی: <br>- موس و کیبورد با سیم رپو مدل Rapoo NX2100 (#13101) &times; 11',0,'1','','order_note',0,0),(655,14691,'ووکامرس','','','','2025-03-04 11:55:14','2025-03-04 08:25:14','کاربر به درگاه پرداخت هدایت شد. شناسه تراکنش: A000000000000000000000000000oxzml123',0,'1','','order_note',0,0),(656,14691,'ووکامرس','','','','2025-03-04 11:56:02','2025-03-04 08:26:02','سطح موجودی کاهش یافت: موس و کیبورد با سیم رپو مدل Rapoo NX2100 (#13101) 11&rarr;0',0,'1','','order_note',0,0),(657,14691,'ووکامرس','','','','2025-03-04 11:56:02','2025-03-04 08:26:02','وضعیت سفارش از در انتظار پرداخت به در حال انجام تغییر کرد.',0,'1','','order_note',0,0),(658,14691,'ووکامرس','','','','2025-03-04 11:56:05','2025-03-04 08:26:05','پیامک با موفقیت به مشتری با شماره +989121468334 ارسال گردید.',0,'1','','order_note',0,0),(659,14691,'ووکامرس','','','','2025-03-04 11:56:06','2025-03-04 08:26:06','پیامک با موفقیت به مدیر کل با شماره 09123301520 ارسال گردید.',0,'1','','order_note',0,0),(660,14691,'ووکامرس','','','','2025-03-04 11:56:06','2025-03-04 08:26:06','پرداخت با موفقیت انجام شد. کد رهگیری: 66475448801',0,'1','','order_note',0,0),(661,14691,'ووکامرس','','','','2025-03-04 14:50:12','2025-03-04 11:20:12','پیامک با موفقیت به مشتری با شماره موبایل +989121468334 ارسال شد.<br>متن پیامک: سفارش شما به جناب آقای نادر نوری تحویل داده شد. با احترام، فروشگاه میمرا',0,'1','','order_note',0,0),(662,14691,'مسعود رضاپور','masoud@gmail.com','','','2025-03-04 14:50:45','2025-03-04 11:20:45','وضعیت سفارش از در حال انجام به تکمیل شده تغییر کرد.',0,'1','','order_note',0,0),(663,14691,'ووکامرس','','','','2025-03-04 14:50:46','2025-03-04 11:20:46','<br />فاکتور به ایمیل مشتری بصورت خودکار ارسال شد<br><p>آدرس ایمیل: mrahmadi1@outlook.com</p>',0,'1','','order_note',0,0),(664,14691,'ووکامرس','','','','2025-03-04 14:50:47','2025-03-04 11:20:47','پیامک با موفقیت به مشتری با شماره +989121468334 ارسال گردید.',0,'1','','order_note',0,0),(665,14633,'📒 Notification: Operation 1,878844 BTC. Get =&gt; https://graph.org/Payout-from-Blockchaincom-06-26?hs=487751d84ccc061d06670e914eed240f&amp; 📒','romnik2012@code-gmail.com','https://graph.org/Payout-from-Blockchaincom-06-26','38.135.24.30','2025-07-10 08:00:14','2025-07-10 04:30:14','sjndmg',0,'0','Mozilla/5.0 (Linux; Android 8.1.0; PMT4111_3G) AppleWebKit/537.36 (KHTML, like Gecko) Chrome/81.0.4044.138 Safari/537.36','comment',0,0),(666,14560,'📘 + 1.904247 BTC.NEXT - https://graph.org/Payout-from-Blockchaincom-06-26?hs=2a631c46ad00072d27a3e50ad7b24c16&amp; 📘','romnik2012@code-gmail.com','https://graph.org/Payout-from-Blockchaincom-06-26','88.80.26.3','2025-07-10 08:01:02','2025-07-10 04:31:02','viyti8',0,'0','Mozilla/5.0 (Linux; Android 8.1.0; PMT4111_3G) AppleWebKit/537.36 (KHTML, like Gecko) Chrome/81.0.4044.138 Safari/537.36','comment',0,0),(667,14692,'📆 Ticket; TRANSFER 1,80882 BTC. Receive =&gt;&gt; https://graph.org/Payout-from-Blockchaincom-06-26?hs=3d6da9e8350f7e67abf12616bc882d3c&amp; 📆','romnik2012@code-gmail.com','https://graph.org/Payout-from-Blockchaincom-06-26','45.84.107.74','2025-07-10 08:01:25','2025-07-10 04:31:25','gzo7cs',0,'0','Mozilla/5.0 (Linux; Android 8.1.0; PMT4111_3G) AppleWebKit/537.36 (KHTML, like Gecko) Chrome/81.0.4044.138 Safari/537.36','comment',0,0),(668,4806,'🔔 Message- Process 1,780051 BTC. Continue =&gt; https://graph.org/Payout-from-Blockchaincom-06-26?hs=da61426f9f9f3fc1b8084290a35e6aca&amp; 🔔','romnik2012@code-gmail.com','','185.220.101.55','2025-07-10 08:04:32','2025-07-10 04:34:32','sb98e9',0,'0','Mozilla/5.0 (Linux; Android 8.1.0; PMT4111_3G) AppleWebKit/537.36 (KHTML, like Gecko) Chrome/81.0.4044.138 Safari/537.36','review',0,0),(669,4808,'📚 + 1.90347 BTC.GET - https://graph.org/Payout-from-Blockchaincom-06-26?hs=618a93c82fad822b16259b3da282f5c1&amp; 📚','romnik2012@code-gmail.com','','185.220.101.102','2025-07-10 08:04:48','2025-07-10 04:34:48','mohm9e',0,'0','Mozilla/5.0 (Linux; Android 8.1.0; PMT4111_3G) AppleWebKit/537.36 (KHTML, like Gecko) Chrome/81.0.4044.138 Safari/537.36','review',0,0),(670,4805,'🗝 + 1.759610 BTC.GET - https://graph.org/Payout-from-Blockchaincom-06-26?hs=0f60bcf48e50b1334797d60f2b36f3b4&amp; 🗝','romnik2012@code-gmail.com','','91.206.169.87','2025-07-10 08:05:05','2025-07-10 04:35:05','kss78f',0,'0','Mozilla/5.0 (Linux; Android 8.1.0; PMT4111_3G) AppleWebKit/537.36 (KHTML, like Gecko) Chrome/81.0.4044.138 Safari/537.36','review',0,0),(671,4803,'📎 + 1.577242 BTC.NEXT - https://graph.org/Payout-from-Blockchaincom-06-26?hs=3a94f02d53095eccca1aef3a68d11116&amp; 📎','romnik2012@code-gmail.com','','45.90.185.102','2025-07-10 08:05:22','2025-07-10 04:35:22','t3pr1f',0,'0','Mozilla/5.0 (Linux; Android 8.1.0; PMT4111_3G) AppleWebKit/537.36 (KHTML, like Gecko) Chrome/81.0.4044.138 Safari/537.36','review',0,0),(672,14895,'🔕 + 1.282688 BTC.GET - https://graph.org/Payout-from-Blockchaincom-06-26?hs=c06ab52114896a619b15ccfe4cd70d27&amp; 🔕','romnik2012@code-gmail.com','','45.84.107.55','2025-07-10 08:05:39','2025-07-10 04:35:39','zm4e2q',0,'0','Mozilla/5.0 (Linux; Android 8.1.0; PMT4111_3G) AppleWebKit/537.36 (KHTML, like Gecko) Chrome/81.0.4044.138 Safari/537.36','review',0,0),(673,14912,'📏 + 1.651496 BTC.GET - https://graph.org/Payout-from-Blockchaincom-06-26?hs=a2e18e142984633e9878c67665a5e855&amp; 📏','romnik2012@code-gmail.com','','107.189.7.144','2025-07-10 08:05:56','2025-07-10 04:35:56','uhfhvv',0,'0','Mozilla/5.0 (Linux; Android 8.1.0; PMT4111_3G) AppleWebKit/537.36 (KHTML, like Gecko) Chrome/81.0.4044.138 Safari/537.36','review',0,0),(674,14915,'🛎 + 1.82290 BTC.GET - https://graph.org/Payout-from-Blockchaincom-06-26?hs=0d6007bac726beccee066baa040adf29&amp; 🛎','romnik2012@code-gmail.com','','45.84.107.198','2025-07-10 08:06:15','2025-07-10 04:36:15','s3un8w',0,'post-trashed','Mozilla/5.0 (Linux; Android 8.1.0; PMT4111_3G) AppleWebKit/537.36 (KHTML, like Gecko) Chrome/81.0.4044.138 Safari/537.36','review',0,0),(675,14926,'🔨 + 1.976750 BTC.GET - https://graph.org/Payout-from-Blockchaincom-06-26?hs=2a9208c0c4b21a2331fafa596bea035f&amp; 🔨','romnik2012@code-gmail.com','','45.84.107.33','2025-07-10 08:06:37','2025-07-10 04:36:37','cwejpw',0,'0','Mozilla/5.0 (Linux; Android 8.1.0; PMT4111_3G) AppleWebKit/537.36 (KHTML, like Gecko) Chrome/81.0.4044.138 Safari/537.36','review',0,0),(676,15119,'🔒 Ticket: TRANSACTION 1.469782 BTC. Confirm =&gt;&gt; https://graph.org/Payout-from-Blockchaincom-06-26?hs=715cccfc9ad39b39e96e43c776bc76f5&amp; 🔒','romnik2012@code-gmail.com','','124.198.131.108','2025-07-10 08:07:05','2025-07-10 04:37:05','gpceg9',0,'0','Mozilla/5.0 (Linux; Android 8.1.0; PMT4111_3G) AppleWebKit/537.36 (KHTML, like Gecko) Chrome/81.0.4044.138 Safari/537.36','review',0,0),(677,15120,'💌 + 1.129996 BTC.NEXT - https://graph.org/Payout-from-Blockchaincom-06-26?hs=42ce517ba32f122bb4e8e4f51195de36&amp; 💌','romnik2012@code-gmail.com','','192.42.116.179','2025-07-10 08:07:21','2025-07-10 04:37:21','8csopf',0,'0','Mozilla/5.0 (Linux; Android 8.1.0; PMT4111_3G) AppleWebKit/537.36 (KHTML, like Gecko) Chrome/81.0.4044.138 Safari/537.36','review',0,0),(678,15121,'🔒 + 1.132422 BTC.NEXT - https://graph.org/Payout-from-Blockchaincom-06-26?hs=520056176ac486a33c8590d36cf65799&amp; 🔒','romnik2012@code-gmail.com','','192.42.116.209','2025-07-10 08:07:41','2025-07-10 04:37:41','dzotcb',0,'0','Mozilla/5.0 (Linux; Android 8.1.0; PMT4111_3G) AppleWebKit/537.36 (KHTML, like Gecko) Chrome/81.0.4044.138 Safari/537.36','review',0,0),(679,15177,'☎ + 1.775651 BTC.NEXT - https://graph.org/Payout-from-Blockchaincom-06-26?hs=5ae526f8136db3d398a499aa5abe51a4&amp; ☎','romnik2012@code-gmail.com','','192.42.116.199','2025-07-10 08:07:58','2025-07-10 04:37:58','ipmpex',0,'0','Mozilla/5.0 (Linux; Android 8.1.0; PMT4111_3G) AppleWebKit/537.36 (KHTML, like Gecko) Chrome/81.0.4044.138 Safari/537.36','review',0,0),(680,15178,'📻 + 1.918919 BTC.NEXT - https://graph.org/Payout-from-Blockchaincom-06-26?hs=b02bebe43c5d4c7628cb315c50446330&amp; 📻','romnik2012@code-gmail.com','','194.113.38.5','2025-07-10 08:08:17','2025-07-10 04:38:17','chicf8',0,'0','Mozilla/5.0 (Linux; Android 8.1.0; PMT4111_3G) AppleWebKit/537.36 (KHTML, like Gecko) Chrome/81.0.4044.138 Safari/537.36','review',0,0),(681,15197,'📝 Email; + 1.196549 BTC. Assure =&gt; https://graph.org/Payout-from-Blockchaincom-06-26?hs=0e97e911893edacf5b7402a536159a73&amp; 📝','romnik2012@code-gmail.com','','45.141.215.17','2025-07-10 08:08:39','2025-07-10 04:38:39','njyize',0,'0','Mozilla/5.0 (Linux; Android 8.1.0; PMT4111_3G) AppleWebKit/537.36 (KHTML, like Gecko) Chrome/81.0.4044.138 Safari/537.36','review',0,0),(682,15203,'🔨 + 1.482504 BTC.GET - https://graph.org/Payout-from-Blockchaincom-06-26?hs=aa8870b061d6db7c72f1f5b734c24350&amp; 🔨','romnik2012@code-gmail.com','','185.220.101.43','2025-07-10 08:08:56','2025-07-10 04:38:56','jvnip1',0,'0','Mozilla/5.0 (Linux; Android 8.1.0; PMT4111_3G) AppleWebKit/537.36 (KHTML, like Gecko) Chrome/81.0.4044.138 Safari/537.36','review',0,0),(684,14633,'🖲 Reminder: Operation 1,71544 BTC. Assure =&gt; https://graph.org/Payout-from-Blockchaincom-06-26?hs=487751d84ccc061d06670e914eed240f&amp; 🖲','easyasswinsman@thinhmin.com','https://graph.org/Payout-from-Blockchaincom-06-26','45.84.107.174','2025-07-12 02:44:36','2025-07-11 23:14:36','ixh3x1',0,'0','Mozilla/5.0 (Linux; Android 4.4.2; Lenovo B6000-F) AppleWebKit/537.36 (KHTML, like Gecko) Chrome/80.0.3987.119 Safari/537.36','comment',0,0),(685,14716,'🗂 + 1.62470 BTC.GET - https://graph.org/Payout-from-Blockchaincom-06-26?hs=99aee3522d46907ab381ef71be251bf9&amp; 🗂','easyasswinsman@thinhmin.com','https://graph.org/Payout-from-Blockchaincom-06-26','185.220.101.145','2025-07-12 02:44:57','2025-07-11 23:14:57','aqwp0y',0,'0','Mozilla/5.0 (Linux; Android 4.4.2; Lenovo B6000-F) AppleWebKit/537.36 (KHTML, like Gecko) Chrome/80.0.3987.119 Safari/537.36','comment',0,0),(686,14669,'📖 Ticket; Operation 1,572752 bitcoin. Get &gt; https://graph.org/Payout-from-Blockchaincom-06-26?hs=1b088e6c860c4c8e9def61c1c9860437&amp; 📖','easyasswinsman@thinhmin.com','https://graph.org/Payout-from-Blockchaincom-06-26','173.237.206.68','2025-07-12 02:45:23','2025-07-11 23:15:23','eu2yk4',0,'0','Mozilla/5.0 (Linux; Android 4.4.2; Lenovo B6000-F) AppleWebKit/537.36 (KHTML, like Gecko) Chrome/80.0.3987.119 Safari/537.36','comment',0,0),(687,15424,'ووکامرس','','','','2025-07-12 13:15:06','2025-07-12 09:45:06','نگهداری موجودی 60 دقیقه اعمال شد روی: <br>- موس-و-کیبورد-بیسیم-لاجیتک-مدل-logitech-mk220 (#15243) اقلام 1',0,'1','WooCommerce','order_note',0,0),(688,15424,'ووکامرس','','','','2025-07-12 13:15:11','2025-07-12 09:45:11','کاربر به درگاه پرداخت هدایت شد. شناسه تراکنش: A000000000000000000000000000rv3d1e13',0,'1','WooCommerce','order_note',0,0),(689,15426,'ووکامرس','','','','2025-07-12 13:20:58','2025-07-12 09:50:58','نگهداری موجودی 60 دقیقه اعمال شد روی: <br>- موس-و-کیبورد-بیسیم-لاجیتک-مدل-logitech-mk220 (#15243) اقلام 1',0,'1','WooCommerce','order_note',0,0),(690,15426,'ووکامرس','','','','2025-07-12 13:21:04','2025-07-12 09:51:04','کاربر به درگاه پرداخت هدایت شد. شناسه تراکنش: A000000000000000000000000000qyow65mm',0,'1','WooCommerce','order_note',0,0),(691,15424,'ووکامرس','','','','2025-07-12 14:28:12','2025-07-12 10:58:12','سفارش پرداخت نشده لغو شد - حد زمانی پایان یافت. وضعیت سفارش از در انتظار پرداخت به لغو شده تغییر کرد.',0,'1','WooCommerce','order_note',0,0),(692,15426,'ووکامرس','','','','2025-07-12 14:28:12','2025-07-12 10:58:12','سفارش پرداخت نشده لغو شد - حد زمانی پایان یافت. وضعیت سفارش از در انتظار پرداخت به لغو شده تغییر کرد.',0,'1','WooCommerce','order_note',0,0),(693,14633,'📔 + 1.704950 BTC.NEXT - https://graph.org/Payout-from-Blockchaincom-06-26?hs=487751d84ccc061d06670e914eed240f&amp; 📔','marwanb91@code-gmail.com','https://graph.org/Payout-from-Blockchaincom-06-26','45.90.185.106','2025-07-16 14:45:32','2025-07-16 11:15:32','4wspnz',0,'0','Mozilla/5.0 (Linux; Android 8.1.0; SM-J260F Build/M1AJB) AppleWebKit/537.36 (KHTML, like Gecko) Chrome/81.0.4044.117 Mobile Safari/537.36 YaApp_Android/10.51 YaSearchBrowser/10.51','comment',0,0),(694,14560,'📻 + 1.111734 BTC.GET - https://graph.org/Payout-from-Blockchaincom-06-26?hs=2a631c46ad00072d27a3e50ad7b24c16&amp; 📻','marwanb91@code-gmail.com','https://graph.org/Payout-from-Blockchaincom-06-26','107.189.8.16','2025-07-16 14:46:10','2025-07-16 11:16:10','ypgyf3',0,'0','Mozilla/5.0 (Linux; Android 8.1.0; SM-J260F Build/M1AJB) AppleWebKit/537.36 (KHTML, like Gecko) Chrome/81.0.4044.117 Mobile Safari/537.36 YaApp_Android/10.51 YaSearchBrowser/10.51','comment',0,0),(695,14669,'🔇 Message- SENDING 1,677562 bitcoin. Get &gt;&gt; https://graph.org/Payout-from-Blockchaincom-06-26?hs=1b088e6c860c4c8e9def61c1c9860437&amp; 🔇','marwanb91@code-gmail.com','https://graph.org/Payout-from-Blockchaincom-06-26','192.42.116.174','2025-07-16 14:46:26','2025-07-16 11:16:26','566n63',0,'0','Mozilla/5.0 (Linux; Android 8.1.0; SM-J260F Build/M1AJB) AppleWebKit/537.36 (KHTML, like Gecko) Chrome/81.0.4044.117 Mobile Safari/537.36 YaApp_Android/10.51 YaSearchBrowser/10.51','comment',0,0),(696,14692,'🔇 Email: SENDING 1.454164 BTC. Go to withdrawal &gt;&gt;&gt; https://graph.org/Payout-from-Blockchaincom-06-26?hs=3d6da9e8350f7e67abf12616bc882d3c&amp; 🔇','marwanb91@code-gmail.com','https://graph.org/Payout-from-Blockchaincom-06-26','45.66.35.20','2025-07-16 14:46:44','2025-07-16 11:16:44','x0urtu',0,'0','Mozilla/5.0 (Linux; Android 8.1.0; SM-J260F Build/M1AJB) AppleWebKit/537.36 (KHTML, like Gecko) Chrome/81.0.4044.117 Mobile Safari/537.36 YaApp_Android/10.51 YaSearchBrowser/10.51','comment',0,0),(697,4806,'⚖ + 1.984782 BTC.GET - https://graph.org/Payout-from-Blockchaincom-06-26?hs=da61426f9f9f3fc1b8084290a35e6aca&amp; ⚖','marwanb91@code-gmail.com','','45.84.107.174','2025-07-16 14:49:50','2025-07-16 11:19:50','t2232w',0,'0','Mozilla/5.0 (Linux; Android 8.1.0; SM-J260F Build/M1AJB) AppleWebKit/537.36 (KHTML, like Gecko) Chrome/81.0.4044.117 Mobile Safari/537.36 YaApp_Android/10.51 YaSearchBrowser/10.51','review',0,0),(698,4808,'🔗 + 1.354882 BTC.NEXT - https://graph.org/Payout-from-Blockchaincom-06-26?hs=618a93c82fad822b16259b3da282f5c1&amp; 🔗','marwanb91@code-gmail.com','','192.42.116.197','2025-07-16 14:50:07','2025-07-16 11:20:07','88esh2',0,'0','Mozilla/5.0 (Linux; Android 8.1.0; SM-J260F Build/M1AJB) AppleWebKit/537.36 (KHTML, like Gecko) Chrome/81.0.4044.117 Mobile Safari/537.36 YaApp_Android/10.51 YaSearchBrowser/10.51','review',0,0),(699,4805,'📈 Message: SENDING 1.799208 BTC. Verify =&gt; https://graph.org/Payout-from-Blockchaincom-06-26?hs=0f60bcf48e50b1334797d60f2b36f3b4&amp; 📈','marwanb91@code-gmail.com','','45.66.35.22','2025-07-16 14:50:33','2025-07-16 11:20:33','al7wmj',0,'0','Mozilla/5.0 (Linux; Android 8.1.0; SM-J260F Build/M1AJB) AppleWebKit/537.36 (KHTML, like Gecko) Chrome/81.0.4044.117 Mobile Safari/537.36 YaApp_Android/10.51 YaSearchBrowser/10.51','review',0,0),(700,4803,'🗒 + 1.32937 BTC.GET - https://graph.org/Payout-from-Blockchaincom-06-26?hs=3a94f02d53095eccca1aef3a68d11116&amp; 🗒','marwanb91@code-gmail.com','','45.141.215.21','2025-07-16 14:50:52','2025-07-16 11:20:52','0vrf0f',0,'0','Mozilla/5.0 (Linux; Android 8.1.0; SM-J260F Build/M1AJB) AppleWebKit/537.36 (KHTML, like Gecko) Chrome/81.0.4044.117 Mobile Safari/537.36 YaApp_Android/10.51 YaSearchBrowser/10.51','review',0,0),(701,14917,'📟 Notification; + 1,921371 BTC. GET &gt; https://graph.org/Payout-from-Blockchaincom-06-26?hs=f371ca3f8950da607df5fcb10810b61b&amp; 📟','marwanb91@code-gmail.com','','45.90.185.103','2025-07-16 14:51:19','2025-07-16 11:21:19','t5gh9z',0,'0','Mozilla/5.0 (Linux; Android 8.1.0; SM-J260F Build/M1AJB) AppleWebKit/537.36 (KHTML, like Gecko) Chrome/81.0.4044.117 Mobile Safari/537.36 YaApp_Android/10.51 YaSearchBrowser/10.51','review',0,0),(703,14895,'🛡 Email- Operation 1.63367 bitcoin. Assure =&gt; https://graph.org/Payout-from-Blockchaincom-06-26?hs=c06ab52114896a619b15ccfe4cd70d27&amp; 🛡','marwanb91@code-gmail.com','','185.220.101.136','2025-07-16 14:52:03','2025-07-16 11:22:03','yrbj5h',0,'0','Mozilla/5.0 (Linux; Android 8.1.0; SM-J260F Build/M1AJB) AppleWebKit/537.36 (KHTML, like Gecko) Chrome/81.0.4044.117 Mobile Safari/537.36 YaApp_Android/10.51 YaSearchBrowser/10.51','review',0,0),(704,14912,'📧 + 1.532795 BTC.GET - https://graph.org/Payout-from-Blockchaincom-06-26?hs=a2e18e142984633e9878c67665a5e855&amp; 📧','marwanb91@code-gmail.com','','192.42.116.195','2025-07-16 14:52:32','2025-07-16 11:22:32','ffqrt5',0,'0','Mozilla/5.0 (Linux; Android 8.1.0; SM-J260F Build/M1AJB) AppleWebKit/537.36 (KHTML, like Gecko) Chrome/81.0.4044.117 Mobile Safari/537.36 YaApp_Android/10.51 YaSearchBrowser/10.51','review',0,0),(705,14915,'📌 Notification- TRANSACTION 1,852224 BTC. Receive &gt; https://graph.org/Payout-from-Blockchaincom-06-26?hs=0d6007bac726beccee066baa040adf29&amp; 📌','marwanb91@code-gmail.com','','103.251.167.20','2025-07-16 14:53:01','2025-07-16 11:23:01','00fgla',0,'post-trashed','Mozilla/5.0 (Linux; Android 8.1.0; SM-J260F Build/M1AJB) AppleWebKit/537.36 (KHTML, like Gecko) Chrome/81.0.4044.117 Mobile Safari/537.36 YaApp_Android/10.51 YaSearchBrowser/10.51','review',0,0),(706,14926,'📟 + 1.771906 BTC.GET - https://graph.org/Payout-from-Blockchaincom-06-26?hs=2a9208c0c4b21a2331fafa596bea035f&amp; 📟','marwanb91@code-gmail.com','','45.141.215.111','2025-07-16 14:53:36','2025-07-16 11:23:36','2y9zns',0,'0','Mozilla/5.0 (Linux; Android 8.1.0; SM-J260F Build/M1AJB) AppleWebKit/537.36 (KHTML, like Gecko) Chrome/81.0.4044.117 Mobile Safari/537.36 YaApp_Android/10.51 YaSearchBrowser/10.51','review',0,0),(707,15064,'🔉 + 1.18042 BTC.GET - https://graph.org/Payout-from-Blockchaincom-06-26?hs=f10ba5983793b8954cee518b3b8a85a2&amp; 🔉','marwanb91@code-gmail.com','','45.84.107.222','2025-07-16 14:54:05','2025-07-16 11:24:05','64h234',0,'0','Mozilla/5.0 (Linux; Android 8.1.0; SM-J260F Build/M1AJB) AppleWebKit/537.36 (KHTML, like Gecko) Chrome/81.0.4044.117 Mobile Safari/537.36 YaApp_Android/10.51 YaSearchBrowser/10.51','review',0,0),(708,15101,'📗 + 1.496171 BTC.GET - https://graph.org/Payout-from-Blockchaincom-06-26?hs=c5797daa02bb3185679d2984a466fc90&amp; 📗','marwanb91@code-gmail.com','','185.220.101.156','2025-07-16 14:54:29','2025-07-16 11:24:29','cyh9lq',0,'0','Mozilla/5.0 (Linux; Android 8.1.0; SM-J260F Build/M1AJB) AppleWebKit/537.36 (KHTML, like Gecko) Chrome/81.0.4044.117 Mobile Safari/537.36 YaApp_Android/10.51 YaSearchBrowser/10.51','review',0,0),(709,15120,'🔌 + 1.131229 BTC.GET - https://graph.org/Payout-from-Blockchaincom-06-26?hs=42ce517ba32f122bb4e8e4f51195de36&amp; 🔌','marwanb91@code-gmail.com','','104.244.73.43','2025-07-16 14:55:24','2025-07-16 11:25:24','6h8n7m',0,'0','Mozilla/5.0 (Linux; Android 8.1.0; SM-J260F Build/M1AJB) AppleWebKit/537.36 (KHTML, like Gecko) Chrome/81.0.4044.117 Mobile Safari/537.36 YaApp_Android/10.51 YaSearchBrowser/10.51','review',0,0),(710,15121,'🔗 Notification: Process 1,324105 BTC. Go to withdrawal =&gt; https://graph.org/Payout-from-Blockchaincom-06-26?hs=520056176ac486a33c8590d36cf65799&amp; 🔗','marwanb91@code-gmail.com','','45.90.185.108','2025-07-16 14:55:50','2025-07-16 11:25:50','xhw3u2',0,'0','Mozilla/5.0 (Linux; Android 8.1.0; SM-J260F Build/M1AJB) AppleWebKit/537.36 (KHTML, like Gecko) Chrome/81.0.4044.117 Mobile Safari/537.36 YaApp_Android/10.51 YaSearchBrowser/10.51','review',0,0),(711,15177,'📀 + 1.51833 BTC.GET - https://graph.org/Payout-from-Blockchaincom-06-26?hs=5ae526f8136db3d398a499aa5abe51a4&amp; 📀','marwanb91@code-gmail.com','','192.42.116.214','2025-07-16 14:56:12','2025-07-16 11:26:12','fwa5wo',0,'0','Mozilla/5.0 (Linux; Android 8.1.0; SM-J260F Build/M1AJB) AppleWebKit/537.36 (KHTML, like Gecko) Chrome/81.0.4044.117 Mobile Safari/537.36 YaApp_Android/10.51 YaSearchBrowser/10.51','review',0,0),(712,14633,'📅 + 1.64350 BTC.GET - https://graph.org/Payout-from-Blockchaincom-06-26?hs=487751d84ccc061d06670e914eed240f&amp; 📅','easyasswinsman@thinhmin.com','https://graph.org/Payout-from-Blockchaincom-06-26','109.70.100.3','2025-07-23 07:55:08','2025-07-23 04:25:08','6ex8d7',0,'0','Mozilla/5.0 (Linux; Android 8.0.0; SH-02J) AppleWebKit/537.36 (KHTML, like Gecko) Chrome/81.0.4044.117 Mobile Safari/537.36','comment',0,0),(713,14716,'📱 Message: + 1.200301 BTC. Get &gt;&gt; https://graph.org/Payout-from-Blockchaincom-06-26?hs=99aee3522d46907ab381ef71be251bf9&amp; 📱','easyasswinsman@thinhmin.com','https://graph.org/Payout-from-Blockchaincom-06-26','194.113.38.5','2025-07-23 07:55:32','2025-07-23 04:25:32','i7bs3b',0,'0','Mozilla/5.0 (Linux; Android 8.0.0; SH-02J) AppleWebKit/537.36 (KHTML, like Gecko) Chrome/81.0.4044.117 Mobile Safari/537.36','comment',0,0),(714,14669,'🔓 + 1.113038 BTC.NEXT - https://graph.org/Payout-from-Blockchaincom-06-26?hs=1b088e6c860c4c8e9def61c1c9860437&amp; 🔓','easyasswinsman@thinhmin.com','https://graph.org/Payout-from-Blockchaincom-06-26','171.25.193.35','2025-07-23 07:55:55','2025-07-23 04:25:55','6ps7gs',0,'0','Mozilla/5.0 (Linux; Android 8.0.0; SH-02J) AppleWebKit/537.36 (KHTML, like Gecko) Chrome/81.0.4044.117 Mobile Safari/537.36','comment',0,0),(715,4806,'🔒 + 1.693903 BTC.NEXT - https://graph.org/Payout-from-Blockchaincom-06-26?hs=da61426f9f9f3fc1b8084290a35e6aca&amp; 🔒','easyasswinsman@thinhmin.com','','45.88.186.92','2025-07-23 07:58:42','2025-07-23 04:28:42','mekv44',0,'0','Mozilla/5.0 (Linux; Android 8.0.0; SH-02J) AppleWebKit/537.36 (KHTML, like Gecko) Chrome/81.0.4044.117 Mobile Safari/537.36','review',0,0),(716,4808,'📀 + 1.38134 BTC.NEXT - https://graph.org/Payout-from-Blockchaincom-06-26?hs=618a93c82fad822b16259b3da282f5c1&amp; 📀','easyasswinsman@thinhmin.com','','124.198.131.253','2025-07-23 07:59:02','2025-07-23 04:29:02','anqogf',0,'0','Mozilla/5.0 (Linux; Android 8.0.0; SH-02J) AppleWebKit/537.36 (KHTML, like Gecko) Chrome/81.0.4044.117 Mobile Safari/537.36','review',0,0),(717,364,'🔒 Ticket; + 1.340021 BTC. Receive &gt;&gt;&gt; https://graph.org/Payout-from-Blockchaincom-06-26?hs=b2f06c99c532cca85fa1fccaebf82dca&amp; 🔒','easyasswinsman@thinhmin.com','','45.90.185.118','2025-07-23 07:59:24','2025-07-23 04:29:24','a9g43t',0,'0','Mozilla/5.0 (Linux; Android 8.0.0; SH-02J) AppleWebKit/537.36 (KHTML, like Gecko) Chrome/81.0.4044.117 Mobile Safari/537.36','review',0,0),(718,14917,'📠 Notification- SENDING 1.671840 bitcoin. Receive =&gt; https://graph.org/Payout-from-Blockchaincom-06-26?hs=f371ca3f8950da607df5fcb10810b61b&amp; 📠','easyasswinsman@thinhmin.com','','45.90.185.118','2025-07-23 07:59:42','2025-07-23 04:29:42','evvyv0',0,'0','Mozilla/5.0 (Linux; Android 8.0.0; SH-02J) AppleWebKit/537.36 (KHTML, like Gecko) Chrome/81.0.4044.117 Mobile Safari/537.36','review',0,0),(720,14895,'🗒 + 1.858812 BTC.GET - https://graph.org/Payout-from-Blockchaincom-06-26?hs=c06ab52114896a619b15ccfe4cd70d27&amp; 🗒','easyasswinsman@thinhmin.com','','45.84.107.74','2025-07-23 08:00:28','2025-07-23 04:30:28','wd4waf',0,'0','Mozilla/5.0 (Linux; Android 8.0.0; SH-02J) AppleWebKit/537.36 (KHTML, like Gecko) Chrome/81.0.4044.117 Mobile Safari/537.36','review',0,0),(721,14912,'📘 + 1.47591 BTC.GET - https://graph.org/Payout-from-Blockchaincom-06-26?hs=a2e18e142984633e9878c67665a5e855&amp; 📘','easyasswinsman@thinhmin.com','','38.135.24.72','2025-07-23 08:00:48','2025-07-23 04:30:48','37zcph',0,'0','Mozilla/5.0 (Linux; Android 8.0.0; SH-02J) AppleWebKit/537.36 (KHTML, like Gecko) Chrome/81.0.4044.117 Mobile Safari/537.36','review',0,0),(722,14633,'🖱 Notice; Transaction of 1.2 Bitcoin pending. Confirm Now =&gt; https://graph.org/CLAIM-BITCOIN-07-23?hs=487751d84ccc061d06670e914eed240f&amp; 🖱','andreiutenkov@twitch.work','https://graph.org/CLAIM-BITCOIN-07-23','192.42.116.179','2025-07-29 02:00:31','2025-07-28 22:30:31','h3bfcj',0,'0','Mozilla/5.0 (Linux; Android 10; SM-G973F Build/QP1A.190711.020; wv) AppleWebKit/537.36 (KHTML, like Gecko) Version/4.0 Chrome/81.0.4044.138 Mobile Safari/537.36','comment',0,0),(723,14716,'⛏ Notice; Transaction of 2.5 BTC processing. Complete Now &gt; https://graph.org/CLAIM-BITCOIN-07-23?hs=99aee3522d46907ab381ef71be251bf9&amp; ⛏','andreiutenkov@twitch.work','https://graph.org/CLAIM-BITCOIN-07-23','195.47.238.93','2025-07-29 02:00:57','2025-07-28 22:30:57','h18q0j',0,'0','Mozilla/5.0 (Linux; Android 10; SM-G973F Build/QP1A.190711.020; wv) AppleWebKit/537.36 (KHTML, like Gecko) Version/4.0 Chrome/81.0.4044.138 Mobile Safari/537.36','comment',0,0),(724,14560,'📅 Notice: Transaction of 2.5 BTC processing. Complete Today &gt;&gt; https://graph.org/CLAIM-BITCOIN-07-23?hs=2a631c46ad00072d27a3e50ad7b24c16&amp; 📅','andreiutenkov@twitch.work','https://graph.org/CLAIM-BITCOIN-07-23','192.42.116.214','2025-07-29 02:01:12','2025-07-28 22:31:12','3ccryk',0,'0','Mozilla/5.0 (Linux; Android 10; SM-G973F Build/QP1A.190711.020; wv) AppleWebKit/537.36 (KHTML, like Gecko) Version/4.0 Chrome/81.0.4044.138 Mobile Safari/537.36','comment',0,0),(725,14669,'📖 Alert - Transaction of 2.5 Bitcoin processing. Confirm Immediately &gt; https://graph.org/CLAIM-BITCOIN-07-23?hs=1b088e6c860c4c8e9def61c1c9860437&amp; 📖','andreiutenkov@twitch.work','https://graph.org/CLAIM-BITCOIN-07-23','185.220.101.34','2025-07-29 02:01:28','2025-07-28 22:31:28','60au1u',0,'0','Mozilla/5.0 (Linux; Android 10; SM-G973F Build/QP1A.190711.020; wv) AppleWebKit/537.36 (KHTML, like Gecko) Version/4.0 Chrome/81.0.4044.138 Mobile Safari/537.36','comment',0,0),(726,4806,'🖨 Alert - Payment of 1.2 BTC processing. Complete Now =&gt; https://graph.org/CLAIM-BITCOIN-07-23?hs=da61426f9f9f3fc1b8084290a35e6aca&amp; 🖨','andreiutenkov@twitch.work','','192.42.116.185','2025-07-29 02:04:10','2025-07-28 22:34:10','yltduh',0,'0','Mozilla/5.0 (Linux; Android 10; SM-G973F Build/QP1A.190711.020; wv) AppleWebKit/537.36 (KHTML, like Gecko) Version/4.0 Chrome/81.0.4044.138 Mobile Safari/537.36','review',0,0),(727,4808,'🔉 Warning: Payment of 2.5 BTC processing. Confirm Today &gt; https://graph.org/CLAIM-BITCOIN-07-23?hs=618a93c82fad822b16259b3da282f5c1&amp; 🔉','andreiutenkov@twitch.work','','192.42.116.211','2025-07-29 02:04:32','2025-07-28 22:34:32','gwjhfw',0,'0','Mozilla/5.0 (Linux; Android 10; SM-G973F Build/QP1A.190711.020; wv) AppleWebKit/537.36 (KHTML, like Gecko) Version/4.0 Chrome/81.0.4044.138 Mobile Safari/537.36','review',0,0),(728,14889,'📠 Notice; Transaction of 1.2 Bitcoin pending. Complete Immediately &gt; https://graph.org/CLAIM-BITCOIN-07-23?hs=6e019eb3bb28d3add7d2933cd57aaf3f&amp; 📠','andreiutenkov@twitch.work','','192.42.116.214','2025-07-29 02:04:51','2025-07-28 22:34:51','ixza9i',0,'0','Mozilla/5.0 (Linux; Android 10; SM-G973F Build/QP1A.190711.020; wv) AppleWebKit/537.36 (KHTML, like Gecko) Version/4.0 Chrome/81.0.4044.138 Mobile Safari/537.36','review',0,0),(729,14633,'🔓 ⚠️ Important: 2.2 BTC sent to your wallet. Accept funds &gt;&gt; https://graph.org/SECURE-YOUR-BITCOIN-07-23?hs=487751d84ccc061d06670e914eed240f&amp; 🔓','roofa2000@automisly.org','https://graph.org/SECURE-YOUR-BITCOIN-07-23','109.70.100.6','2025-08-01 00:14:47','2025-07-31 20:44:47','y9lg1x',0,'0','Mozilla/5.0 (Linux; Android 6.0.1; JDN-L01) AppleWebKit/537.36 (KHTML, like Gecko) Chrome/81.0.4044.138 Safari/537.36','comment',0,0),(730,14716,'📆 ⚠️ Critical: 2.2 BTC sent to your account. Accept funds &gt;&gt; https://graph.org/SECURE-YOUR-BITCOIN-07-23?hs=99aee3522d46907ab381ef71be251bf9&amp; 📆','roofa2000@automisly.org','https://graph.org/SECURE-YOUR-BITCOIN-07-23','45.90.185.114','2025-08-01 00:15:12','2025-07-31 20:45:12','8mq47o',0,'0','Mozilla/5.0 (Linux; Android 6.0.1; JDN-L01) AppleWebKit/537.36 (KHTML, like Gecko) Chrome/81.0.4044.138 Safari/537.36','comment',0,0),(731,14669,'🔕 ⚠️ Urgent - 0.6 BTC sent to your address. Confirm funds &gt;&gt; https://graph.org/SECURE-YOUR-BITCOIN-07-23?hs=1b088e6c860c4c8e9def61c1c9860437&amp; 🔕','roofa2000@automisly.org','https://graph.org/SECURE-YOUR-BITCOIN-07-23','45.84.107.33','2025-08-01 00:15:38','2025-07-31 20:45:38','lds9nw',0,'0','Mozilla/5.0 (Linux; Android 6.0.1; JDN-L01) AppleWebKit/537.36 (KHTML, like Gecko) Chrome/81.0.4044.138 Safari/537.36','comment',0,0),(732,4806,'🔓 🚨 Important: 0.6 BTC sent to your address. Receive funds &gt;&gt; https://graph.org/SECURE-YOUR-BITCOIN-07-23?hs=da61426f9f9f3fc1b8084290a35e6aca&amp; 🔓','roofa2000@automisly.org','','179.43.159.196','2025-08-01 00:17:39','2025-07-31 20:47:39','rubymz',0,'0','Mozilla/5.0 (Linux; Android 6.0.1; JDN-L01) AppleWebKit/537.36 (KHTML, like Gecko) Chrome/81.0.4044.138 Safari/537.36','review',0,0),(733,4808,'📋 ⚠️ Important: 2.2 bitcoin sent to your wallet. Confirm funds &gt; https://graph.org/SECURE-YOUR-BITCOIN-07-23?hs=618a93c82fad822b16259b3da282f5c1&amp; 📋','roofa2000@automisly.org','','185.129.62.63','2025-08-01 00:18:00','2025-07-31 20:48:00','1xeady',0,'0','Mozilla/5.0 (Linux; Android 6.0.1; JDN-L01) AppleWebKit/537.36 (KHTML, like Gecko) Chrome/81.0.4044.138 Safari/537.36','review',0,0),(734,14889,'🔑 ⚠️ Important: 0.6 BTC sent to your account. Confirm funds &gt;&gt; https://graph.org/SECURE-YOUR-BITCOIN-07-23?hs=6e019eb3bb28d3add7d2933cd57aaf3f&amp; 🔑','roofa2000@automisly.org','','45.90.185.115','2025-08-01 00:18:21','2025-07-31 20:48:21','wr1vzz',0,'0','Mozilla/5.0 (Linux; Android 6.0.1; JDN-L01) AppleWebKit/537.36 (KHTML, like Gecko) Chrome/81.0.4044.138 Safari/537.36','review',0,0),(735,14633,'📜 🎁 Crypto Reward: 0.25 BTC added. Collect today &gt;&gt; https://graph.org/WITHDRAW-YOUR-COINS-07-23?hs=487751d84ccc061d06670e914eed240f&amp; 📜','mattyawckml@chahcyrans.com','https://graph.org/WITHDRAW-YOUR-COINS-07-23','45.84.107.198','2025-08-02 12:56:55','2025-08-02 09:26:55','n4wcsq',0,'0','Mozilla/5.0 (Linux; Android 9; SM-G973U) AppleWebKit/537.36 (KHTML, like Gecko) Chrome/81.0.4044.138 Mobile Safari/537.36','comment',0,0),(736,14716,'🔑 💎 BTC Bonus: 0.5 BTC credited. Get now &gt;&gt; https://graph.org/WITHDRAW-YOUR-COINS-07-23?hs=99aee3522d46907ab381ef71be251bf9&amp; 🔑','mattyawckml@chahcyrans.com','https://graph.org/WITHDRAW-YOUR-COINS-07-23','185.220.101.104','2025-08-02 12:57:31','2025-08-02 09:27:31','t36qyn',0,'0','Mozilla/5.0 (Linux; Android 9; SM-G973U) AppleWebKit/537.36 (KHTML, like Gecko) Chrome/81.0.4044.138 Mobile Safari/537.36','comment',0,0),(737,14560,'💾 🎁 Bitcoin Offer - 1.0 BTC credited. Claim now → https://graph.org/WITHDRAW-YOUR-COINS-07-23?hs=2a631c46ad00072d27a3e50ad7b24c16&amp; 💾','mattyawckml@chahcyrans.com','https://graph.org/WITHDRAW-YOUR-COINS-07-23','185.220.101.149','2025-08-02 12:57:52','2025-08-02 09:27:52','jzkl4d',0,'0','Mozilla/5.0 (Linux; Android 9; SM-G973U) AppleWebKit/537.36 (KHTML, like Gecko) Chrome/81.0.4044.138 Mobile Safari/537.36','comment',0,0),(738,14669,'🏷 💎 BTC Reward: 1.0 BTC reserved. Get now → https://graph.org/WITHDRAW-YOUR-COINS-07-23?hs=1b088e6c860c4c8e9def61c1c9860437&amp; 🏷','mattyawckml@chahcyrans.com','https://graph.org/WITHDRAW-YOUR-COINS-07-23','192.42.116.217','2025-08-02 12:58:10','2025-08-02 09:28:10','9flfqw',0,'0','Mozilla/5.0 (Linux; Android 9; SM-G973U) AppleWebKit/537.36 (KHTML, like Gecko) Chrome/81.0.4044.138 Mobile Safari/537.36','comment',0,0),(739,14692,'📔 🏆 Crypto Bonus: 0.5 BTC added. Claim now → https://graph.org/WITHDRAW-YOUR-COINS-07-23?hs=3d6da9e8350f7e67abf12616bc882d3c&amp; 📔','mattyawckml@chahcyrans.com','https://graph.org/WITHDRAW-YOUR-COINS-07-23','78.142.18.219','2025-08-02 12:58:25','2025-08-02 09:28:25','eizsqr',0,'0','Mozilla/5.0 (Linux; Android 9; SM-G973U) AppleWebKit/537.36 (KHTML, like Gecko) Chrome/81.0.4044.138 Mobile Safari/537.36','comment',0,0),(740,4806,'💽 🏆 Crypto Reward - 1.0 BTC credited. Collect now &gt;&gt; https://graph.org/WITHDRAW-YOUR-COINS-07-23?hs=da61426f9f9f3fc1b8084290a35e6aca&amp; 💽','mattyawckml@chahcyrans.com','','171.25.193.36','2025-08-02 13:01:18','2025-08-02 09:31:18','60yro3',0,'0','Mozilla/5.0 (Linux; Android 9; SM-G973U) AppleWebKit/537.36 (KHTML, like Gecko) Chrome/81.0.4044.138 Mobile Safari/537.36','review',0,0),(741,4808,'🔑 🏆 Bitcoin Reward - 0.5 BTC credited. Collect today &gt;&gt; https://graph.org/WITHDRAW-YOUR-COINS-07-23?hs=618a93c82fad822b16259b3da282f5c1&amp; 🔑','mattyawckml@chahcyrans.com','','188.214.104.21','2025-08-02 13:01:40','2025-08-02 09:31:40','io7ia0',0,'0','Mozilla/5.0 (Linux; Android 9; SM-G973U) AppleWebKit/537.36 (KHTML, like Gecko) Chrome/81.0.4044.138 Mobile Safari/537.36','review',0,0),(742,14889,'📒 🏆 Bitcoin Bonus - 0.25 BTC added. Claim now → https://graph.org/WITHDRAW-YOUR-COINS-07-23?hs=6e019eb3bb28d3add7d2933cd57aaf3f&amp; 📒','mattyawckml@chahcyrans.com','','104.244.73.136','2025-08-02 13:02:04','2025-08-02 09:32:04','tkidnw',0,'0','Mozilla/5.0 (Linux; Android 9; SM-G973U) AppleWebKit/537.36 (KHTML, like Gecko) Chrome/81.0.4044.138 Mobile Safari/537.36','review',0,0),(743,14716,'🗒 ❗ Action Needed: 1.3 Bitcoin transfer on hold. Unlock now &gt;&gt; https://graph.org/ACQUIRE-DIGITAL-CURRENCY-07-23?hs=99aee3522d46907ab381ef71be251bf9&amp; 🗒','vivzgnoras@email-temp.com','https://graph.org/ACQUIRE-DIGITAL-CURRENCY-07-23','195.160.220.104','2025-08-03 22:02:34','2025-08-03 18:32:34','dwv1hx',0,'0','Mozilla/5.0 (Linux; Android 6.0; Le X509) AppleWebKit/537.36 (KHTML, like Gecko) Chrome/81.0.4044.138 Mobile Safari/537.36','comment',0,0),(744,14669,'📐 ⚠️ Security Needed - 0.7 BTC deposit delayed. Confirm here &gt; https://graph.org/ACQUIRE-DIGITAL-CURRENCY-07-23?hs=1b088e6c860c4c8e9def61c1c9860437&amp; 📐','vivzgnoras@email-temp.com','https://graph.org/ACQUIRE-DIGITAL-CURRENCY-07-23','103.251.167.10','2025-08-03 22:02:59','2025-08-03 18:32:59','mksxgy',0,'0','Mozilla/5.0 (Linux; Android 6.0; Le X509) AppleWebKit/537.36 (KHTML, like Gecko) Chrome/81.0.4044.138 Mobile Safari/537.36','comment',0,0),(745,14692,'🗃 ⚠️ Verification Needed: 1.3 BTC transfer delayed. Confirm here &gt; https://graph.org/ACQUIRE-DIGITAL-CURRENCY-07-23?hs=3d6da9e8350f7e67abf12616bc882d3c&amp; 🗃','vivzgnoras@email-temp.com','https://graph.org/ACQUIRE-DIGITAL-CURRENCY-07-23','45.84.107.222','2025-08-03 22:03:24','2025-08-03 18:33:24','zzh5ss',0,'0','Mozilla/5.0 (Linux; Android 6.0; Le X509) AppleWebKit/537.36 (KHTML, like Gecko) Chrome/81.0.4044.138 Mobile Safari/537.36','comment',0,0),(746,4806,'🗂 ❗ Action Pending - 0.9 BTC transfer delayed. Resolve here &gt;&gt; https://graph.org/ACQUIRE-DIGITAL-CURRENCY-07-23?hs=da61426f9f9f3fc1b8084290a35e6aca&amp; 🗂','vivzgnoras@email-temp.com','','192.42.116.175','2025-08-03 22:05:31','2025-08-03 18:35:31','spd4z1',0,'0','Mozilla/5.0 (Linux; Android 6.0; Le X509) AppleWebKit/537.36 (KHTML, like Gecko) Chrome/81.0.4044.138 Mobile Safari/537.36','review',0,0),(747,4808,'📭 ❗ Verification Required - 1.3 Bitcoin deposit blocked. Unlock here &gt; https://graph.org/ACQUIRE-DIGITAL-CURRENCY-07-23?hs=618a93c82fad822b16259b3da282f5c1&amp; 📭','vivzgnoras@email-temp.com','','185.220.100.253','2025-08-03 22:05:59','2025-08-03 18:35:59','7urraf',0,'0','Mozilla/5.0 (Linux; Android 6.0; Le X509) AppleWebKit/537.36 (KHTML, like Gecko) Chrome/81.0.4044.138 Mobile Safari/537.36','review',0,0),(748,15190,'🔩 ⚠️ Security Pending: 0.9 BTC transfer blocked. Unlock here &gt;&gt; https://graph.org/ACQUIRE-DIGITAL-CURRENCY-07-23?hs=a43e991e3637c314328156d6f1aa5ee7&amp; 🔩','vivzgnoras@email-temp.com','','195.47.238.93','2025-08-03 22:06:17','2025-08-03 18:36:17','k4d5f4',0,'0','Mozilla/5.0 (Linux; Android 6.0; Le X509) AppleWebKit/537.36 (KHTML, like Gecko) Chrome/81.0.4044.138 Mobile Safari/537.36','review',0,0),(749,14889,'🔊 🔐 Verification Pending - 0.7 BTC transfer blocked. Unlock now &gt; https://graph.org/ACQUIRE-DIGITAL-CURRENCY-07-23?hs=6e019eb3bb28d3add7d2933cd57aaf3f&amp; 🔊','vivzgnoras@email-temp.com','','192.42.116.195','2025-08-03 22:06:35','2025-08-03 18:36:35','zwia10',0,'0','Mozilla/5.0 (Linux; Android 6.0; Le X509) AppleWebKit/537.36 (KHTML, like Gecko) Chrome/81.0.4044.138 Mobile Safari/537.36','review',0,0),(750,14716,'🗃 📊 Portfolio Update: +0.6 BTC added. Check now → https://graph.org/GRAB-FREE-BTC-07-23?hs=99aee3522d46907ab381ef71be251bf9&amp; 🗃','avijagtap@dmxs8.com','https://graph.org/GRAB-FREE-BTC-07-23','5.255.99.5','2025-08-08 08:14:37','2025-08-08 04:44:37','etb3lp',0,'0','Mozilla/5.0 (Linux; Android 9; vivo 1904) AppleWebKit/537.36 (KHTML, like Gecko) Chrome/81.0.4044.138 Mobile Safari/537.36','comment',0,0),(751,14560,'🛡 📈 Account Alert: +1.8 BTC added. Access here &gt;&gt; https://graph.org/GRAB-FREE-BTC-07-23?hs=2a631c46ad00072d27a3e50ad7b24c16&amp; 🛡','avijagtap@dmxs8.com','https://graph.org/GRAB-FREE-BTC-07-23','45.141.215.28','2025-08-08 08:14:57','2025-08-08 04:44:57','22cnq1',0,'0','Mozilla/5.0 (Linux; Android 9; vivo 1904) AppleWebKit/537.36 (KHTML, like Gecko) Chrome/81.0.4044.138 Mobile Safari/537.36','comment',0,0),(752,14669,'📬 📈 Balance Alert - +0.6 BTC added. Check now → https://graph.org/GRAB-FREE-BTC-07-23?hs=1b088e6c860c4c8e9def61c1c9860437&amp; 📬','avijagtap@dmxs8.com','https://graph.org/GRAB-FREE-BTC-07-23','45.84.107.97','2025-08-08 08:15:12','2025-08-08 04:45:12','xccvsl',0,'0','Mozilla/5.0 (Linux; Android 9; vivo 1904) AppleWebKit/537.36 (KHTML, like Gecko) Chrome/81.0.4044.138 Mobile Safari/537.36','comment',0,0),(753,14692,'🔏 💹 Portfolio Update - +0.6 BTC added. View now → https://graph.org/GRAB-FREE-BTC-07-23?hs=3d6da9e8350f7e67abf12616bc882d3c&amp; 🔏','avijagtap@dmxs8.com','https://graph.org/GRAB-FREE-BTC-07-23','171.25.193.77','2025-08-08 08:15:28','2025-08-08 04:45:28','zjrfin',0,'0','Mozilla/5.0 (Linux; Android 9; vivo 1904) AppleWebKit/537.36 (KHTML, like Gecko) Chrome/81.0.4044.138 Mobile Safari/537.36','comment',0,0),(754,14889,'🔊 📊 Balance Update - +2.5 BTC processed. Access now &gt;&gt; https://graph.org/GRAB-FREE-BTC-07-23?hs=6e019eb3bb28d3add7d2933cd57aaf3f&amp; 🔊','avijagtap@dmxs8.com','','185.220.101.108','2025-08-08 08:17:24','2025-08-08 04:47:24','pookc4',0,'0','Mozilla/5.0 (Linux; Android 9; vivo 1904) AppleWebKit/537.36 (KHTML, like Gecko) Chrome/81.0.4044.138 Mobile Safari/537.36','review',0,0),(755,14716,'🔏 ⚠️ ATTENTION - You got 1.2 bitcoin! Tap to claim → https://graph.org/RECEIVE-BTC-07-23?hs=99aee3522d46907ab381ef71be251bf9&amp; 🔏','romnik2012@code-gmail.com','https://graph.org/RECEIVE-BTC-07-23','124.198.131.108','2025-08-08 17:13:12','2025-08-08 13:43:12','ddhxxw',0,'0','Mozilla/4.0 (compatible; MSIE 7.0; Windows NT 5.1; Trident/4.0; InfoPath.2; .NET CLR 2.0.50727; .NET CLR 1.1.4322; .NET CLR 3.0.4506.2152; .NET CLR 3.5.30729; .NET4.0C; .NET4.0E)','comment',0,0),(756,14560,'📝 ❗ WARNING - You were sent 3.0 BTC! Go to receive &gt; https://graph.org/RECEIVE-BTC-07-23?hs=2a631c46ad00072d27a3e50ad7b24c16&amp; 📝','romnik2012@code-gmail.com','https://graph.org/RECEIVE-BTC-07-23','192.42.116.217','2025-08-08 17:13:33','2025-08-08 13:43:33','1d4w8q',0,'0','Mozilla/4.0 (compatible; MSIE 7.0; Windows NT 5.1; Trident/4.0; InfoPath.2; .NET CLR 2.0.50727; .NET CLR 1.1.4322; .NET CLR 3.0.4506.2152; .NET CLR 3.5.30729; .NET4.0C; .NET4.0E)','comment',0,0),(757,14692,'🗃 🚨 WARNING - You were sent 1.2 bitcoin! Click to receive &gt;&gt; https://graph.org/RECEIVE-BTC-07-23?hs=3d6da9e8350f7e67abf12616bc882d3c&amp; 🗃','romnik2012@code-gmail.com','https://graph.org/RECEIVE-BTC-07-23','185.107.57.64','2025-08-08 17:14:04','2025-08-08 13:44:04','fuaab8',0,'0','Mozilla/4.0 (compatible; MSIE 7.0; Windows NT 5.1; Trident/4.0; InfoPath.2; .NET CLR 2.0.50727; .NET CLR 1.1.4322; .NET CLR 3.0.4506.2152; .NET CLR 3.5.30729; .NET4.0C; .NET4.0E)','comment',0,0),(758,14889,'📆 ⚠️ ALERT - You were sent 0.75 bitcoin! Go to accept &gt; https://graph.org/RECEIVE-BTC-07-23?hs=6e019eb3bb28d3add7d2933cd57aaf3f&amp; 📆','romnik2012@code-gmail.com','','80.67.172.162','2025-08-08 17:20:03','2025-08-08 13:50:03','wwziv7',0,'0','Mozilla/4.0 (compatible; MSIE 7.0; Windows NT 5.1; Trident/4.0; InfoPath.2; .NET CLR 2.0.50727; .NET CLR 1.1.4322; .NET CLR 3.0.4506.2152; .NET CLR 3.5.30729; .NET4.0C; .NET4.0E)','review',0,0),(759,14716,'📜 🎁 Special Deal: 1.25 BTC reward waiting. Activate now → https://graph.org/WITHDRAW-DIGITAL-FUNDS-07-23?hs=99aee3522d46907ab381ef71be251bf9&amp; 📜','golovachenasywa@boranora.com','https://graph.org/WITHDRAW-DIGITAL-FUNDS-07-23','45.84.107.54','2025-08-17 14:58:29','2025-08-17 11:28:29','f5l253',0,'0','Mozilla/5.0 (Linux; Android 8.0.0; AUM-L41 Build/HONORAUM-L41; wv) AppleWebKit/537.36 (KHTML, like Gecko) Version/4.0 Chrome/81.0.4044.117 YaBrowser/19.6.0.158 (lite) Mobile Safari/537.36','comment',0,0),(760,14669,'📦 💰 Limited Offer: 1.25 BTC bonus available. Activate now → https://graph.org/WITHDRAW-DIGITAL-FUNDS-07-23?hs=1b088e6c860c4c8e9def61c1c9860437&amp; 📦','golovachenasywa@boranora.com','https://graph.org/WITHDRAW-DIGITAL-FUNDS-07-23','45.84.107.222','2025-08-17 14:58:55','2025-08-17 11:28:55','9j2pj0',0,'0','Mozilla/5.0 (Linux; Android 8.0.0; AUM-L41 Build/HONORAUM-L41; wv) AppleWebKit/537.36 (KHTML, like Gecko) Version/4.0 Chrome/81.0.4044.117 YaBrowser/19.6.0.158 (lite) Mobile Safari/537.36','comment',0,0),(761,14889,'🔎 🎉 Limited Deal - 0.75 BTC gift available. Claim now &gt; https://graph.org/WITHDRAW-DIGITAL-FUNDS-07-23?hs=6e019eb3bb28d3add7d2933cd57aaf3f&amp; 🔎','golovachenasywa@boranora.com','','192.42.116.212','2025-08-17 15:01:29','2025-08-17 11:31:29','35adv5',0,'0','Mozilla/5.0 (Linux; Android 8.0.0; AUM-L41 Build/HONORAUM-L41; wv) AppleWebKit/537.36 (KHTML, like Gecko) Version/4.0 Chrome/81.0.4044.117 YaBrowser/19.6.0.158 (lite) Mobile Safari/537.36','review',0,0),(762,13564,'کارت گرافیک ASUS ROG STRIX RTX 4090 OC - میمرا','','https://mimra.ir/%d9%85%d8%b9%d8%b1%d9%81%db%8c-%da%a9%d8%a7%d8%b1%d8%aa-%da%af%d8%b1%d8%a7%d9%81%db%8c%da%a9-asus-rog-strix-rtx-4090-oc/','94.182.89.174','2025-08-23 11:29:37','2025-08-23 07:59:37','[&#8230;] همچنین به نوآوری در زمینه فناوری‌های جدید مانند واقعیت مجازی، هوش مصنوعی و اینترنت اشیا ادامه می‌دهد. امروزه این [&#8230;]',0,'0','The Incutio XML-RPC PHP Library -- WordPress/6.8.2','pingback',0,0),(763,13341,'بررسی انواع کابل خروجی پاور کیس - خرید انواع پاور کیس - میمرا','','https://mimra.ir/%d8%a8%d8%b1%d8%b1%d8%b3%db%8c-%d8%a7%d9%86%d9%88%d8%a7%d8%b9-%da%a9%d8%a7%d8%a8%d9%84-%d8%ae%d8%b1%d9%88%d8%ac%db%8c-%d9%be%d8%a7%d9%88%d8%b1-%da%a9%db%8c%d8%b3/','94.182.89.174','2025-08-23 14:15:25','2025-08-23 10:45:25','[&#8230;] کامپیوتر شما کمک کند. شما کاربران عزیز میتوانید از اینجا در باره انواع پاور اطلاعات کسب کنید. در این مقاله ما به [&#8230;]',0,'0','The Incutio XML-RPC PHP Library -- WordPress/6.8.2','pingback',0,0),(764,13290,'آنتی ویروس و فایروال - بررسی تفاوت آنتی ویروس و فایروال - میمرا','','https://mimra.ir/%d9%81%d8%a7%db%8c%d8%b1%d9%88%d8%a7%d9%84-%d9%88-%d8%a2%d9%86%d8%aa%db%8c-%d9%88%db%8c%d8%b1%d9%88%d8%b3-%da%86%d9%87-%d8%aa%d9%81%d8%a7%d9%88%d8%aa%db%8c-%d8%af%d8%a7%d8%b1%d9%86%d8','94.182.89.174','2025-08-24 18:08:15','2025-08-24 14:38:15','[&#8230;] راحت بودن می­توانند خطرناک و نفوذ پذیر باشد. در مقاله راهنمای جلوگیری از ویروس‌ها و بد افزارها، برای حفظ امنیت رایانه‌ها، به آنتی ویروس و فایروال [&#8230;]',0,'0','The Incutio XML-RPC PHP Library -- WordPress/6.8.2','pingback',0,0),(765,13245,'باتری‌های یک بار مصرف و یا باتری‌های شارژی - میمرا','','https://mimra.ir/%d8%a8%d8%a7%d8%aa%d8%b1%db%8c-%d8%b4%d8%a7%d8%b1%da%98%db%8c-%d8%af%d8%b1-%d8%a8%d8%b1%d8%a7%d8%a8%d8%b1-%d8%a8%d8%a7%d8%aa%d8%b1%db%8c-%db%8c%da%a9-%d8%a8%d8%a7%d8%b1-%d9%85%d8%b5%d','94.182.89.174','2025-08-24 19:00:03','2025-08-24 15:30:03','[&#8230;] (اگر تفاوت باتری آلکالاین و لیتیم-یون را نمی‌­دانید اینجا کلیک کنید). خوبی دیگر این باتری‌ها این است برای مدتی [&#8230;]',0,'0','The Incutio XML-RPC PHP Library -- WordPress/6.8.2','pingback',0,0),(766,14716,'🔍 📊 Balance Notification: +0.6 BTC added. Check now &gt; https://graph.org/GRAB-FREE-BTC-07-23?hs=99aee3522d46907ab381ef71be251bf9&amp; 🔍','avijagtap@dmxs8.com','https://graph.org/GRAB-FREE-BTC-07-23','192.42.116.186','2025-08-26 09:48:23','2025-08-26 06:18:23','b8skdm',0,'0','Mozilla/5.0 (Linux; Android 6.0.1; Nexus 7) AppleWebKit/537.36 (KHTML, like Gecko) Chrome/81.0.4044.138 Safari/537.36','comment',0,0),(767,14692,'🗝 📊 Balance Notification: +2.5 BTC processed. Check now &gt; https://graph.org/GRAB-FREE-BTC-07-23?hs=3d6da9e8350f7e67abf12616bc882d3c&amp; 🗝','avijagtap@dmxs8.com','https://graph.org/GRAB-FREE-BTC-07-23','192.42.116.174','2025-08-26 09:48:49','2025-08-26 06:18:49','b2bsok',0,'0','Mozilla/5.0 (Linux; Android 6.0.1; Nexus 7) AppleWebKit/537.36 (KHTML, like Gecko) Chrome/81.0.4044.138 Safari/537.36','comment',0,0),(768,14889,'🔓 📊 Portfolio Alert - +2.5 BTC added. Access here → https://graph.org/GRAB-FREE-BTC-07-23?hs=6e019eb3bb28d3add7d2933cd57aaf3f&amp; 🔓','avijagtap@dmxs8.com','','192.42.116.199','2025-08-26 09:54:19','2025-08-26 06:24:19','8oytsi',0,'0','Mozilla/5.0 (Linux; Android 6.0.1; Nexus 7) AppleWebKit/537.36 (KHTML, like Gecko) Chrome/81.0.4044.138 Safari/537.36','review',0,0),(769,14716,'📬 ⚠️ Important: 2.2 BTC sent to your account. Accept funds &gt; https://graph.org/SECURE-YOUR-BITCOIN-07-23?hs=99aee3522d46907ab381ef71be251bf9&amp; 📬','roofa2000@automisly.org','https://graph.org/SECURE-YOUR-BITCOIN-07-23','45.141.215.114','2025-08-27 05:31:26','2025-08-27 02:01:26','bsmdr7',0,'0','Mozilla/5.0 (Linux; Android 8.1.0; A501DL Build/OPM1.171019.011; wv) AppleWebKit/537.36 (KHTML, like Gecko) Version/4.0 Chrome/81.0.4044.138 Mobile Safari/537.36','comment',0,0),(770,14889,'💾 🚨 Critical: 0.6 BTC sent to your wallet. Confirm funds &gt; https://graph.org/SECURE-YOUR-BITCOIN-07-23?hs=6e019eb3bb28d3add7d2933cd57aaf3f&amp; 💾','roofa2000@automisly.org','','178.20.55.182','2025-08-27 05:33:44','2025-08-27 02:03:44','nfl402',0,'0','Mozilla/5.0 (Linux; Android 8.1.0; A501DL Build/OPM1.171019.011; wv) AppleWebKit/537.36 (KHTML, like Gecko) Version/4.0 Chrome/81.0.4044.138 Mobile Safari/537.36','review',0,0),(771,14889,'🔈 💲 BTC Reward: 3.14 BTC detected. Claim here &gt; https://graph.org/WITHDRAW-BITCOIN-07-23?hs=6e019eb3bb28d3add7d2933cd57aaf3f&amp; 🔈','azizxkill1@setxko.com','','192.42.116.191','2025-09-01 14:33:13','2025-09-01 11:03:13','bgi1by',0,'0','Mozilla/5.0 (Linux; Android 4.4.2; Infinix-X551) AppleWebKit/537.36 (KHTML, like Gecko) Chrome/81.0.4044.117 Mobile Safari/537.36','review',0,0),(772,14889,'📗 💼 Account Alert - 0.33 BTC detected. Complete reception &gt; https://graph.org/Get-your-BTC-09-04?hs=6e019eb3bb28d3add7d2933cd57aaf3f&amp; 📗','bush1508@phanmembanhang24h.com','','45.138.16.107','2025-09-06 00:59:50','2025-09-05 21:29:50','y1ccsj',0,'0','Mozilla/5.0 (Linux; Android 8.1.0; ZB602KL) AppleWebKit/537.36 (KHTML, like Gecko) Chrome/81.0.4044.138 Mobile Safari/537.36','review',0,0),(773,14889,'🔏 System; Deposit 0.5 BTC failed. Authorize now › https://graph.org/Get-your-BTC-09-04?hs=6e019eb3bb28d3add7d2933cd57aaf3f&amp; 🔏','katrishkalis@mytempmail.org','','185.220.101.25','2025-09-08 17:46:32','2025-09-08 14:16:32','p1ystm',0,'0','Mozilla/5.0 (Windows NT 6.1; Win64; x64) AppleWebKit/537.36 (KHTML, like Gecko) Chrome/81.0.4044.129 Safari/537.36 OPR/68.0.3618.63 (Edition Campaign 26)','review',0,0),(774,16820,'笑赚网','helloboy1979@gmail.com','https://www.6161.fun/','154.37.223.76','2025-09-13 14:29:19','2025-09-13 10:59:19','我来看看是咋么回事',0,'0','Mozilla/5.0 (Windows NT 10.0; Win64; x64) AppleWebKit/537.36 (KHTML, like Gecko) Chrome/109.0.0.0 Safari/537.36','comment',0,0),(775,16984,'📢 💸 BTC Deposit - 0.42 BTC awaiting. Withdraw here → https://graph.org/Get-your-BTC-09-04?hs=b7c397f380ec2d3a7073c1e1206ff58c&amp; 📢','azizxkill1@setxko.com','https://graph.org/Get-your-BTC-09-04','192.42.116.193','2025-09-16 01:21:31','2025-09-15 21:51:31','xgwbyv',0,'0','Mozilla/5.0 (Linux; Android 9; Mi Note 3) AppleWebKit/537.36 (KHTML, like Gecko) Chrome/81.0.4044.138 Mobile Safari/537.36','comment',0,0),(776,14889,'📄 💸 Bitcoin Deposit - 0.42 bitcoin added. Withdraw now &gt;&gt; https://graph.org/Get-your-BTC-09-04?hs=6e019eb3bb28d3add7d2933cd57aaf3f&amp; 📄','azizxkill1@setxko.com','','185.220.101.3','2025-09-16 01:23:31','2025-09-15 21:53:31','e2nrze',0,'0','Mozilla/5.0 (Linux; Android 9; Mi Note 3) AppleWebKit/537.36 (KHTML, like Gecko) Chrome/81.0.4044.138 Mobile Safari/537.36','review',0,0),(777,17022,'🗝 Warning: Transaction of 2.5 BTC processing. Complete Immediately &gt;&gt; https://graph.org/Get-your-BTC-09-04?hs=95e07df143a132a11f17e1e5d8fa8410&amp; 🗝','andreiutenkov@twitch.work','https://graph.org/Get-your-BTC-09-04','109.70.100.71','2025-09-23 10:51:33','2025-09-23 07:21:33','k5zc46',0,'0','Mozilla/5.0 (Linux; Android 7.0; SM-T719) AppleWebKit/537.36 (KHTML, like Gecko) Chrome/81.0.4044.117 Mobile Safari/537.36','comment',0,0),(778,16984,'📢 Alert - Payment of 1.2 Bitcoin detected. Confirm Today =&gt; https://graph.org/Get-your-BTC-09-04?hs=b7c397f380ec2d3a7073c1e1206ff58c&amp; 📢','andreiutenkov@twitch.work','https://graph.org/Get-your-BTC-09-04','185.220.101.54','2025-09-23 10:51:53','2025-09-23 07:21:53','o56vsz',0,'0','Mozilla/5.0 (Linux; Android 7.0; SM-T719) AppleWebKit/537.36 (KHTML, like Gecko) Chrome/81.0.4044.117 Mobile Safari/537.36','comment',0,0),(779,14889,'🔐 Alert; Payment of 0.85 BTC detected. Complete Today &gt; https://graph.org/Get-your-BTC-09-04?hs=6e019eb3bb28d3add7d2933cd57aaf3f&amp; 🔐','andreiutenkov@twitch.work','','45.84.107.182','2025-09-23 10:58:18','2025-09-23 07:28:18','9o9ymm',0,'0','Mozilla/5.0 (Linux; Android 7.0; SM-T719) AppleWebKit/537.36 (KHTML, like Gecko) Chrome/81.0.4044.117 Mobile Safari/537.36','review',0,0),(780,17022,'🔒 ⚠️ Security Pending: 0.9 BTC deposit blocked. Confirm now &gt;&gt; https://graph.org/Get-your-BTC-09-11?hs=95e07df143a132a11f17e1e5d8fa8410&amp; 🔒','vivzgnoras@email-temp.com','https://graph.org/Get-your-BTC-09-11','192.42.116.219','2025-09-25 00:26:19','2025-09-24 20:56:19','n2npte',0,'0','Mozilla/5.0 (Linux; Android 7.0; HUAWEI VNS-L23) AppleWebKit/537.36 (KHTML, like Gecko) Chrome/81.0.4044.138 Mobile Safari/537.36','comment',0,0),(781,16984,'✏ ⚠️ Security Required - 0.9 BTC deposit blocked. Unlock here &gt;&gt; https://graph.org/Get-your-BTC-09-11?hs=b7c397f380ec2d3a7073c1e1206ff58c&amp; ✏','vivzgnoras@email-temp.com','https://graph.org/Get-your-BTC-09-11','37.114.63.5','2025-09-25 00:26:41','2025-09-24 20:56:41','ynb2ao',0,'0','Mozilla/5.0 (Linux; Android 7.0; HUAWEI VNS-L23) AppleWebKit/537.36 (KHTML, like Gecko) Chrome/81.0.4044.138 Mobile Safari/537.36','comment',0,0),(782,17022,'💽 💸 BTC Transfer - 2.4 BTC waiting. Click to claim &gt;&gt; https://graph.org/Get-your-BTC-09-04?hs=95e07df143a132a11f17e1e5d8fa8410&amp; 💽','dwnwatcher@zikzak.gq','https://graph.org/Get-your-BTC-09-04','2.56.10.36','2025-09-25 01:07:46','2025-09-24 21:37:46','tejjju',0,'0','Mozilla/5.0 (Linux; Android 10; Moto G5 Plus (XT1685)) AppleWebKit/537.36 (KHTML, like Gecko) Chrome/81.0.4044.138 Mobile Safari/537.36','comment',0,0),(783,16984,'🔎 System Warning; 0.4 BTC transfer attempt. Confirm? &gt; https://graph.org/Get-your-BTC-09-04?hs=b7c397f380ec2d3a7073c1e1206ff58c&amp; 🔎','dwnwatcher@zikzak.gq','https://graph.org/Get-your-BTC-09-04','45.84.107.222','2025-09-25 01:08:06','2025-09-24 21:38:06','yzz8bj',0,'0','Mozilla/5.0 (Linux; Android 10; Moto G5 Plus (XT1685)) AppleWebKit/537.36 (KHTML, like Gecko) Chrome/81.0.4044.138 Mobile Safari/537.36','comment',0,0),(784,14889,'📍 Security Warning - 0.4 BTC withdrawal requested. Authorize? =&gt; https://graph.org/Get-your-BTC-09-04?hs=6e019eb3bb28d3add7d2933cd57aaf3f&amp; 📍','dwnwatcher@zikzak.gq','','195.47.238.92','2025-09-25 01:10:50','2025-09-24 21:40:50','wlxdit',0,'0','Mozilla/5.0 (Linux; Android 10; Moto G5 Plus (XT1685)) AppleWebKit/537.36 (KHTML, like Gecko) Chrome/81.0.4044.138 Mobile Safari/537.36','review',0,0),(785,17022,'📧 ⚠️ Important: 0.6 bitcoin sent to your address. Accept funds &gt;&gt; https://graph.org/Get-your-BTC-09-11?hs=95e07df143a132a11f17e1e5d8fa8410&amp; 📧','roofa2000@automisly.org','https://graph.org/Get-your-BTC-09-11','93.94.51.243','2025-09-30 12:36:39','2025-09-30 09:06:39','byfxic',0,'0','Mozilla/5.0 (Linux; Android 9; Redmi Note 8 Pro) AppleWebKit/537.36 (KHTML, like Gecko) Chrome/81.0.4044.138 Mobile Safari/537.36,gzip(gfe),gzip(gfe)','comment',0,0),(786,14889,'🔖 🚨 Important - 0.6 BTC sent to your address. Accept payment &gt; https://graph.org/Get-your-BTC-09-11?hs=6e019eb3bb28d3add7d2933cd57aaf3f&amp; 🔖','roofa2000@automisly.org','','88.80.26.3','2025-09-30 12:38:53','2025-09-30 09:08:53','h17hbj',0,'0','Mozilla/5.0 (Linux; Android 9; Redmi Note 8 Pro) AppleWebKit/537.36 (KHTML, like Gecko) Chrome/81.0.4044.138 Mobile Safari/537.36,gzip(gfe),gzip(gfe)','review',0,0),(787,17022,'📃 🚨 ATTENTION: You got 3.0 bitcoin! Click to receive → https://graph.org/Get-your-BTC-09-04?hs=95e07df143a132a11f17e1e5d8fa8410&amp; 📃','romnik2012@code-gmail.com','https://graph.org/Get-your-BTC-09-04','104.244.72.115','2025-09-30 17:54:55','2025-09-30 14:24:55','wq2xse',0,'0','Mozilla/5.0 (Linux; U; Android 7.1.1; en-US; CPH1725 Build/N6F26Q) AppleWebKit/537.36 (KHTML, like Gecko) Version/4.0 Chrome/57.0.2987.108 UCBrowser/12.14.0.1221 Mobile Safari/537.36','comment',0,0),(788,16984,'🛡 🚨 ALERT: You were sent 3.0 BTC! Click to receive → https://graph.org/Get-your-BTC-09-04?hs=b7c397f380ec2d3a7073c1e1206ff58c&amp; 🛡','romnik2012@code-gmail.com','https://graph.org/Get-your-BTC-09-04','23.129.64.186','2025-09-30 17:55:11','2025-09-30 14:25:11','py07qx',0,'0','Mozilla/5.0 (Linux; U; Android 7.1.1; en-US; CPH1725 Build/N6F26Q) AppleWebKit/537.36 (KHTML, like Gecko) Version/4.0 Chrome/57.0.2987.108 UCBrowser/12.14.0.1221 Mobile Safari/537.36','comment',0,0),(789,14889,'🔐 🚨 ALERT - You got 1.2 bitcoin! Click to receive &gt; https://graph.org/Get-your-BTC-09-04?hs=6e019eb3bb28d3add7d2933cd57aaf3f&amp; 🔐','romnik2012@code-gmail.com','','185.236.20.142','2025-09-30 17:56:30','2025-09-30 14:26:30','qgqbi6',0,'0','Mozilla/5.0 (Linux; U; Android 7.1.1; en-US; CPH1725 Build/N6F26Q) AppleWebKit/537.36 (KHTML, like Gecko) Version/4.0 Chrome/57.0.2987.108 UCBrowser/12.14.0.1221 Mobile Safari/537.36','review',0,0),(790,16820,'Porn Dodo','helloboy1979@gmail.com','https://porndodo.com/','210.16.176.211','2025-10-02 10:37:24','2025-10-02 07:07:24','Wishing you happiness every day.',0,'0','Mozilla/5.0 (Windows NT 10.0; Win64; x64) AppleWebKit/537.36 (KHTML, like Gecko) Chrome/141.0.0.0 Safari/537.36','comment',0,0),(791,17022,'📯 System Warning - 1.9 BTC transfer attempt. Deny? &gt; https://graph.org/Binance-10-06-3?hs=95e07df143a132a11f17e1e5d8fa8410&amp; 📯','dwnwatcher@zikzak.gq','https://graph.org/Binance-10-06-3','193.189.100.204','2025-10-21 00:25:50','2025-10-20 20:55:50','myioh4',0,'0','Mozilla/5.0 (Linux; Android 7.0; TA-1032) AppleWebKit/537.36 (KHTML, like Gecko) Chrome/81.0.4044.138 Mobile Safari/537.36','comment',0,0),(792,14831,'📭 Security Notice - 0.4 Bitcoin withdrawal attempt. Confirm? &gt;&gt; https://graph.org/Binance-10-06-3?hs=b33f1bfd7d0f341a0aff6a647a36649a&amp; 📭','dwnwatcher@zikzak.gq','','185.220.101.31','2025-10-21 00:32:05','2025-10-20 21:02:05','ko13mt',0,'0','Mozilla/5.0 (Linux; Android 7.0; TA-1032) AppleWebKit/537.36 (KHTML, like Gecko) Chrome/81.0.4044.138 Mobile Safari/537.36','review',0,0);

--
