403Webshell
Server IP : 62.60.133.156  /  Your IP : 216.73.217.51
Web Server : LiteSpeed
System : Linux linux24.centraldnserver.com 4.18.0-553.141.2.lve.el8.x86_64 #1 SMP Wed Jul 8 16:10:02 UTC 2026 x86_64
User : mimradmin ( 1166)
PHP Version : 7.4.33
Disable Function : show_source, system, shell_exec, passthru, exec, popen, proc_open
MySQL : OFF |  cURL : ON |  WGET : ON |  Perl : ON |  Python : ON |  Sudo : OFF |  Pkexec : OFF
Directory :  /home/mimradmin/access-logs/

Upload File :
current_dir [ Writeable] document_root [ Writeable]

 

Command :


[ Back ]     

Current File : /home/mimradmin/access-logs/mimra.ir-ssl_log
157.55.39.202 - - [05/Aug/2026:18:28:54 +0330] "GET /shop/developpe-sex-2/ HTTP/2" 404 796 "-" "Mozilla/5.0 AppleWebKit/537.36 (KHTML, like Gecko; compatible; bingbot/2.0; +http://www.bing.com/bingbot.htm) Chrome/116.0.1938.76 Safari/537.36"
94.101.179.184 - - [05/Aug/2026:18:32:47 +0330] "GET / HTTP/1.1" 200 1363 "-" "Mozilla/5.0 (compatible; RTL-Uptime-Monitor/1.0; +https://monitor.rtl-theme.com)"
194.180.236.241 - - [05/Aug/2026:19:10:07 +0330] "GET /fk_Dj9xuTDO.php HTTP/1.1" 200 20 "https://mimra.ir/" "Mozilla/5.0 (Windows NT 10.0; Win64; x64) AppleWebKit/537.36 (KHTML, like Gecko) Chrome/126.0.0.0 Safari/537.36"
194.180.236.241 - - [05/Aug/2026:19:10:12 +0330] "GET /?SA HTTP/1.1" 200 1368 "https://mimra.ir/" "Mozilla/5.0 (Windows NT 10.0; Win64; x64) AppleWebKit/537.36 (KHTML, like Gecko) Chrome/126.0.0.0 Safari/537.36"
94.154.127.73 - - [05/Aug/2026:19:10:15 +0330] "GET /error_log HTTP/1.1" 403 787 "https://mimra.ir/" "Mozilla/5.0 (Windows NT 10.0; Win64; x64) AppleWebKit/537.36 (KHTML, like Gecko) Chrome/126.0.0.0 Safari/537.36"
162.252.52.201 - - [05/Aug/2026:19:10:19 +0330] "GET /wp-admin/ HTTP/1.1" 500 20 "https://mimra.ir/" "Mozilla/5.0 (Windows NT 10.0; Win64; x64) AppleWebKit/537.36 (KHTML, like Gecko) Chrome/126.0.0.0 Safari/537.36"
162.252.52.201 - - [05/Aug/2026:19:10:20 +0330] "GET /css_9vAIZcTW.php HTTP/1.1" 200 2698 "https://mimra.ir/" "Mozilla/5.0 (Windows NT 10.0; Win64; x64) AppleWebKit/537.36 (KHTML, like Gecko) Chrome/126.0.0.0 Safari/537.36"
162.252.52.201 - - [05/Aug/2026:19:10:23 +0330] "GET /wp-includes/ HTTP/1.1" 200 1120 "https://mimra.ir/" "Mozilla/5.0 (Windows NT 10.0; Win64; x64) AppleWebKit/537.36 (KHTML, like Gecko) Chrome/126.0.0.0 Safari/537.36"
66.249.74.75 - - [05/Aug/2026:19:14:20 +0330] "GET /litespeed.php?d=Ly9saWIvcnBt HTTP/1.1" 404 796 "-" "Mozilla/5.0 (Linux; Android 6.0.1; Nexus 5X Build/MMB29P) AppleWebKit/537.36 (KHTML, like Gecko) Chrome/150.0.7871.186 Mobile Safari/537.36 (compatible; Googlebot/2.1; +http://www.google.com/bot.html)"
66.249.74.75 - - [05/Aug/2026:19:18:27 +0330] "GET /product-category/computers-and-equipment/page/5/?max_price=1450000&per_page=18 HTTP/1.1" 404 796 "-" "Mozilla/5.0 (Linux; Android 6.0.1; Nexus 5X Build/MMB29P) AppleWebKit/537.36 (KHTML, like Gecko) Chrome/150.0.7871.186 Mobile Safari/537.36 (compatible; Googlebot/2.1; +http://www.google.com/bot.html)"
66.249.74.75 - - [05/Aug/2026:19:39:54 +0330] "GET /product-category/computers-and-equipment/page/12/?min_price=0&max_price=650000&per_row=4&per_page=24&shop_view=grid HTTP/1.1" 404 796 "-" "Mozilla/5.0 (Linux; Android 6.0.1; Nexus 5X Build/MMB29P) AppleWebKit/537.36 (KHTML, like Gecko) Chrome/150.0.7871.186 Mobile Safari/537.36 (compatible; Googlebot/2.1; +http://www.google.com/bot.html)"
66.249.74.75 - - [05/Aug/2026:19:48:34 +0330] "GET /wp-content/uploads/2024/08/%D8%A8%D8%B1%D8%B1%D8%B3%DB%8C-%D8%A7%D9%86%D9%88%D8%A7%D8%B9-%DA%A9%D8%A7%D8%A8%D9%84-%D8%AE%D8%B1%D9%88%D8%AC%DB%8C-%D9%BE%D8%A7%D9%88%D8%B1-%DA%A9%DB%8C%D8%B3.jpg HTTP/1.1" 200 120679 "-" "Googlebot-Image/1.0"
157.55.39.49 - - [05/Aug/2026:19:48:42 +0330] "GET /p=707369982 HTTP/2" 404 796 "-" "Mozilla/5.0 AppleWebKit/537.36 (KHTML, like Gecko; compatible; bingbot/2.0; +http://www.bing.com/bingbot.htm) Chrome/116.0.1938.76 Safari/537.36"
66.249.74.74 - - [05/Aug/2026:20:06:41 +0330] "GET /shop/page/6/?max_price=4675000&stock_status=instock&per_page=9&shop_view=grid&per_row=4 HTTP/1.1" 404 796 "-" "Mozilla/5.0 (Linux; Android 6.0.1; Nexus 5X Build/MMB29P) AppleWebKit/537.36 (KHTML, like Gecko) Chrome/150.0.7871.186 Mobile Safari/537.36 (compatible; Googlebot/2.1; +http://www.google.com/bot.html)"
66.249.74.74 - - [05/Aug/2026:20:16:40 +0330] "GET /product-category/computers-and-equipment/page/9/?min_price=0&max_price=725000&per_row=4&per_page=24&shop_view=grid HTTP/1.1" 404 796 "-" "Mozilla/5.0 (Linux; Android 6.0.1; Nexus 5X Build/MMB29P) AppleWebKit/537.36 (KHTML, like Gecko) Chrome/150.0.7871.186 Mobile Safari/537.36 (compatible; Googlebot/2.1; +http://www.google.com/bot.html)"
66.249.74.73 - - [05/Aug/2026:18:20:43 +0330] "GET /product-tag/%DA%86%D8%B1%D8%A7%D8%BA-%D9%82%D9%88%D9%87/ HTTP/1.1" 404 796 "-" "Mozilla/5.0 (Linux; Android 6.0.1; Nexus 5X Build/MMB29P) AppleWebKit/537.36 (KHTML, like Gecko) Chrome/150.0.7871.186 Mobile Safari/537.36 (compatible; Googlebot/2.1; +http://www.google.com/bot.html)"
66.249.74.74 - - [05/Aug/2026:18:33:33 +0330] "GET /wp-content/uploads/2025/06/SAMSUNG-970-EVO-Plus-NVMe-M.2-SSD-2TB-01.jpg HTTP/1.1" 200 27392 "-" "Googlebot-Image/1.0"
66.249.74.74 - - [05/Aug/2026:19:02:23 +0330] "GET /product-category/computers-and-equipment/page/10/?per_row=4&per_page=24&shop_view=grid HTTP/1.1" 404 796 "-" "Mozilla/5.0 (Linux; Android 6.0.1; Nexus 5X Build/MMB29P) AppleWebKit/537.36 (KHTML, like Gecko) Chrome/150.0.7871.186 Mobile Safari/537.36 (compatible; Googlebot/2.1; +http://www.google.com/bot.html)"
194.180.236.241 - - [05/Aug/2026:19:10:06 +0330] "GET /?ND HTTP/1.1" 200 1362 "https://mimra.ir/" "Mozilla/5.0 (Windows NT 10.0; Win64; x64) AppleWebKit/537.36 (KHTML, like Gecko) Chrome/126.0.0.0 Safari/537.36"
194.180.236.241 - - [05/Aug/2026:19:10:09 +0330] "GET /?MA HTTP/1.1" 200 1364 "https://mimra.ir/" "Mozilla/5.0 (Windows NT 10.0; Win64; x64) AppleWebKit/537.36 (KHTML, like Gecko) Chrome/126.0.0.0 Safari/537.36"
194.180.236.241 - - [05/Aug/2026:19:10:11 +0330] "GET /filefuns.php HTTP/1.1" 500 20 "https://mimra.ir/" "Mozilla/5.0 (Windows NT 10.0; Win64; x64) AppleWebKit/537.36 (KHTML, like Gecko) Chrome/126.0.0.0 Safari/537.36"
66.249.74.74 - - [05/Aug/2026:19:10:12 +0330] "GET /litespeed.php?d=L3Vzci9pbmNsdWRlL25ldGFzaA== HTTP/1.1" 404 796 "-" "Mozilla/5.0 (Linux; Android 6.0.1; Nexus 5X Build/MMB29P) AppleWebKit/537.36 (KHTML, like Gecko) Chrome/150.0.7871.186 Mobile Safari/537.36 (compatible; Googlebot/2.1; +http://www.google.com/bot.html)"
194.180.236.241 - - [05/Aug/2026:19:10:14 +0330] "GET /error_log HTTP/1.1" 403 787 "https://mimra.ir/" "Mozilla/5.0 (Windows NT 10.0; Win64; x64) AppleWebKit/537.36 (KHTML, like Gecko) Chrome/126.0.0.0 Safari/537.36"
31.134.11.55 - - [05/Aug/2026:19:10:18 +0330] "GET /error_log HTTP/1.1" 403 787 "https://mimra.ir/" "Mozilla/5.0 (Windows NT 10.0; Win64; x64) AppleWebKit/537.36 (KHTML, like Gecko) Chrome/126.0.0.0 Safari/537.36"
162.252.52.201 - - [05/Aug/2026:19:10:24 +0330] "GET /1405.04.08.zip HTTP/1.1" 200 22413312 "https://mimra.ir/" "Mozilla/5.0 (Windows NT 10.0; Win64; x64) AppleWebKit/537.36 (KHTML, like Gecko) Chrome/126.0.0.0 Safari/537.36"
94.101.179.184 - - [05/Aug/2026:19:20:57 +0330] "GET / HTTP/1.1" 200 1368 "-" "Mozilla/5.0 (compatible; RTL-Uptime-Monitor/1.0; +https://monitor.rtl-theme.com)"
66.249.74.73 - - [05/Aug/2026:19:29:14 +0330] "GET /robots.txt HTTP/1.1" 404 796 "-" "Mozilla/5.0 (compatible; Googlebot/2.1; +http://www.google.com/bot.html)"
66.249.74.73 - - [05/Aug/2026:19:39:54 +0330] "GET /robots.txt HTTP/1.1" 404 796 "-" "Mozilla/5.0 (compatible; Googlebot/2.1; +http://www.google.com/bot.html)"
173.44.62.226 - - [05/Aug/2026:19:49:12 +0330] "GET /feed/ HTTP/1.1" 404 796 "-" "Mozilla/5.0 (compatible; wp2shell-scanner/1.0)"
66.249.74.73 - - [05/Aug/2026:20:02:17 +0330] "GET /litespeed.php?d=L3Vzci9zaGFyZS9tYW4vbWFuMQ==&f=dXRtcGR1bXAuMS5neg== HTTP/1.1" 404 796 "-" "Mozilla/5.0 (Linux; Android 6.0.1; Nexus 5X Build/MMB29P) AppleWebKit/537.36 (KHTML, like Gecko) Chrome/150.0.7871.186 Mobile Safari/537.36 (compatible; Googlebot/2.1; +http://www.google.com/bot.html)"
66.249.74.74 - - [05/Aug/2026:20:12:21 +0330] "GET /litespeed.php?d=L3Vzci9iaW4=&f=bXY= HTTP/1.1" 404 796 "-" "Mozilla/5.0 (Linux; Android 6.0.1; Nexus 5X Build/MMB29P) AppleWebKit/537.36 (KHTML, like Gecko) Chrome/150.0.7871.186 Mobile Safari/537.36 (compatible; Googlebot/2.1; +http://www.google.com/bot.html)"
66.249.74.73 - - [05/Aug/2026:20:12:23 +0330] "GET /litespeed.php?d=L3Vzci9saWI2NC90azguNg== HTTP/1.1" 404 796 "-" "Mozilla/5.0 (Linux; Android 6.0.1; Nexus 5X Build/MMB29P) AppleWebKit/537.36 (KHTML, like Gecko) Chrome/150.0.7871.186 Mobile Safari/537.36 (compatible; Googlebot/2.1; +http://www.google.com/bot.html)"
66.249.74.74 - - [05/Aug/2026:18:12:23 +0330] "GET /product/%DA%A9%D8%A7%D8%B1%D8%AA-%DA%AF%D8%B1%D8%A7%D9%81%DB%8C%DA%A9-%D8%A7%D9%85-%D8%A7%D8%B3-%D8%A2%DB%8C-%D9%85%D8%AF%D9%84-msi-gaming-geforce-rtx-3060-12gb/ HTTP/1.1" 404 796 "-" "Mozilla/5.0 (Linux; Android 6.0.1; Nexus 5X Build/MMB29P) AppleWebKit/537.36 (KHTML, like Gecko) Chrome/150.0.7871.186 Mobile Safari/537.36 (compatible; Googlebot/2.1; +http://www.google.com/bot.html)"
66.249.74.74 - - [05/Aug/2026:18:58:12 +0330] "GET /product-category/computers-and-equipment/page/34/?max_price=1450000&per_row=2&per_page=9&shop_view=grid HTTP/1.1" 404 796 "-" "Mozilla/5.0 (Linux; Android 6.0.1; Nexus 5X Build/MMB29P) AppleWebKit/537.36 (KHTML, like Gecko) Chrome/150.0.7871.186 Mobile Safari/537.36 (compatible; Googlebot/2.1; +http://www.google.com/bot.html)"
194.180.236.241 - - [05/Aug/2026:19:10:04 +0330] "GET / HTTP/1.1" 200 1363 "-" "Mozilla/5.0 (Windows NT 10.0; Win64; x64) AppleWebKit/537.36 (KHTML, like Gecko) Chrome/126.0.0.0 Safari/537.36"
162.252.52.201 - - [05/Aug/2026:19:10:22 +0330] "GET /BDKR28WP.php HTTP/1.1" 200 20 "https://mimra.ir/" "Mozilla/5.0 (Windows NT 10.0; Win64; x64) AppleWebKit/537.36 (KHTML, like Gecko) Chrome/126.0.0.0 Safari/537.36"
66.249.74.73 - - [05/Aug/2026:19:29:13 +0330] "GET /product-category/computers-and-equipment/page/5/?min_price=0&max_price=725000&per_row=4&per_page=24&shop_view=grid HTTP/1.1" 404 796 "-" "Mozilla/5.0 (Linux; Android 6.0.1; Nexus 5X Build/MMB29P) AppleWebKit/537.36 (KHTML, like Gecko) Chrome/150.0.7871.186 Mobile Safari/537.36 (compatible; Googlebot/2.1; +http://www.google.com/bot.html)"
173.44.62.226 - - [05/Aug/2026:19:49:11 +0330] "GET / HTTP/1.1" 200 3930 "-" "Mozilla/5.0 (compatible; wp2shell-scanner/1.0)"
173.44.62.226 - - [05/Aug/2026:19:49:13 +0330] "POST /wp-json/batch/v1 HTTP/1.1" 404 796 "-" "Mozilla/5.0 (compatible; wp2shell-scanner/1.0)"
66.249.74.73 - - [05/Aug/2026:20:36:45 +0330] "GET /litespeed.php?d=L3Vzci9zaGFyZS9tYW4vbWFuMw==&f=QklPX2dldF9jb25uX3BvcnQuM3NzbC5neg== HTTP/1.1" 404 796 "-" "Mozilla/5.0 (Linux; Android 6.0.1; Nexus 5X Build/MMB29P) AppleWebKit/537.36 (KHTML, like Gecko) Chrome/150.0.7871.186 Mobile Safari/537.36 (compatible; Googlebot/2.1; +http://www.google.com/bot.html)"
66.249.74.73 - - [05/Aug/2026:20:46:40 +0330] "GET /litespeed.php?d=L2xpYjY0&f=bGlidGNsOC42LnNv HTTP/1.1" 404 796 "-" "Mozilla/5.0 (Linux; Android 6.0.1; Nexus 5X Build/MMB29P) AppleWebKit/537.36 (KHTML, like Gecko) Chrome/150.0.7871.186 Mobile Safari/537.36 (compatible; Googlebot/2.1; +http://www.google.com/bot.html)"
66.249.74.75 - - [05/Aug/2026:20:51:40 +0330] "GET /litespeed.php?d=L3Vzci9zaGFyZS9tYW4vbWFuMw==&f=RVZQX1BLRVlfQ1RYX3NldF9yc2Ffa2V5Z2VuX2JpdHMuM3NzbC5neg== HTTP/1.1" 404 796 "-" "Mozilla/5.0 (Linux; Android 6.0.1; Nexus 5X Build/MMB29P) AppleWebKit/537.36 (KHTML, like Gecko) Chrome/150.0.7871.186 Mobile Safari/537.36 (compatible; Googlebot/2.1; +http://www.google.com/bot.html)"
157.55.39.202 - - [05/Aug/2026:18:33:25 +0330] "GET /%E6%B3%95%E5%9C%8B%E7%B6%A0%E9%A8%8E%E5%A3%AB/15187.html HTTP/2" 404 796 "-" "Mozilla/5.0 AppleWebKit/537.36 (KHTML, like Gecko; compatible; bingbot/2.0; +http://www.bing.com/bingbot.htm) Chrome/116.0.1938.76 Safari/537.36"
66.249.74.74 - - [05/Aug/2026:18:41:33 +0330] "GET /product/%D9%85%D8%A7%D9%86%DB%8C%D8%AA%D9%88%D8%B1-%D8%A7%DB%8C%DA%A9%D8%B3-%D9%88%DB%8C%DA%98%D9%86-%D9%85%D8%AF%D9%84-xvision-xk2230h-22-inch-madiran-monitor/ HTTP/1.1" 404 796 "-" "Mozilla/5.0 (Linux; Android 6.0.1; Nexus 5X Build/MMB29P) AppleWebKit/537.36 (KHTML, like Gecko) Chrome/150.0.7871.186 Mobile Safari/537.36 (compatible; Googlebot/2.1; +http://www.google.com/bot.html)"
66.249.74.75 - - [05/Aug/2026:18:45:43 +0330] "GET /product-category/computers-and-equipment/page/6/?max_price=1450000&per_page=24 HTTP/1.1" 404 796 "-" "Mozilla/5.0 (Linux; Android 6.0.1; Nexus 5X Build/MMB29P) AppleWebKit/537.36 (KHTML, like Gecko) Chrome/150.0.7871.186 Mobile Safari/537.36 (compatible; Googlebot/2.1; +http://www.google.com/bot.html)"
212.87.218.224 - - [05/Aug/2026:19:10:17 +0330] "GET /error_log HTTP/1.1" 403 787 "https://mimra.ir/" "Mozilla/5.0 (Windows NT 10.0; Win64; x64) AppleWebKit/537.36 (KHTML, like Gecko) Chrome/126.0.0.0 Safari/537.36"
162.252.52.201 - - [05/Aug/2026:19:10:21 +0330] "GET /wp-content/ HTTP/1.1" 200 20 "https://mimra.ir/" "Mozilla/5.0 (Windows NT 10.0; Win64; x64) AppleWebKit/537.36 (KHTML, like Gecko) Chrome/126.0.0.0 Safari/537.36"
66.249.74.75 - - [05/Aug/2026:19:13:13 +0330] "GET /product-category/computers-and-equipment/page/4/ HTTP/1.1" 404 796 "-" "Mozilla/5.0 (Linux; Android 6.0.1; Nexus 5X Build/MMB29P) AppleWebKit/537.36 (KHTML, like Gecko) Chrome/150.0.7871.186 Mobile Safari/537.36 (compatible; Googlebot/2.1; +http://www.google.com/bot.html)"
66.249.74.73 - - [05/Aug/2026:19:13:14 +0330] "GET /litespeed.php?d=Ly9ob21lNg== HTTP/1.1" 404 796 "-" "Mozilla/5.0 (Linux; Android 6.0.1; Nexus 5X Build/MMB29P) AppleWebKit/537.36 (KHTML, like Gecko) Chrome/150.0.7871.186 Mobile Safari/537.36 (compatible; Googlebot/2.1; +http://www.google.com/bot.html)"
9.142.186.153 - - [05/Aug/2026:19:48:24 +0330] "GET /wp-content/uploads/2024/05/Untitled-3-58.jpg HTTP/1.1" 404 796 "-" "Mozilla/5.0 (compatible; crawler)"
173.44.62.226 - - [05/Aug/2026:19:49:14 +0330] "POST /?rest_route=/batch/v1 HTTP/1.1" 200 3930 "-" "Mozilla/5.0 (compatible; wp2shell-scanner/1.0)"
94.101.179.184 - - [05/Aug/2026:20:08:41 +0330] "GET / HTTP/1.1" 200 1368 "-" "Mozilla/5.0 (compatible; RTL-Uptime-Monitor/1.0; +https://monitor.rtl-theme.com)"
66.249.74.73 - - [05/Aug/2026:20:18:28 +0330] "GET /_autoindex/assets/icons/folder-fill.svg HTTP/1.1" 200 333 "https://mimra.ir/" "Mozilla/5.0 (Linux; Android 6.0.1; Nexus 5X Build/MMB29P) AppleWebKit/537.36 (KHTML, like Gecko) Chrome/150.0.7871.186 Mobile Safari/537.36 (compatible; Googlebot/2.1; +http://www.google.com/bot.html)"
66.249.74.73 - - [05/Aug/2026:20:26:43 +0330] "GET /litespeed.php?d=L3Vzci9zaGFyZS9tYW4vbWFuMw==&f=RVZQX1BLRVlfQ1RYX3NldF9yc2FfcHNzX3NhbHRsZW4uM3NzbC5neg== HTTP/1.1" 404 796 "-" "Mozilla/5.0 (Linux; Android 6.0.1; Nexus 5X Build/MMB29P) AppleWebKit/537.36 (KHTML, like Gecko) Chrome/150.0.7871.186 Mobile Safari/537.36 (compatible; Googlebot/2.1; +http://www.google.com/bot.html)"
4.209.236.20 - - [05/Aug/2026:20:53:55 +0330] "GET /p=820507017 HTTP/1.1" 404 796 "-" "Mozilla/5.0 (Windows NT 10.0; Win64; x64) AppleWebKit/537.36 (KHTML, like Gecko) Chrome/149.0.0.0 Safari/537.36 Edg/149.0.0.0"
66.249.74.74 - - [05/Aug/2026:20:18:28 +0330] "GET / HTTP/1.1" 200 1368 "-" "Mozilla/5.0 (Linux; Android 6.0.1; Nexus 5X Build/MMB29P) AppleWebKit/537.36 (KHTML, like Gecko) Chrome/99.0.4844.84 Mobile Safari/537.36 (compatible; Googlebot/2.1; +http://www.google.com/bot.html)"
66.249.74.74 - - [05/Aug/2026:20:21:40 +0330] "GET /product/%D9%85%D8%A7%D9%86%DB%8C%D8%AA%D9%88%D8%B1-%D8%A7%D9%84-%D8%AC%DB%8C-%D9%85%D8%AF%D9%84-lg-20mk400ab-19-5-inch-madiran-monitor/ HTTP/1.1" 404 796 "-" "Mozilla/5.0 (Linux; Android 6.0.1; Nexus 5X Build/MMB29P) AppleWebKit/537.36 (KHTML, like Gecko) Chrome/150.0.7871.186 Mobile Safari/537.36 (compatible; Googlebot/2.1; +http://www.google.com/bot.html)"
66.249.74.74 - - [05/Aug/2026:20:29:20 +0330] "GET /litespeed.php?d=L3Vzci9saWIvLmJ1aWxkLWlkLzYz HTTP/1.1" 404 796 "-" "Mozilla/5.0 (Linux; Android 6.0.1; Nexus 5X Build/MMB29P) AppleWebKit/537.36 (KHTML, like Gecko) Chrome/150.0.7871.186 Mobile Safari/537.36 (compatible; Googlebot/2.1; +http://www.google.com/bot.html)"
157.55.39.12 - - [05/Aug/2026:20:44:27 +0330] "GET /p=16469215 HTTP/2" 404 796 "-" "Mozilla/5.0 AppleWebKit/537.36 (KHTML, like Gecko; compatible; bingbot/2.0; +http://www.bing.com/bingbot.htm) Chrome/116.0.1938.76 Safari/537.36"
94.101.179.184 - - [05/Aug/2026:20:57:23 +0330] "GET / HTTP/1.1" 200 1368 "-" "Mozilla/5.0 (compatible; RTL-Uptime-Monitor/1.0; +https://monitor.rtl-theme.com)"
66.249.74.74 - - [05/Aug/2026:21:01:40 +0330] "GET /product-tag/%D8%AE%D9%85%DB%8C%D8%B1-%D8%B3%DB%8C%D9%84%DB%8C%DA%A9%D9%88%D9%86/ HTTP/1.1" 404 796 "-" "Mozilla/5.0 (Linux; Android 6.0.1; Nexus 5X Build/MMB29P) AppleWebKit/537.36 (KHTML, like Gecko) Chrome/150.0.7871.186 Mobile Safari/537.36 (compatible; Googlebot/2.1; +http://www.google.com/bot.html)"
66.249.74.73 - - [05/Aug/2026:20:18:19 +0330] "GET / HTTP/1.1" 200 1368 "-" "Mozilla/5.0 (compatible; Googlebot/2.1; +http://www.google.com/bot.html)"
66.249.74.74 - - [05/Aug/2026:20:18:29 +0330] "GET /_autoindex/assets/icons/folder-fill.svg HTTP/1.1" 200 333 "https://mimra.ir/" "Mozilla/5.0 AppleWebKit/537.36 (KHTML, like Gecko; compatible; Googlebot/2.1; +http://www.google.com/bot.html) Chrome/150.0.7871.186 Safari/537.36"
66.249.74.74 - - [05/Aug/2026:20:26:14 +0330] "GET /litespeed.php?d=L3Vzci9zaGFyZS9tYW4vbWFuMw==&f=eGNiX3JhbmRyX2dldF9wcm92aWRlcl9pbmZvX2Fzc29jaWF0ZWRfcHJvdmlkZXJzX2xlbmd0aC4zLmd6 HTTP/1.1" 404 796 "-" "Mozilla/5.0 (Linux; Android 6.0.1; Nexus 5X Build/MMB29P) AppleWebKit/537.36 (KHTML, like Gecko) Chrome/150.0.7871.186 Mobile Safari/537.36 (compatible; Googlebot/2.1; +http://www.google.com/bot.html)"
207.97.141.98 - - [05/Aug/2026:20:27:00 +0330] "GET /wp-content/uploads/2024/05/Untitled-2-39.jpg HTTP/1.1" 404 796 "-" "Mozilla/5.0 (compatible; crawler)"
66.249.74.74 - - [05/Aug/2026:20:31:40 +0330] "GET /litespeed.php?d=L2xpYjY0&f=bGlic3Muc28uMg== HTTP/1.1" 404 796 "-" "Mozilla/5.0 (Linux; Android 6.0.1; Nexus 5X Build/MMB29P) AppleWebKit/537.36 (KHTML, like Gecko) Chrome/150.0.7871.186 Mobile Safari/537.36 (compatible; Googlebot/2.1; +http://www.google.com/bot.html)"
54.36.150.170 - - [05/Aug/2026:20:38:17 +0330] "GET /robots.txt HTTP/1.1" 404 796 "-" "Mozilla/5.0 (compatible; HaloBot/1.0)"
54.36.150.170 - - [05/Aug/2026:20:38:18 +0330] "GET / HTTP/1.1" 200 1368 "-" "Mozilla/5.0 (compatible; HaloBot/1.0)"
66.249.74.73 - - [05/Aug/2026:20:41:40 +0330] "GET /litespeed.php?d=L2hvbWUvbWltcmFkbWluL3B1YmxpY19odG1sL3dwLWFkbWluL2pz&f=dGhlbWUuanM= HTTP/1.1" 404 796 "-" "Mozilla/5.0 (Linux; Android 6.0.1; Nexus 5X Build/MMB29P) AppleWebKit/537.36 (KHTML, like Gecko) Chrome/150.0.7871.186 Mobile Safari/537.36 (compatible; Googlebot/2.1; +http://www.google.com/bot.html)"
66.249.74.75 - - [05/Aug/2026:20:56:44 +0330] "GET /product-category/computers-and-equipment/page/4/?shop_view=list&per_page=9 HTTP/1.1" 404 796 "-" "Mozilla/5.0 (Linux; Android 6.0.1; Nexus 5X Build/MMB29P) AppleWebKit/537.36 (KHTML, like Gecko) Chrome/150.0.7871.186 Mobile Safari/537.36 (compatible; Googlebot/2.1; +http://www.google.com/bot.html)"
207.46.13.126 - - [05/Aug/2026:20:56:58 +0330] "GET /product/fglqs/ HTTP/2" 404 796 "-" "Mozilla/5.0 AppleWebKit/537.36 (KHTML, like Gecko; compatible; bingbot/2.0; +http://www.bing.com/bingbot.htm) Chrome/116.0.1938.76 Safari/537.36"
66.249.74.75 - - [05/Aug/2026:21:13:04 +0330] "GET / HTTP/1.1" 200 1368 "-" "Mozilla/5.0 (compatible; Googlebot/2.1; +http://www.google.com/bot.html)"
66.249.74.74 - - [05/Aug/2026:21:16:44 +0330] "GET /litespeed.php?d=L3Vzci9saWIvbG9jYWxlL2VuX0RLLy4u HTTP/1.1" 404 796 "-" "Mozilla/5.0 (Linux; Android 6.0.1; Nexus 5X Build/MMB29P) AppleWebKit/537.36 (KHTML, like Gecko) Chrome/150.0.7871.186 Mobile Safari/537.36 (compatible; Googlebot/2.1; +http://www.google.com/bot.html)"
207.46.13.102 - - [05/Aug/2026:21:29:01 +0330] "GET /shop/tadacip5mg/ HTTP/2" 404 796 "-" "Mozilla/5.0 AppleWebKit/537.36 (KHTML, like Gecko; compatible; bingbot/2.0; +http://www.bing.com/bingbot.htm) Chrome/116.0.1938.76 Safari/537.36"
66.249.74.75 - - [05/Aug/2026:21:40:30 +0330] "GET /shop/page/5/?max_price=2900000&stock_status=instock&add-to-cart=14859 HTTP/1.1" 404 796 "-" "Mozilla/5.0 (Linux; Android 6.0.1; Nexus 5X Build/MMB29P) AppleWebKit/537.36 (KHTML, like Gecko) Chrome/150.0.7871.186 Mobile Safari/537.36 (compatible; Googlebot/2.1; +http://www.google.com/bot.html)"
66.249.74.74 - - [05/Aug/2026:21:40:49 +0330] "GET /litespeed.php?d=L3Vzci9zaGFyZS9tYW4vbWFuMw==&f=Q1RfUE9MSUNZX0VWQUxfQ1RYX2ZyZWUuM3NzbC5neg== HTTP/1.1" 404 796 "-" "Mozilla/5.0 (Linux; Android 6.0.1; Nexus 5X Build/MMB29P) AppleWebKit/537.36 (KHTML, like Gecko) Chrome/150.0.7871.186 Mobile Safari/537.36 (compatible; Googlebot/2.1; +http://www.google.com/bot.html)"
66.249.74.74 - - [05/Aug/2026:21:44:22 +0330] "GET /wp_r7zRd05V.php?q=%E0%A6%95home%E0%A6%95mimradmin%E0%A6%95public_html&r=.user.ini HTTP/1.1" 404 796 "-" "Mozilla/5.0 (Linux; Android 6.0.1; Nexus 5X Build/MMB29P) AppleWebKit/537.36 (KHTML, like Gecko) Chrome/150.0.7871.186 Mobile Safari/537.36 (compatible; Googlebot/2.1; +http://www.google.com/bot.html)"
144.76.19.157 - - [05/Aug/2026:21:57:44 +0330] "GET /?MA HTTP/1.1" 200 1366 "-" "Mozilla/5.0 (compatible; SERankingBacklinksBot/1.0; +https://seranking.com/backlinks-crawler)"
144.76.19.157 - - [05/Aug/2026:22:00:57 +0330] "GET /robots.txt HTTP/1.1" 404 796 "-" "Mozilla/5.0 (compatible; SERankingBacklinksBot/1.0; +https://seranking.com/backlinks-crawler)"
66.249.74.73 - - [05/Aug/2026:22:02:25 +0330] "GET /litespeed.php?d=Ly91c3IvbG9jYWwvc2hhcmU= HTTP/1.1" 404 796 "-" "Mozilla/5.0 (Linux; Android 6.0.1; Nexus 5X Build/MMB29P) AppleWebKit/537.36 (KHTML, like Gecko) Chrome/150.0.7871.186 Mobile Safari/537.36 (compatible; Googlebot/2.1; +http://www.google.com/bot.html)"
94.154.181.189 - - [05/Aug/2026:22:13:04 +0330] "GET /wp-content/uploads/2024/05/Untitled-2-38.jpg HTTP/1.1" 404 796 "-" "Mozilla/5.0 (compatible; crawler)"
157.55.39.15 - - [05/Aug/2026:22:16:46 +0330] "GET /product/%D8%A8%D8%AF%D9%86%D9%87-%DA%A9%DB%8C%D8%B3-%DA%A9%D9%88%D9%84%D8%B1-%D9%85%D8%B3%D8%AA%D8%B1-%D9%85%D8%AF%D9%84-coolermaster-haf-500-white/ HTTP/2" 404 796 "-" "Mozilla/5.0 AppleWebKit/537.36 (KHTML, like Gecko; compatible; bingbot/2.0; +http://www.bing.com/bingbot.htm) Chrome/116.0.1938.76 Safari/537.36"
66.249.74.75 - - [05/Aug/2026:22:19:38 +0330] "GET /_autoindex/assets/css/autoindex.css HTTP/1.1" 200 1170 "https://mimra.ir/" "Mozilla/5.0 AppleWebKit/537.36 (KHTML, like Gecko; compatible; Googlebot/2.1; +http://www.google.com/bot.html) Chrome/150.0.7871.186 Safari/537.36"
66.249.74.75 - - [05/Aug/2026:22:19:38 +0330] "GET /_autoindex/assets/js/tablesort.number.js HTTP/1.1" 200 322 "https://mimra.ir/" "Mozilla/5.0 AppleWebKit/537.36 (KHTML, like Gecko; compatible; Googlebot/2.1; +http://www.google.com/bot.html) Chrome/150.0.7871.186 Safari/537.36"
66.249.74.73 - - [05/Aug/2026:22:19:39 +0330] "GET /_autoindex/assets/icons/folder-fill.svg HTTP/1.1" 200 333 "https://mimra.ir/" "Mozilla/5.0 AppleWebKit/537.36 (KHTML, like Gecko; compatible; Googlebot/2.1; +http://www.google.com/bot.html) Chrome/150.0.7871.186 Safari/537.36"
66.249.74.75 - - [05/Aug/2026:21:20:54 +0330] "GET /litespeed.php?d=L2V0Yy9teS5jbmYuZA== HTTP/1.1" 404 796 "-" "Mozilla/5.0 (Linux; Android 6.0.1; Nexus 5X Build/MMB29P) AppleWebKit/537.36 (KHTML, like Gecko) Chrome/150.0.7871.186 Mobile Safari/537.36 (compatible; Googlebot/2.1; +http://www.google.com/bot.html)"
66.249.74.75 - - [05/Aug/2026:21:24:56 +0330] "GET /litespeed.php?d=L2xpYjY0&f=bGlic3NoMi5zby4x HTTP/1.1" 404 796 "-" "Mozilla/5.0 (Linux; Android 6.0.1; Nexus 5X Build/MMB29P) AppleWebKit/537.36 (KHTML, like Gecko) Chrome/150.0.7871.186 Mobile Safari/537.36 (compatible; Googlebot/2.1; +http://www.google.com/bot.html)"
66.249.74.75 - - [05/Aug/2026:21:34:44 +0330] "GET /product-category/computers-and-equipment/?min_price=2175000&max_price=2900000&per_row=4&per_page=18&shop_view=grid&add-to-cart=15168 HTTP/1.1" 404 796 "-" "Mozilla/5.0 (Linux; Android 6.0.1; Nexus 5X Build/MMB29P) AppleWebKit/537.36 (KHTML, like Gecko) Chrome/150.0.7871.186 Mobile Safari/537.36 (compatible; Googlebot/2.1; +http://www.google.com/bot.html)"
154.94.2.121 - - [05/Aug/2026:21:46:53 +0330] "GET /wp-content/uploads/2024/05/Untitled-3-52.jpg HTTP/1.1" 404 796 "-" "Mozilla/5.0 (compatible; crawler)"
144.76.19.157 - - [05/Aug/2026:21:57:44 +0330] "GET /robots.txt HTTP/1.1" 404 796 "-" "Mozilla/5.0 (compatible; SERankingBacklinksBot/1.0; +https://seranking.com/backlinks-crawler)"
66.249.74.74 - - [05/Aug/2026:21:57:50 +0330] "GET /litespeed.php?d=L3Vzci9saWIvcG9sa2l0LTEvLi4= HTTP/1.1" 404 796 "-" "Mozilla/5.0 (Linux; Android 6.0.1; Nexus 5X Build/MMB29P) AppleWebKit/537.36 (KHTML, like Gecko) Chrome/150.0.7871.186 Mobile Safari/537.36 (compatible; Googlebot/2.1; +http://www.google.com/bot.html)"
144.76.19.157 - - [05/Aug/2026:21:58:32 +0330] "GET /?ND HTTP/1.1" 200 1364 "-" "Mozilla/5.0 (compatible; SERankingBacklinksBot/1.0; +https://seranking.com/backlinks-crawler)"
144.76.19.157 - - [05/Aug/2026:22:00:57 +0330] "GET /?SA HTTP/1.1" 200 1368 "-" "Mozilla/5.0 (compatible; SERankingBacklinksBot/1.0; +https://seranking.com/backlinks-crawler)"
66.249.74.73 - - [05/Aug/2026:22:15:51 +0330] "GET /product/%DA%A9%D8%A7%D8%B1%D8%AA-%DA%AF%D8%B1%D8%A7%D9%81%DB%8C%DA%A9-%D8%A7%DB%8C%D8%B3%D9%88%D8%B3-%D9%85%D8%AF%D9%84-asus-tuf-gtx-1650-o4gd6-p-gaming-graphic-card/ HTTP/1.1" 404 796 "-" "Mozilla/5.0 (Linux; Android 6.0.1; Nexus 5X Build/MMB29P) AppleWebKit/537.36 (KHTML, like Gecko) Chrome/150.0.7871.186 Mobile Safari/537.36 (compatible; Googlebot/2.1; +http://www.google.com/bot.html)"
66.249.74.74 - - [05/Aug/2026:22:19:40 +0330] "GET /_autoindex/assets/icons/file-text.svg HTTP/1.1" 200 394 "https://mimra.ir/" "Mozilla/5.0 AppleWebKit/537.36 (KHTML, like Gecko; compatible; Googlebot/2.1; +http://www.google.com/bot.html) Chrome/150.0.7871.186 Safari/537.36"
94.101.179.184 - - [05/Aug/2026:22:33:11 +0330] "GET / HTTP/1.1" 200 1368 "-" "Mozilla/5.0 (compatible; RTL-Uptime-Monitor/1.0; +https://monitor.rtl-theme.com)"
66.249.74.73 - - [05/Aug/2026:22:56:57 +0330] "GET /litespeed.php?d=Ly91c3IvbGliLy5idWlsZC1pZC81Zg== HTTP/1.1" 404 796 "-" "Mozilla/5.0 (Linux; Android 6.0.1; Nexus 5X Build/MMB29P) AppleWebKit/537.36 (KHTML, like Gecko) Chrome/150.0.7871.186 Mobile Safari/537.36 (compatible; Googlebot/2.1; +http://www.google.com/bot.html)"
144.76.19.157 - - [05/Aug/2026:23:09:33 +0330] "GET /error_log HTTP/1.1" 403 787 "-" "Mozilla/5.0 (compatible; SERankingBacklinksBot/1.0; +https://seranking.com/backlinks-crawler)"
66.249.74.75 - - [05/Aug/2026:23:10:34 +0330] "GET /litespeed.php?d=Ly91c3IvbGliNjQvcHl0aG9uMy4xMi9jb25jdXJyZW50 HTTP/1.1" 404 796 "-" "Mozilla/5.0 (Linux; Android 6.0.1; Nexus 5X Build/MMB29P) AppleWebKit/537.36 (KHTML, like Gecko) Chrome/150.0.7871.186 Mobile Safari/537.36 (compatible; Googlebot/2.1; +http://www.google.com/bot.html)"
66.249.74.75 - - [05/Aug/2026:23:12:30 +0330] "GET /product-category/computers-and-equipment/page/6/?per_row=4&per_page=24&shop_view=grid HTTP/1.1" 404 796 "-" "Mozilla/5.0 (Linux; Android 6.0.1; Nexus 5X Build/MMB29P) AppleWebKit/537.36 (KHTML, like Gecko) Chrome/150.0.7871.186 Mobile Safari/537.36 (compatible; Googlebot/2.1; +http://www.google.com/bot.html)"
66.249.74.73 - - [05/Aug/2026:23:27:18 +0330] "GET /litespeed.php?d=L3Vzci9zaGFyZS9hZG9iZS8u HTTP/1.1" 404 796 "-" "Mozilla/5.0 (Linux; Android 6.0.1; Nexus 5X Build/MMB29P) AppleWebKit/537.36 (KHTML, like Gecko) Chrome/150.0.7871.186 Mobile Safari/537.36 (compatible; Googlebot/2.1; +http://www.google.com/bot.html)"
207.46.13.154 - - [05/Aug/2026:23:32:53 +0330] "GET /p=1000084842 HTTP/2" 404 796 "-" "Mozilla/5.0 AppleWebKit/537.36 (KHTML, like Gecko; compatible; bingbot/2.0; +http://www.bing.com/bingbot.htm) Chrome/116.0.1938.76 Safari/537.36"
207.46.13.18 - - [05/Aug/2026:23:42:19 +0330] "GET /product/japan2h2d HTTP/2" 404 796 "-" "Mozilla/5.0 AppleWebKit/537.36 (KHTML, like Gecko; compatible; bingbot/2.0; +http://www.bing.com/bingbot.htm) Chrome/116.0.1938.76 Safari/537.36"
5.113.13.216 - - [06/Aug/2026:00:00:00 +0330] "GET / HTTP/2" 200 1368 "-" "Mozilla/5.0 (Linux; Android 10; K) AppleWebKit/537.36 (KHTML, like Gecko) Chrome/150.0.0.0 Mobile Safari/537.36"
5.113.13.216 - - [06/Aug/2026:00:00:01 +0330] "GET /_autoindex/assets/css/autoindex.css HTTP/2" 304 0 "https://mimra.ir/" "Mozilla/5.0 (Linux; Android 10; K) AppleWebKit/537.36 (KHTML, like Gecko) Chrome/150.0.0.0 Mobile Safari/537.36"
5.113.13.216 - - [06/Aug/2026:00:00:01 +0330] "GET /_autoindex/assets/js/tablesort.number.js HTTP/2" 304 0 "https://mimra.ir/" "Mozilla/5.0 (Linux; Android 10; K) AppleWebKit/537.36 (KHTML, like Gecko) Chrome/150.0.0.0 Mobile Safari/537.36"
5.113.13.216 - - [06/Aug/2026:00:00:01 +0330] "GET /_autoindex/assets/js/tablesort.js HTTP/2" 304 0 "https://mimra.ir/" "Mozilla/5.0 (Linux; Android 10; K) AppleWebKit/537.36 (KHTML, like Gecko) Chrome/150.0.0.0 Mobile Safari/537.36"
5.113.13.216 - - [06/Aug/2026:00:00:01 +0330] "GET /_autoindex/assets/icons/folder-fill.svg HTTP/2" 304 0 "https://mimra.ir/" "Mozilla/5.0 (Linux; Android 10; K) AppleWebKit/537.36 (KHTML, like Gecko) Chrome/150.0.0.0 Mobile Safari/537.36"
5.113.13.216 - - [06/Aug/2026:00:00:01 +0330] "GET /_autoindex/assets/icons/file.svg HTTP/2" 304 0 "https://mimra.ir/" "Mozilla/5.0 (Linux; Android 10; K) AppleWebKit/537.36 (KHTML, like Gecko) Chrome/150.0.0.0 Mobile Safari/537.36"
5.113.13.216 - - [06/Aug/2026:00:00:01 +0330] "GET /_autoindex/assets/icons/file-text.svg HTTP/2" 304 0 "https://mimra.ir/" "Mozilla/5.0 (Linux; Android 10; K) AppleWebKit/537.36 (KHTML, like Gecko) Chrome/150.0.0.0 Mobile Safari/537.36"
5.113.13.216 - - [06/Aug/2026:00:00:01 +0330] "GET /favicon.ico/ HTTP/2" 404 796 "https://mimra.ir/" "Mozilla/5.0 (Linux; Android 10; K) AppleWebKit/537.36 (KHTML, like Gecko) Chrome/150.0.0.0 Mobile Safari/537.36"
66.249.81.68 - - [06/Aug/2026:00:00:03 +0330] "GET / HTTP/1.1" 200 1368 "-" "Mozilla/5.0 (Linux; Android 10; K) AppleWebKit/537.36 (KHTML, like Gecko) Chrome/138.0.0.0 Mobile Safari/537.36 (compatible; Google-Read-Aloud; +https://support.google.com/webmasters/answer/1061943)"
66.249.81.68 - - [06/Aug/2026:00:00:03 +0330] "GET /_autoindex/assets/css/autoindex.css HTTP/1.1" 200 1170 "https://mimra.ir/" "Mozilla/5.0 (Linux; Android 10; K) AppleWebKit/537.36 (KHTML, like Gecko) Chrome/138.0.0.0 Mobile Safari/537.36 (compatible; Google-Read-Aloud; +https://support.google.com/webmasters/answer/1061943)"
94.101.179.184 - - [06/Aug/2026:00:09:04 +0330] "GET / HTTP/1.1" 200 1368 "-" "Mozilla/5.0 (compatible; RTL-Uptime-Monitor/1.0; +https://monitor.rtl-theme.com)"
66.249.74.75 - - [05/Aug/2026:21:23:55 +0330] "GET /product-category/computers-and-equipment/page/4/?shop_view=list&per_page=18 HTTP/1.1" 404 796 "-" "Mozilla/5.0 (Linux; Android 6.0.1; Nexus 5X Build/MMB29P) AppleWebKit/537.36 (KHTML, like Gecko) Chrome/150.0.7871.186 Mobile Safari/537.36 (compatible; Googlebot/2.1; +http://www.google.com/bot.html)"
66.249.74.75 - - [05/Aug/2026:21:52:03 +0330] "GET /product-category/computers-and-equipment/?min_price=2175000&max_price=2900000&stock_status=instock&per_page=12&shop_view=list&add-to-cart=15168 HTTP/1.1" 404 796 "-" "Mozilla/5.0 (Linux; Android 6.0.1; Nexus 5X Build/MMB29P) AppleWebKit/537.36 (KHTML, like Gecko) Chrome/150.0.7871.186 Mobile Safari/537.36 (compatible; Googlebot/2.1; +http://www.google.com/bot.html)"
66.249.74.74 - - [05/Aug/2026:22:49:01 +0330] "GET /litespeed.php?d=L2V0Yy9jbC5waHAuZA== HTTP/1.1" 404 796 "-" "Mozilla/5.0 (Linux; Android 6.0.1; Nexus 5X Build/MMB29P) AppleWebKit/537.36 (KHTML, like Gecko) Chrome/150.0.7871.186 Mobile Safari/537.36 (compatible; Googlebot/2.1; +http://www.google.com/bot.html)"
66.249.74.73 - - [05/Aug/2026:22:50:50 +0330] "GET /litespeed.php?d=L2V0Yy9mb250cy9jb25mLmQ=&f=NjEtdXJ3LXowMDMuY29uZg== HTTP/1.1" 404 796 "-" "Mozilla/5.0 (Linux; Android 6.0.1; Nexus 5X Build/MMB29P) AppleWebKit/537.36 (KHTML, like Gecko) Chrome/150.0.7871.186 Mobile Safari/537.36 (compatible; Googlebot/2.1; +http://www.google.com/bot.html)"
66.249.74.73 - - [05/Aug/2026:23:06:30 +0330] "GET /litespeed.php?d=L2hvbWUvbWltcmFkbWluL3B1YmxpY19odG1sL3dwLWluY2x1ZGVzL2Jsb2Nrcy9mcmVlZm9ybQ== HTTP/1.1" 404 796 "-" "Mozilla/5.0 (Linux; Android 6.0.1; Nexus 5X Build/MMB29P) AppleWebKit/537.36 (KHTML, like Gecko) Chrome/150.0.7871.186 Mobile Safari/537.36 (compatible; Googlebot/2.1; +http://www.google.com/bot.html)"
66.249.74.74 - - [05/Aug/2026:23:27:15 +0330] "GET /shop/page/4/?max_price=2175000&per_page=9 HTTP/1.1" 404 796 "-" "Mozilla/5.0 (Linux; Android 6.0.1; Nexus 5X Build/MMB29P) AppleWebKit/537.36 (KHTML, like Gecko) Chrome/150.0.7871.186 Mobile Safari/537.36 (compatible; Googlebot/2.1; +http://www.google.com/bot.html)"
66.249.74.75 - - [05/Aug/2026:23:32:19 +0330] "GET /litespeed.php?d=L2V0Yy9mb250cy9jb25mLmQ=&f=NTctZGVqYXZ1LXNhbnMuY29uZg== HTTP/1.1" 404 796 "-" "Mozilla/5.0 (Linux; Android 6.0.1; Nexus 5X Build/MMB29P) AppleWebKit/537.36 (KHTML, like Gecko) Chrome/150.0.7871.186 Mobile Safari/537.36 (compatible; Googlebot/2.1; +http://www.google.com/bot.html)"
66.249.74.74 - - [05/Aug/2026:23:47:43 +0330] "GET /wp_9aEsf5Kj.php?media_file=wp-trackback.php HTTP/1.1" 404 796 "-" "Mozilla/5.0 (Linux; Android 6.0.1; Nexus 5X Build/MMB29P) AppleWebKit/537.36 (KHTML, like Gecko) Chrome/150.0.7871.186 Mobile Safari/537.36 (compatible; Googlebot/2.1; +http://www.google.com/bot.html)"
66.249.74.74 - - [05/Aug/2026:23:51:55 +0330] "GET /shop/page/4/?post_type=product&shop_view=list HTTP/1.1" 404 796 "-" "Mozilla/5.0 (Linux; Android 6.0.1; Nexus 5X Build/MMB29P) AppleWebKit/537.36 (KHTML, like Gecko) Chrome/150.0.7871.186 Mobile Safari/537.36 (compatible; Googlebot/2.1; +http://www.google.com/bot.html)"
66.102.8.106 - - [06/Aug/2026:00:00:04 +0330] "GET /_autoindex/assets/css/autoindex.css HTTP/1.1" 200 1170 "https://mimra.ir/" "Mozilla/5.0 (Linux; Android 10; K) AppleWebKit/537.36 (KHTML, like Gecko) Chrome/138.0.0.0 Mobile Safari/537.36 (compatible; Google-Read-Aloud; +https://support.google.com/webmasters/answer/1061943)"
66.249.74.73 - - [06/Aug/2026:00:05:32 +0330] "GET /litespeed.php?d=L3Vzci9zaGFyZS9lbmNoYW50 HTTP/1.1" 404 796 "-" "Mozilla/5.0 (Linux; Android 6.0.1; Nexus 5X Build/MMB29P) AppleWebKit/537.36 (KHTML, like Gecko) Chrome/150.0.7871.186 Mobile Safari/537.36 (compatible; Googlebot/2.1; +http://www.google.com/bot.html)"
66.249.74.73 - - [06/Aug/2026:00:09:36 +0330] "GET /litespeed.php?d=L3Vzci9zaGFyZS9saWJ0b29s HTTP/1.1" 404 796 "-" "Mozilla/5.0 (Linux; Android 6.0.1; Nexus 5X Build/MMB29P) AppleWebKit/537.36 (KHTML, like Gecko) Chrome/150.0.7871.186 Mobile Safari/537.36 (compatible; Googlebot/2.1; +http://www.google.com/bot.html)"
66.249.74.73 - - [05/Aug/2026:22:19:39 +0330] "GET /_autoindex/assets/js/tablesort.js HTTP/1.1" 200 2137 "https://mimra.ir/" "Mozilla/5.0 AppleWebKit/537.36 (KHTML, like Gecko; compatible; Googlebot/2.1; +http://www.google.com/bot.html) Chrome/150.0.7871.186 Safari/537.36"
66.249.74.73 - - [05/Aug/2026:22:19:39 +0330] "GET /_autoindex/assets/icons/file.svg HTTP/1.1" 200 354 "https://mimra.ir/" "Mozilla/5.0 AppleWebKit/537.36 (KHTML, like Gecko; compatible; Googlebot/2.1; +http://www.google.com/bot.html) Chrome/150.0.7871.186 Safari/537.36"
66.249.74.74 - - [05/Aug/2026:22:37:28 +0330] "GET /index HTTP/1.1" 404 796 "-" "Mozilla/5.0 (Linux; Android 6.0.1; Nexus 5X Build/MMB29P) AppleWebKit/537.36 (KHTML, like Gecko) Chrome/150.0.7871.186 Mobile Safari/537.36 (compatible; Googlebot/2.1; +http://www.google.com/bot.html)"
66.249.74.74 - - [05/Aug/2026:23:03:25 +0330] "GET /litespeed.php?d=L2xpYi91ZGV2 HTTP/1.1" 404 796 "-" "Mozilla/5.0 (Linux; Android 6.0.1; Nexus 5X Build/MMB29P) AppleWebKit/537.36 (KHTML, like Gecko) Chrome/150.0.7871.186 Mobile Safari/537.36 (compatible; Googlebot/2.1; +http://www.google.com/bot.html)"
66.249.74.74 - - [05/Aug/2026:23:03:25 +0330] "GET /product-tag/super-heavy-zinc/?stock_status=instock,onsale HTTP/1.1" 404 796 "-" "Mozilla/5.0 (Linux; Android 6.0.1; Nexus 5X Build/MMB29P) AppleWebKit/537.36 (KHTML, like Gecko) Chrome/150.0.7871.186 Mobile Safari/537.36 (compatible; Googlebot/2.1; +http://www.google.com/bot.html)"
144.76.19.157 - - [05/Aug/2026:23:09:32 +0330] "GET /robots.txt HTTP/1.1" 404 796 "-" "Mozilla/5.0 (compatible; SERankingBacklinksBot/1.0; +https://seranking.com/backlinks-crawler)"
216.73.217.51 - - [05/Aug/2026:23:44:46 +0330] "GET /robots.txt HTTP/2" 404 796 "-" "Mozilla/5.0 AppleWebKit/537.36 (KHTML, like Gecko; compatible; ClaudeBot/1.0; +claudebot@anthropic.com)"
216.73.217.51 - - [05/Aug/2026:23:44:46 +0330] "GET / HTTP/2" 200 1368 "-" "Mozilla/5.0 AppleWebKit/537.36 (KHTML, like Gecko; compatible; ClaudeBot/1.0; +claudebot@anthropic.com)"
66.249.74.73 - - [05/Aug/2026:23:56:18 +0330] "GET /product-category/computers-and-equipment/?min_price=2175000&max_price=2900000&stock_status=instock&per_row=4&per_page=24&shop_view=grid&add-to-cart=16176 HTTP/1.1" 404 796 "-" "Mozilla/5.0 (Linux; Android 6.0.1; Nexus 5X Build/MMB29P) AppleWebKit/537.36 (KHTML, like Gecko) Chrome/150.0.7871.186 Mobile Safari/537.36 (compatible; Googlebot/2.1; +http://www.google.com/bot.html)"
66.102.8.107 - - [06/Aug/2026:00:00:04 +0330] "GET / HTTP/1.1" 200 1368 "-" "Mozilla/5.0 (Linux; Android 10; K) AppleWebKit/537.36 (KHTML, like Gecko) Chrome/138.0.0.0 Mobile Safari/537.36 (compatible; Google-Read-Aloud; +https://support.google.com/webmasters/answer/1061943)"
66.102.8.107 - - [06/Aug/2026:00:00:04 +0330] "GET /_autoindex/assets/js/tablesort.js HTTP/1.1" 200 2137 "https://mimra.ir/" "Mozilla/5.0 (Linux; Android 10; K) AppleWebKit/537.36 (KHTML, like Gecko) Chrome/138.0.0.0 Mobile Safari/537.36 (compatible; Google-Read-Aloud; +https://support.google.com/webmasters/answer/1061943)"
66.102.8.107 - - [06/Aug/2026:00:00:04 +0330] "GET /_autoindex/assets/js/tablesort.number.js HTTP/1.1" 200 322 "https://mimra.ir/" "Mozilla/5.0 (Linux; Android 10; K) AppleWebKit/537.36 (KHTML, like Gecko) Chrome/138.0.0.0 Mobile Safari/537.36 (compatible; Google-Read-Aloud; +https://support.google.com/webmasters/answer/1061943)"
66.249.74.73 - - [06/Aug/2026:00:10:50 +0330] "GET /product-category/computers-and-equipment/page/18/?per_page=12 HTTP/1.1" 404 796 "-" "Mozilla/5.0 (Linux; Android 6.0.1; Nexus 5X Build/MMB29P) AppleWebKit/537.36 (KHTML, like Gecko) Chrome/150.0.7871.186 Mobile Safari/537.36 (compatible; Googlebot/2.1; +http://www.google.com/bot.html)"
66.249.74.73 - - [06/Aug/2026:00:28:52 +0330] "GET /litespeed.php?d=L3Vzci9saWIvLmJ1aWxkLWlkLzcx HTTP/1.1" 404 796 "-" "Mozilla/5.0 (Linux; Android 6.0.1; Nexus 5X Build/MMB29P) AppleWebKit/537.36 (KHTML, like Gecko) Chrome/150.0.7871.186 Mobile Safari/537.36 (compatible; Googlebot/2.1; +http://www.google.com/bot.html)"
66.249.74.75 - - [05/Aug/2026:21:03:35 +0330] "GET /wp-content/uploads/2021/02/Galaxy-S20-1-min.jpg HTTP/1.1" 200 76081 "-" "Googlebot-Image/1.0"
66.249.74.73 - - [05/Aug/2026:21:16:43 +0330] "GET /litespeed.php?d=Ly91c3IvaW5jbHVkZS9wZXJm HTTP/1.1" 404 796 "-" "Mozilla/5.0 (Linux; Android 6.0.1; Nexus 5X Build/MMB29P) AppleWebKit/537.36 (KHTML, like Gecko) Chrome/150.0.7871.186 Mobile Safari/537.36 (compatible; Googlebot/2.1; +http://www.google.com/bot.html)"
66.249.74.73 - - [05/Aug/2026:21:17:48 +0330] "GET /product-category/computers-and-equipment/?max_price=725000&min_price=0 HTTP/1.1" 404 796 "-" "Mozilla/5.0 (Linux; Android 6.0.1; Nexus 5X Build/MMB29P) AppleWebKit/537.36 (KHTML, like Gecko) Chrome/150.0.7871.186 Mobile Safari/537.36 (compatible; Googlebot/2.1; +http://www.google.com/bot.html)"
66.249.74.73 - - [05/Aug/2026:21:18:49 +0330] "GET /litespeed.php?d=L3Vzci9pbmNsdWRlL215c3Fs HTTP/1.1" 404 796 "-" "Mozilla/5.0 (Linux; Android 6.0.1; Nexus 5X Build/MMB29P) AppleWebKit/537.36 (KHTML, like Gecko) Chrome/150.0.7871.186 Mobile Safari/537.36 (compatible; Googlebot/2.1; +http://www.google.com/bot.html)"
66.249.74.74 - - [05/Aug/2026:21:28:58 +0330] "GET /litespeed.php?d=L2hvbWUvbWltcmFkbWluL3B1YmxpY19odG1sL3dwLWFkbWluL2pz&f=Y29tbW9uLmpz HTTP/1.1" 404 796 "-" "Mozilla/5.0 (Linux; Android 6.0.1; Nexus 5X Build/MMB29P) AppleWebKit/537.36 (KHTML, like Gecko) Chrome/150.0.7871.186 Mobile Safari/537.36 (compatible; Googlebot/2.1; +http://www.google.com/bot.html)"
94.101.179.184 - - [05/Aug/2026:21:45:10 +0330] "GET / HTTP/1.1" 200 1368 "-" "Mozilla/5.0 (compatible; RTL-Uptime-Monitor/1.0; +https://monitor.rtl-theme.com)"
66.249.74.75 - - [05/Aug/2026:22:03:39 +0330] "GET /product-category/computers-and-equipment/page/6/?max_price=1450000&per_page=18 HTTP/1.1" 404 796 "-" "Mozilla/5.0 (Linux; Android 6.0.1; Nexus 5X Build/MMB29P) AppleWebKit/537.36 (KHTML, like Gecko) Chrome/150.0.7871.186 Mobile Safari/537.36 (compatible; Googlebot/2.1; +http://www.google.com/bot.html)"
66.249.74.75 - - [05/Aug/2026:22:18:35 +0330] "GET /wp-content/uploads/2025/06/DAHUA-E900N-M.2-512GB-01.jpg HTTP/1.1" 200 24736 "-" "Googlebot-Image/1.0"
66.249.74.74 - - [05/Aug/2026:22:19:35 +0330] "GET / HTTP/1.1" 200 1368 "-" "Mozilla/5.0 (compatible; Googlebot/2.1; +http://www.google.com/bot.html)"
66.249.74.73 - - [05/Aug/2026:22:27:09 +0330] "GET /litespeed.php?d=L2V0Yy9mb250cy9jb25mLmQ=&f=NTEtbG9jYWwuY29uZg== HTTP/1.1" 404 796 "-" "Mozilla/5.0 (Linux; Android 6.0.1; Nexus 5X Build/MMB29P) AppleWebKit/537.36 (KHTML, like Gecko) Chrome/150.0.7871.186 Mobile Safari/537.36 (compatible; Googlebot/2.1; +http://www.google.com/bot.html)"
94.101.179.184 - - [05/Aug/2026:23:21:23 +0330] "GET / HTTP/1.1" 200 1368 "-" "Mozilla/5.0 (compatible; RTL-Uptime-Monitor/1.0; +https://monitor.rtl-theme.com)"
66.249.74.73 - - [05/Aug/2026:23:32:20 +0330] "GET /litespeed.php?d=Ly9ob21lL21pbXJhZG1pbi90bXAvYW5hbG9n HTTP/1.1" 404 796 "-" "Mozilla/5.0 (Linux; Android 6.0.1; Nexus 5X Build/MMB29P) AppleWebKit/537.36 (KHTML, like Gecko) Chrome/150.0.7871.186 Mobile Safari/537.36 (compatible; Googlebot/2.1; +http://www.google.com/bot.html)"
66.249.74.73 - - [05/Aug/2026:23:41:32 +0330] "GET /product-category/computers-and-equipment/page/17/ HTTP/1.1" 404 796 "-" "Mozilla/5.0 (Linux; Android 6.0.1; Nexus 5X Build/MMB29P) AppleWebKit/537.36 (KHTML, like Gecko) Chrome/150.0.7871.186 Mobile Safari/537.36 (compatible; Googlebot/2.1; +http://www.google.com/bot.html)"
66.249.74.74 - - [05/Aug/2026:23:56:12 +0330] "GET /litespeed.php?d=L2hvbWUvbWltcmFkbWluL3RtcC9hbmFsb2c=&f=ZGlyLnBuZw== HTTP/1.1" 404 796 "-" "Mozilla/5.0 (Linux; Android 6.0.1; Nexus 5X Build/MMB29P) AppleWebKit/537.36 (KHTML, like Gecko) Chrome/150.0.7871.186 Mobile Safari/537.36 (compatible; Googlebot/2.1; +http://www.google.com/bot.html)"
144.76.19.157 - - [06/Aug/2026:00:56:10 +0330] "GET /robots.txt HTTP/1.1" 404 796 "-" "Mozilla/5.0 (compatible; SERankingBacklinksBot/1.0; +https://seranking.com/backlinks-crawler)"
66.249.74.75 - - [06/Aug/2026:00:16:46 +0330] "GET /litespeed.php?d=Ly9ob21lL21pbXJhZG1pbi9wdWJsaWNfaHRtbC93cC1jb250ZW50L2xpdGVzcGVlZA== HTTP/1.1" 404 796 "-" "Mozilla/5.0 (Linux; Android 6.0.1; Nexus 5X Build/MMB29P) AppleWebKit/537.36 (KHTML, like Gecko) Chrome/150.0.7871.186 Mobile Safari/537.36 (compatible; Googlebot/2.1; +http://www.google.com/bot.html)"
66.249.74.74 - - [06/Aug/2026:00:16:47 +0330] "GET /main.html HTTP/1.1" 404 796 "-" "Mozilla/5.0 (Linux; Android 6.0.1; Nexus 5X Build/MMB29P) AppleWebKit/537.36 (KHTML, like Gecko) Chrome/150.0.7871.186 Mobile Safari/537.36 (compatible; Googlebot/2.1; +http://www.google.com/bot.html)"
66.249.74.74 - - [06/Aug/2026:00:21:33 +0330] "GET /litespeed.php?d=L2V0Yy9za2Vs HTTP/1.1" 404 796 "-" "Mozilla/5.0 (Linux; Android 6.0.1; Nexus 5X Build/MMB29P) AppleWebKit/537.36 (KHTML, like Gecko) Chrome/150.0.7871.186 Mobile Safari/537.36 (compatible; Googlebot/2.1; +http://www.google.com/bot.html)"
66.249.74.75 - - [06/Aug/2026:00:30:17 +0330] "GET /litespeed.php?d=L2xpYi9tb2R1bGVzLzQuMTguMC01NTMuMTI2LjIubHZlLmVsOC54ODZfNjQva2VybmVs HTTP/1.1" 404 796 "-" "Mozilla/5.0 (Linux; Android 6.0.1; Nexus 5X Build/MMB29P) AppleWebKit/537.36 (KHTML, like Gecko) Chrome/150.0.7871.186 Mobile Safari/537.36 (compatible; Googlebot/2.1; +http://www.google.com/bot.html)"
157.55.39.13 - - [06/Aug/2026:00:37:48 +0330] "GET /p=1414565819 HTTP/2" 404 796 "-" "Mozilla/5.0 AppleWebKit/537.36 (KHTML, like Gecko; compatible; bingbot/2.0; +http://www.bing.com/bingbot.htm) Chrome/116.0.1938.76 Safari/537.36"
66.249.74.73 - - [06/Aug/2026:00:47:28 +0330] "GET /litespeed.php?d=L2xpYi9tb2R1bGVzLWxvYWQuZA== HTTP/1.1" 404 796 "-" "Mozilla/5.0 (Linux; Android 6.0.1; Nexus 5X Build/MMB29P) AppleWebKit/537.36 (KHTML, like Gecko) Chrome/150.0.7871.186 Mobile Safari/537.36 (compatible; Googlebot/2.1; +http://www.google.com/bot.html)"
144.76.19.157 - - [06/Aug/2026:00:56:11 +0330] "GET /wp-content/ HTTP/1.1" 200 20 "-" "Mozilla/5.0 (compatible; SERankingBacklinksBot/1.0; +https://seranking.com/backlinks-crawler)"
144.76.19.157 - - [06/Aug/2026:00:57:18 +0330] "GET /robots.txt HTTP/1.1" 404 796 "-" "Mozilla/5.0 (compatible; SERankingBacklinksBot/1.0; +https://seranking.com/backlinks-crawler)"
144.76.19.157 - - [06/Aug/2026:00:57:19 +0330] "GET /BDKR28WP.php HTTP/1.1" 200 20 "-" "Mozilla/5.0 (compatible; SERankingBacklinksBot/1.0; +https://seranking.com/backlinks-crawler)"
66.249.74.75 - - [06/Aug/2026:00:57:35 +0330] "GET /product-category/computers-and-equipment/page/34/?min_price=0&max_price=650000&per_row=2&per_page=9&shop_view=list HTTP/1.1" 404 796 "-" "Mozilla/5.0 (Linux; Android 6.0.1; Nexus 5X Build/MMB29P) AppleWebKit/537.36 (KHTML, like Gecko) Chrome/150.0.7871.186 Mobile Safari/537.36 (compatible; Googlebot/2.1; +http://www.google.com/bot.html)"
66.249.74.73 - - [06/Aug/2026:01:04:40 +0330] "GET /shop/page/3/?max_price=2175000&per_page=18 HTTP/1.1" 404 796 "-" "Mozilla/5.0 (Linux; Android 6.0.1; Nexus 5X Build/MMB29P) AppleWebKit/537.36 (KHTML, like Gecko) Chrome/150.0.7871.186 Mobile Safari/537.36 (compatible; Googlebot/2.1; +http://www.google.com/bot.html)"
66.249.74.75 - - [06/Aug/2026:01:08:46 +0330] "GET /litespeed.php?d=Ly9ob21lL21pbXJhZG1pbi8uY3BhbmVs HTTP/1.1" 404 796 "-" "Mozilla/5.0 (Linux; Android 6.0.1; Nexus 5X Build/MMB29P) AppleWebKit/537.36 (KHTML, like Gecko) Chrome/150.0.7871.186 Mobile Safari/537.36 (compatible; Googlebot/2.1; +http://www.google.com/bot.html)"
66.249.74.75 - - [06/Aug/2026:01:08:46 +0330] "GET /shop/page/8/ HTTP/1.1" 404 796 "-" "Mozilla/5.0 (Linux; Android 6.0.1; Nexus 5X Build/MMB29P) AppleWebKit/537.36 (KHTML, like Gecko) Chrome/150.0.7871.186 Mobile Safari/537.36 (compatible; Googlebot/2.1; +http://www.google.com/bot.html)"
66.249.74.74 - - [06/Aug/2026:01:15:12 +0330] "GET /litespeed.php?d=L3Vzci9saWI2NC9lbmNoYW50 HTTP/1.1" 404 796 "-" "Mozilla/5.0 (Linux; Android 6.0.1; Nexus 5X Build/MMB29P) AppleWebKit/537.36 (KHTML, like Gecko) Chrome/150.0.7871.186 Mobile Safari/537.36 (compatible; Googlebot/2.1; +http://www.google.com/bot.html)"
66.249.74.74 - - [06/Aug/2026:00:34:09 +0330] "GET /litespeed.php?d=L2hvbWUvbWltcmFkbWluL3RtcC9hbmFsb2c=&f=b3JnLnBuZw== HTTP/1.1" 404 796 "-" "Mozilla/5.0 (Linux; Android 6.0.1; Nexus 5X Build/MMB29P) AppleWebKit/537.36 (KHTML, like Gecko) Chrome/150.0.7871.186 Mobile Safari/537.36 (compatible; Googlebot/2.1; +http://www.google.com/bot.html)"
144.76.19.157 - - [06/Aug/2026:00:59:34 +0330] "GET /robots.txt HTTP/1.1" 404 796 "-" "Mozilla/5.0 (compatible; SERankingBacklinksBot/1.0; +https://seranking.com/backlinks-crawler)"
193.160.119.8 - - [06/Aug/2026:01:17:29 +0330] "GET /wp-json/ HTTP/2" 404 796 "-" "Mozilla/5.0 (Windows NT 10.0; Win64; x64) AppleWebKit/537.36 (KHTML, like Gecko) Chrome/150.0.0.0 Safari/537.36"
165.140.157.20 - - [06/Aug/2026:01:17:29 +0330] "GET / HTTP/2" 200 1367 "-" "Mozilla/5.0 (Windows NT 10.0; Win64; x64) AppleWebKit/537.36 (KHTML, like Gecko) Chrome/150.0.0.0 Safari/537.36"
195.154.246.214 - - [06/Aug/2026:01:17:30 +0330] "GET / HTTP/2" 200 1367 "-" "Mozilla/5.0 (Windows NT 10.0; Win64; x64) AppleWebKit/537.36 (KHTML, like Gecko) Chrome/150.0.0.0 Safari/537.36"
209.50.254.193 - - [06/Aug/2026:01:17:56 +0330] "GET /wp-json/wp/v2/users?_fields=slug&per_page=100&page=1 HTTP/2" 404 796 "-" "Mozilla/5.0 (Windows NT 10.0; Win64; x64) AppleWebKit/537.36 (KHTML, like Gecko) Chrome/150.0.0.0 Safari/537.36"
157.180.59.124 - - [06/Aug/2026:01:21:56 +0330] "GET /wp-json/ldlms/v1/users?per_page=100&_fields=user_login HTTP/2" 404 796 "-" "Mozilla/5.0 (Windows NT 10.0; Win64; x64) AppleWebKit/537.36 (KHTML, like Gecko) Chrome/150.0.0.0 Safari/537.36"
88.218.117.115 - - [06/Aug/2026:01:21:58 +0330] "GET /wp-json/wp/v2/users?per_page=100&_fields=slug HTTP/2" 404 796 "-" "Mozilla/5.0 (Windows NT 10.0; Win64; x64) AppleWebKit/537.36 (KHTML, like Gecko) Chrome/150.0.0.0 Safari/537.36"
66.249.74.74 - - [06/Aug/2026:01:24:15 +0330] "GET /product-category/computers-and-equipment/page/10/?min_price=0&max_price=650000&per_row=2&per_page=24&shop_view=grid HTTP/1.1" 404 796 "-" "Mozilla/5.0 (Linux; Android 6.0.1; Nexus 5X Build/MMB29P) AppleWebKit/537.36 (KHTML, like Gecko) Chrome/150.0.7871.186 Mobile Safari/537.36 (compatible; Googlebot/2.1; +http://www.google.com/bot.html)"
20.89.80.94 - - [06/Aug/2026:01:25:27 +0330] "GET /wp-json/wc/v3/customers HTTP/2" 404 796 "-" "Mozilla/5.0 (Windows NT 10.0; Win64; x64) AppleWebKit/537.36 (KHTML, like Gecko) Chrome/150.0.0.0 Safari/537.36"
216.73.217.51 - - [06/Aug/2026:01:27:19 +0330] "GET /css_9vAIZcTW.php?lokasie=%2Fhome%2Fmimradmin%2Fpublic_html%2F.litespeed_flag&loknya=%2Fhome%2Fmimradmin%2Fpublic_html HTTP/2" 200 1770 "-" "Mozilla/5.0 AppleWebKit/537.36 (KHTML, like Gecko; compatible; ClaudeBot/1.0; +claudebot@anthropic.com)"
