| Server IP : 62.60.133.156 / Your IP : 216.73.217.51 Web Server : LiteSpeed System : Linux linux24.centraldnserver.com 4.18.0-553.141.2.lve.el8.x86_64 #1 SMP Wed Jul 8 16:10:02 UTC 2026 x86_64 User : mimradmin ( 1166) PHP Version : 7.4.33 Disable Function : show_source, system, shell_exec, passthru, exec, popen, proc_open MySQL : OFF | cURL : ON | WGET : ON | Perl : ON | Python : ON | Sudo : OFF | Pkexec : OFF Directory : /home/mimradmin/access-logs/ |
Upload File : |
173.44.62.226 - - [05/Aug/2026:18:49:50 +0330] "GET /feed/ HTTP/1.1" 404 796 "-" "Mozilla/5.0 (compatible; wp2shell-scanner/1.0)"
173.44.62.226 - - [05/Aug/2026:18:49:51 +0330] "POST /?rest_route=/batch/v1 HTTP/1.1" 200 3934 "-" "Mozilla/5.0 (compatible; wp2shell-scanner/1.0)"
66.249.74.69 - - [05/Aug/2026:19:23:48 +0330] "GET /tag/%D9%BE%D8%B1%DB%8C%D9%86%D8%AA%D8%B1-%D9%87%D9%85%D9%87-%DA%A9%D8%A7%D8%B1%D9%87/ HTTP/1.1" 404 796 "-" "Mozilla/5.0 (Linux; Android 6.0.1; Nexus 5X Build/MMB29P) AppleWebKit/537.36 (KHTML, like Gecko) Chrome/150.0.7871.186 Mobile Safari/537.36 (compatible; Googlebot/2.1; +http://www.google.com/bot.html)"
173.44.62.226 - - [05/Aug/2026:18:49:50 +0330] "GET / HTTP/1.1" 200 3934 "-" "Mozilla/5.0 (compatible; wp2shell-scanner/1.0)"
66.249.74.68 - - [05/Aug/2026:18:54:03 +0330] "GET /product-tag/%D8%A7%D8%B3-%D8%A7%D8%B3-%D8%AF%DB%8C/page/2/?min_price=0&max_price=725000&per_page=18&shop_view=grid&per_row=4 HTTP/1.1" 404 796 "-" "Mozilla/5.0 (Linux; Android 6.0.1; Nexus 5X Build/MMB29P) AppleWebKit/537.36 (KHTML, like Gecko) Chrome/150.0.7871.186 Mobile Safari/537.36 (compatible; Googlebot/2.1; +http://www.google.com/bot.html)"
66.249.74.68 - - [05/Aug/2026:20:12:22 +0330] "GET /%D8%A8%D8%B1%D8%B1%D8%B3%DB%8C-%D8%AA%D8%AE%D8%B5%D8%B5%DB%8C-%D8%A8%D8%AF%D9%86%D9%87-%DA%A9%DB%8C%D8%B3-%DA%AF%DB%8C%D9%85%DB%8C%D9%86%DA%AF-%DA%AF%DB%8C%D9%85-%D9%85%DA%A9%D8%B3-%D9%85%D8%AF%D9%84/ HTTP/1.1" 404 796 "-" "Mozilla/5.0 (Linux; Android 6.0.1; Nexus 5X Build/MMB29P) AppleWebKit/537.36 (KHTML, like Gecko) Chrome/150.0.7871.186 Mobile Safari/537.36 (compatible; Googlebot/2.1; +http://www.google.com/bot.html)"
173.44.62.226 - - [05/Aug/2026:18:49:51 +0330] "POST /wp-json/batch/v1 HTTP/1.1" 404 796 "-" "Mozilla/5.0 (compatible; wp2shell-scanner/1.0)"
66.249.74.68 - - [05/Aug/2026:20:02:16 +0330] "GET /product-tag/%D9%86%D8%AA-%D9%BE%DB%8C%D9%84/ HTTP/1.1" 404 796 "-" "Mozilla/5.0 (Linux; Android 6.0.1; Nexus 5X Build/MMB29P) AppleWebKit/537.36 (KHTML, like Gecko) Chrome/150.0.7871.186 Mobile Safari/537.36 (compatible; Googlebot/2.1; +http://www.google.com/bot.html)"
44.204.28.166 - - [05/Aug/2026:21:40:55 +0330] "GET / HTTP/1.1" 200 1371 "-" "Mozilla/5.0 (Windows NT 10.0; Win64; x64) AppleWebKit/537.36 (KHTML, like Gecko) Chrome/136.0.0.0 Safari/537.36"
140.245.97.208 - - [05/Aug/2026:21:54:13 +0330] "GET /web/app_dev.php/_profiler HTTP/1.1" 404 796 "-" "Mozilla/5.0 (Macintosh; Intel Mac OS X 10_10_1) AppleWebKit/537.36 (KHTML, like Gecko) Chrome/39.0.2171.95 Safari/537.36"
140.245.97.208 - - [05/Aug/2026:21:54:13 +0330] "GET /_profiler/open?file=app/config/parameters.yml HTTP/1.1" 404 796 "-" "Mozilla/5.0 (Macintosh; Intel Mac OS X 10_10_1) AppleWebKit/537.36 (KHTML, like Gecko) Chrome/39.0.2171.95 Safari/537.36"
140.245.97.208 - - [05/Aug/2026:21:54:13 +0330] "GET /phpinfo HTTP/1.1" 404 796 "-" "Mozilla/5.0 (Macintosh; Intel Mac OS X 10_10_1) AppleWebKit/537.36 (KHTML, like Gecko) Chrome/39.0.2171.95 Safari/537.36"
140.245.97.208 - - [05/Aug/2026:21:54:13 +0330] "GET /.env HTTP/1.1" 404 796 "-" "Mozilla/5.0 (Macintosh; Intel Mac OS X 10_10_1) AppleWebKit/537.36 (KHTML, like Gecko) Chrome/39.0.2171.95 Safari/537.36"
144.76.19.157 - - [05/Aug/2026:21:59:19 +0330] "GET /robots.txt HTTP/1.1" 404 796 "-" "Mozilla/5.0 (compatible; SERankingBacklinksBot/1.0; +https://seranking.com/backlinks-crawler)"
144.76.19.157 - - [05/Aug/2026:21:59:19 +0330] "GET /?ND HTTP/1.1" 200 1363 "-" "Mozilla/5.0 (compatible; SERankingBacklinksBot/1.0; +https://seranking.com/backlinks-crawler)"
144.76.19.157 - - [05/Aug/2026:22:00:07 +0330] "GET /?SA HTTP/1.1" 200 1366 "-" "Mozilla/5.0 (compatible; SERankingBacklinksBot/1.0; +https://seranking.com/backlinks-crawler)"
144.76.19.157 - - [05/Aug/2026:22:01:47 +0330] "GET /robots.txt HTTP/1.1" 404 796 "-" "Mozilla/5.0 (compatible; SERankingBacklinksBot/1.0; +https://seranking.com/backlinks-crawler)"
66.249.74.69 - - [06/Aug/2026:00:29:28 +0330] "GET /tag/intel/ HTTP/1.1" 404 796 "-" "Mozilla/5.0 (Linux; Android 6.0.1; Nexus 5X Build/MMB29P) AppleWebKit/537.36 (KHTML, like Gecko) Chrome/150.0.7871.186 Mobile Safari/537.36 (compatible; Googlebot/2.1; +http://www.google.com/bot.html)"
144.76.19.157 - - [06/Aug/2026:00:58:26 +0330] "GET /robots.txt HTTP/1.1" 404 796 "-" "Mozilla/5.0 (compatible; SERankingBacklinksBot/1.0; +https://seranking.com/backlinks-crawler)"
66.249.74.68 - - [06/Aug/2026:01:16:42 +0330] "GET /product/%D9%87%D8%AF%D8%B3%D8%AA-%D8%A7%DB%8C-%D9%81%D9%88%D8%B1%D8%AA%DA%A9-%D9%85%D8%AF%D9%84-a4tech-hu-7p-usb/ HTTP/1.1" 404 796 "-" "Mozilla/5.0 (Linux; Android 6.0.1; Nexus 5X Build/MMB29P) AppleWebKit/537.36 (KHTML, like Gecko) Chrome/150.0.7871.186 Mobile Safari/537.36 (compatible; Googlebot/2.1; +http://www.google.com/bot.html)"
66.249.74.68 - - [06/Aug/2026:01:44:15 +0330] "GET /product/%D9%BE%D8%B1%D8%AF%D8%A7%D8%B2%D9%86%D8%AF%D9%87-%D8%A8%D8%AF%D9%88%D9%86-%D8%A8%D8%A7%DA%A9%D8%B3-%D8%A7%DB%8C%D9%86%D8%AA%D9%84-%D9%85%D8%AF%D9%84-core-i9-13900k-tray/ HTTP/1.1" 404 796 "-" "Mozilla/5.0 (Linux; Android 6.0.1; Nexus 5X Build/MMB29P) AppleWebKit/537.36 (KHTML, like Gecko) Chrome/150.0.7871.186 Mobile Safari/537.36 (compatible; Googlebot/2.1; +http://www.google.com/bot.html)"
136.124.34.182 - - [06/Aug/2026:01:51:23 +0330] "GET / HTTP/1.1" 200 1375 "-" "Mozilla/5.0 (Macintosh; Intel Mac OS X 10_13_4) AppleWebKit/605.1.15 (KHTML, like Gecko) Version/11.1 Safari/605.1.15"
66.249.74.69 - - [06/Aug/2026:01:53:21 +0330] "GET /product/%D8%AE%D9%86%DA%A9-%DA%A9%D9%86%D9%86%D8%AF%D9%87-%D9%85%D8%A7%DB%8C%D8%B9-%D8%AF%DB%8C%D9%BE-%DA%A9%D9%88%D9%84-%D9%85%D8%AF%D9%84-ls520-se-wh/ HTTP/1.1" 404 796 "-" "Mozilla/5.0 (Linux; Android 6.0.1; Nexus 5X Build/MMB29P) AppleWebKit/537.36 (KHTML, like Gecko) Chrome/150.0.7871.186 Mobile Safari/537.36 (compatible; Googlebot/2.1; +http://www.google.com/bot.html)"
140.245.97.208 - - [05/Aug/2026:21:54:13 +0330] "GET /_profiler/phpinfo HTTP/1.1" 404 796 "-" "Mozilla/5.0 (Macintosh; Intel Mac OS X 10_10_1) AppleWebKit/537.36 (KHTML, like Gecko) Chrome/39.0.2171.95 Safari/537.36"
144.76.19.157 - - [05/Aug/2026:21:56:56 +0330] "GET /robots.txt HTTP/1.1" 404 796 "-" "Mozilla/5.0 (compatible; SERankingBacklinksBot/1.0; +https://seranking.com/backlinks-crawler)"
144.76.19.157 - - [05/Aug/2026:21:56:57 +0330] "GET /?MA HTTP/1.1" 200 1364 "-" "Mozilla/5.0 (compatible; SERankingBacklinksBot/1.0; +https://seranking.com/backlinks-crawler)"
144.76.19.157 - - [05/Aug/2026:22:01:47 +0330] "GET /error_log HTTP/1.1" 403 787 "-" "Mozilla/5.0 (compatible; SERankingBacklinksBot/1.0; +https://seranking.com/backlinks-crawler)"
66.249.74.69 - - [05/Aug/2026:22:17:54 +0330] "GET /brand/raidmax/feed/ HTTP/1.1" 404 796 "-" "Mozilla/5.0 (Linux; Android 6.0.1; Nexus 5X Build/MMB29P) AppleWebKit/537.36 (KHTML, like Gecko) Chrome/150.0.7871.186 Mobile Safari/537.36 (compatible; Googlebot/2.1; +http://www.google.com/bot.html)"
144.76.19.157 - - [06/Aug/2026:00:55:05 +0330] "GET /wp-content/ HTTP/1.1" 200 20 "-" "Mozilla/5.0 (compatible; SERankingBacklinksBot/1.0; +https://seranking.com/backlinks-crawler)"
66.249.74.68 - - [06/Aug/2026:01:10:55 +0330] "GET /%DA%A9%D9%85%D9%84%DB%8C%D9%88%D9%86-%DB%8C%D8%A7-%D8%AF%D9%88%D8%B1%D8%A7%D8%B3%D9%84%D8%9F-%D9%85%D9%82%D8%A7%DB%8C%D8%B3%D9%87-%D8%AF%D9%88-%D8%A8%D8%B1%D9%86%D8%AF-%D9%85%D8%B9%D8%B1%D9%88%D9%81/ HTTP/1.1" 404 796 "-" "Mozilla/5.0 (Linux; Android 6.0.1; Nexus 5X Build/MMB29P) AppleWebKit/537.36 (KHTML, like Gecko) Chrome/150.0.7871.186 Mobile Safari/537.36 (compatible; Googlebot/2.1; +http://www.google.com/bot.html)"
66.249.74.68 - - [06/Aug/2026:01:20:55 +0330] "GET /%D8%A8%D8%B1%D8%B1%D8%B3%DB%8C-%D8%AA%D8%AE%D8%B5%D8%B5%DB%8C-%D8%A8%D8%A7%D8%AA%D8%B1%DB%8C-%D8%AA%D9%84%D9%81%D9%86-%D8%A8%DB%8C%D8%B3%DB%8C%D9%85-%DA%A9%D9%85%D9%84%DB%8C%D9%88%D9%86/ HTTP/1.1" 404 796 "-" "Mozilla/5.0 (Linux; Android 6.0.1; Nexus 5X Build/MMB29P) AppleWebKit/537.36 (KHTML, like Gecko) Chrome/150.0.7871.186 Mobile Safari/537.36 (compatible; Googlebot/2.1; +http://www.google.com/bot.html)"
66.249.74.67 - - [06/Aug/2026:01:30:56 +0330] "GET /brand/wd/ HTTP/1.1" 404 796 "-" "Mozilla/5.0 (Linux; Android 6.0.1; Nexus 5X Build/MMB29P) AppleWebKit/537.36 (KHTML, like Gecko) Chrome/150.0.7871.186 Mobile Safari/537.36 (compatible; Googlebot/2.1; +http://www.google.com/bot.html)"
136.124.34.182 - - [06/Aug/2026:01:51:22 +0330] "GET / HTTP/1.1" 200 1375 "-" "Mozilla/5.0 (Windows NT 10.0; Win64; x64) AppleWebKit/537.36 (KHTML, like Gecko) Chrome/58.0.3029.110 Safari/537.36 Edge/16.16299"
66.249.74.67 - - [06/Aug/2026:02:14:17 +0330] "GET /%D8%B1%D8%A7%D9%87%D9%87%D8%A7%DB%8C-%D8%AC%D9%84%D9%88%DA%AF%DB%8C%D8%B1%DB%8C-%D8%A7%D8%B2-%D8%AE%D8%B1%D8%A7%D8%A8%DB%8C-%D9%87%D8%A7%D8%B1%D8%AF-%D8%AF%DB%8C%D8%B3%DA%A9/ HTTP/1.1" 404 796 "-" "Mozilla/5.0 (Linux; Android 6.0.1; Nexus 5X Build/MMB29P) AppleWebKit/537.36 (KHTML, like Gecko) Chrome/150.0.7871.186 Mobile Safari/537.36 (compatible; Googlebot/2.1; +http://www.google.com/bot.html)"
66.249.74.69 - - [06/Aug/2026:02:26:10 +0330] "GET /tag/%DA%A9%D8%A7%D8%B1%D8%AA-%DA%AF%D8%B1%D8%A7%D9%81%DB%8C%DA%A9-asus-rog-strix-rtx-4090-oc/ HTTP/1.1" 404 796 "-" "Mozilla/5.0 (Linux; Android 6.0.1; Nexus 5X Build/MMB29P) AppleWebKit/537.36 (KHTML, like Gecko) Chrome/150.0.7871.186 Mobile Safari/537.36 (compatible; Googlebot/2.1; +http://www.google.com/bot.html)"
66.249.74.67 - - [06/Aug/2026:02:37:21 +0330] "GET /tag/%DA%AF%D8%AC%D8%AA/ HTTP/1.1" 404 796 "-" "Mozilla/5.0 (Linux; Android 6.0.1; Nexus 5X Build/MMB29P) AppleWebKit/537.36 (KHTML, like Gecko) Chrome/150.0.7871.186 Mobile Safari/537.36 (compatible; Googlebot/2.1; +http://www.google.com/bot.html)"
140.245.97.208 - - [05/Aug/2026:21:54:13 +0330] "GET /app_dev.php/_profiler/open?file=app/config/parameters.yml HTTP/1.1" 404 796 "-" "Mozilla/5.0 (Macintosh; Intel Mac OS X 10_10_1) AppleWebKit/537.36 (KHTML, like Gecko) Chrome/39.0.2171.95 Safari/537.36"
140.245.97.208 - - [05/Aug/2026:21:54:13 +0330] "GET /app_dev.php/_profiler HTTP/1.1" 404 796 "-" "Mozilla/5.0 (Macintosh; Intel Mac OS X 10_10_1) AppleWebKit/537.36 (KHTML, like Gecko) Chrome/39.0.2171.95 Safari/537.36"
140.245.97.208 - - [05/Aug/2026:21:54:13 +0330] "GET /web/app_dev.php/_profiler/open?file=app/config/parameters.yml HTTP/1.1" 404 796 "-" "Mozilla/5.0 (Macintosh; Intel Mac OS X 10_10_1) AppleWebKit/537.36 (KHTML, like Gecko) Chrome/39.0.2171.95 Safari/537.36"
187.249.112.221 - - [05/Aug/2026:23:43:41 +0330] "GET /wp-json/wp/v2/posts HTTP/1.1" 404 796 "-" "Mozilla/5.0 (Windows NT 10.0; Win64; x64) AppleWebKit/537.36 (KHTML, like Gecko) Chrome/120.0.0.0 Safari/537.36"
66.249.74.67 - - [06/Aug/2026:00:48:13 +0330] "GET /tag/%D8%A2%D9%86%D8%AA%DB%8C-%D9%88%DB%8C%D8%B1%D9%88%D8%B3/ HTTP/1.1" 404 796 "-" "Mozilla/5.0 (Linux; Android 6.0.1; Nexus 5X Build/MMB29P) AppleWebKit/537.36 (KHTML, like Gecko) Chrome/150.0.7871.186 Mobile Safari/537.36 (compatible; Googlebot/2.1; +http://www.google.com/bot.html)"
144.76.19.157 - - [06/Aug/2026:00:55:05 +0330] "GET /robots.txt HTTP/1.1" 404 796 "-" "Mozilla/5.0 (compatible; SERankingBacklinksBot/1.0; +https://seranking.com/backlinks-crawler)"
144.76.19.157 - - [06/Aug/2026:00:58:26 +0330] "GET /BDKR28WP.php HTTP/1.1" 200 20 "-" "Mozilla/5.0 (compatible; SERankingBacklinksBot/1.0; +https://seranking.com/backlinks-crawler)"
144.76.19.157 - - [06/Aug/2026:02:27:44 +0330] "GET /filefuns.php HTTP/1.1" 500 20 "-" "Mozilla/5.0 (compatible; SERankingBacklinksBot/1.0; +https://seranking.com/backlinks-crawler)"
66.249.74.68 - - [06/Aug/2026:02:52:44 +0330] "GET /product-tag/%D8%A7%D8%B3-%D8%A7%D8%B3-%D8%AF%DB%8C/?per_row=2&shop_view=grid&stock_status=onsale HTTP/1.1" 404 796 "-" "Mozilla/5.0 (Linux; Android 6.0.1; Nexus 5X Build/MMB29P) AppleWebKit/537.36 (KHTML, like Gecko) Chrome/150.0.7871.186 Mobile Safari/537.36 (compatible; Googlebot/2.1; +http://www.google.com/bot.html)"
140.245.97.208 - - [05/Aug/2026:21:54:13 +0330] "GET /phpinfo.php HTTP/1.1" 404 796 "-" "Mozilla/5.0 (Macintosh; Intel Mac OS X 10_10_1) AppleWebKit/537.36 (KHTML, like Gecko) Chrome/39.0.2171.95 Safari/537.36"
66.249.74.68 - - [05/Aug/2026:22:23:00 +0330] "GET /%D8%B1%D8%A7%D9%87%D9%86%D9%85%D8%A7%DB%8C-%D8%AE%D8%B1%DB%8C%D8%AF-%D8%B4%D8%A7%D8%B1%DA%98%D8%B1-%D8%A8%D8%A7%D8%AA%D8%B1%DB%8C-%D9%85%D9%86%D8%A7%D8%B3%D8%A8/feed/ HTTP/1.1" 404 796 "-" "Mozilla/5.0 (Linux; Android 6.0.1; Nexus 5X Build/MMB29P) AppleWebKit/537.36 (KHTML, like Gecko) Chrome/150.0.7871.186 Mobile Safari/537.36 (compatible; Googlebot/2.1; +http://www.google.com/bot.html)"
66.249.74.67 - - [05/Aug/2026:22:27:07 +0330] "GET /product-tag/%D8%AE%D9%86%DA%A9-%DA%A9%D9%86%D9%86%D8%AF%D9%87-%D9%85%D8%A7%DB%8C%D8%B9/?stock_status=instock HTTP/1.1" 404 796 "-" "Mozilla/5.0 (Linux; Android 6.0.1; Nexus 5X Build/MMB29P) AppleWebKit/537.36 (KHTML, like Gecko) Chrome/150.0.7871.186 Mobile Safari/537.36 (compatible; Googlebot/2.1; +http://www.google.com/bot.html)"
66.249.74.67 - - [06/Aug/2026:00:38:55 +0330] "GET /shop/page/17/ HTTP/1.1" 404 796 "-" "Mozilla/5.0 (Linux; Android 6.0.1; Nexus 5X Build/MMB29P) AppleWebKit/537.36 (KHTML, like Gecko) Chrome/150.0.7871.186 Mobile Safari/537.36 (compatible; Googlebot/2.1; +http://www.google.com/bot.html)"
66.249.74.68 - - [06/Aug/2026:01:40:58 +0330] "GET /brand/msi/ HTTP/1.1" 404 796 "-" "Mozilla/5.0 (Linux; Android 6.0.1; Nexus 5X Build/MMB29P) AppleWebKit/537.36 (KHTML, like Gecko) Chrome/150.0.7871.186 Mobile Safari/537.36 (compatible; Googlebot/2.1; +http://www.google.com/bot.html)"
66.249.74.67 - - [06/Aug/2026:02:45:03 +0330] "GET /product/%D8%A7%D8%B3-%D8%A7%D8%B3-%D8%AF%DB%8C-%D8%A7%DB%8C%D9%86%D8%AA%D8%B1%D9%86%D8%A7%D9%84-%D8%A7%D9%81-%D8%AF%DB%8C-%DA%A9%DB%8C-%D9%85%D8%AF%D9%84-fdk-sata-ssd-480gb/ HTTP/1.1" 404 796 "-" "Mozilla/5.0 (Linux; Android 6.0.1; Nexus 5X Build/MMB29P) AppleWebKit/537.36 (KHTML, like Gecko) Chrome/150.0.7871.186 Mobile Safari/537.36 (compatible; Googlebot/2.1; +http://www.google.com/bot.html)"
66.249.74.67 - - [06/Aug/2026:02:48:52 +0330] "GET /product-tag/%D8%A7%D8%B3-%D8%A7%D8%B3-%D8%AF%DB%8C/?per_row=2&shop_view=grid&stock_status=instock HTTP/1.1" 404 796 "-" "Mozilla/5.0 (Linux; Android 6.0.1; Nexus 5X Build/MMB29P) AppleWebKit/537.36 (KHTML, like Gecko) Chrome/150.0.7871.186 Mobile Safari/537.36 (compatible; Googlebot/2.1; +http://www.google.com/bot.html)"
66.249.74.68 - - [06/Aug/2026:02:18:06 +0330] "GET /tag/%D8%B9%D9%84%D8%AA-%D8%AE%D8%A7%D9%85%D9%88%D8%B4-%D8%B4%D8%AF%D9%86-%D9%84%D9%BE-%D8%AA%D8%A7%D9%BE/ HTTP/1.1" 404 796 "-" "Mozilla/5.0 (Linux; Android 6.0.1; Nexus 5X Build/MMB29P) AppleWebKit/537.36 (KHTML, like Gecko) Chrome/150.0.7871.186 Mobile Safari/537.36 (compatible; Googlebot/2.1; +http://www.google.com/bot.html)"
144.76.19.157 - - [06/Aug/2026:02:27:44 +0330] "GET /robots.txt HTTP/1.1" 404 796 "-" "Mozilla/5.0 (compatible; SERankingBacklinksBot/1.0; +https://seranking.com/backlinks-crawler)"
66.249.74.69 - - [06/Aug/2026:03:00:24 +0330] "GET /tag/ultra-9/ HTTP/1.1" 404 796 "-" "Mozilla/5.0 (Linux; Android 6.0.1; Nexus 5X Build/MMB29P) AppleWebKit/537.36 (KHTML, like Gecko) Chrome/150.0.7871.186 Mobile Safari/537.36 (compatible; Googlebot/2.1; +http://www.google.com/bot.html)"